{"id":5635,"date":"2022-05-02T09:07:52","date_gmt":"2022-05-02T12:07:52","guid":{"rendered":"https:\/\/www.ufmg.br\/95anos\/?page_id=5635"},"modified":"2022-07-01T11:22:10","modified_gmt":"2022-07-01T14:22:10","slug":"historia-da-ufmg","status":"publish","type":"page","link":"https:\/\/www.ufmg.br\/95anos\/historia-da-ufmg\/","title":{"rendered":"Hist\u00f3ria da UFMG"},"content":{"rendered":"\n<p>Mais antiga universidade de Minas Gerais, a origem da UFMG se entrela\u00e7a com a hist\u00f3ria das primeiras institui\u00e7\u00f5es de ensino superior do Estado. Criada em 7 de setembro de 1927 com o nome de Universidade de Minas Gerais (UMG) \u2013 institui\u00e7\u00e3o privada e subsidiada pelo Estado \u2013, sua funda\u00e7\u00e3o decorreu da uni\u00e3o de quatro escolas de n\u00edvel superior ent\u00e3o existentes em Belo Horizonte: a Faculdade de Direito (criada em 1892 em Ouro Preto e transferida para a atual capital em 1898), a Escola Livre de Odontologia (1907), a Faculdade de Medicina (1911) e a Escola de Engenharia (1911).<\/p>\n\n\n\n<p>Na segunda metade dos anos 1940, a UMG ampliou-se consideravelmente, no plano acad\u00eamico, com a incorpora\u00e7\u00e3o de diversas escolas livres criadas em Belo Horizonte, posteriormente \u00e0 funda\u00e7\u00e3o da Universidade: a de Arquitetura, em 1946, e as Escolas Livres de Filosofia, Ci\u00eancias e Letras e de Ci\u00eancias Econ\u00f4micas e Administrativas, em 1948. Em 1949, houve a federaliza\u00e7\u00e3o da UMG, mas nome e sigla permaneceram inalterados. No ano seguinte, ocorreu a incorpora\u00e7\u00e3o da Escola de Enfermagem.&nbsp;<\/p>\n\n\n\n<p>Nos anos&nbsp; 1960, a UMG sofreria profundas transforma\u00e7\u00f5es. Na primeira metade da d\u00e9cada, houve um expressivo programa de expans\u00e3o, com a incorpora\u00e7\u00e3o da Escola de Veterin\u00e1ria, em 1961, do Conservat\u00f3rio Mineiro de M\u00fasica \u2013 que daria origem \u00e0 Escola de M\u00fasica \u2013, em 1962, da Escola de Biblioteconomia \u2013 atual Escola de Ci\u00eancia da Informa\u00e7\u00e3o \u2013, em 1963, e, no mesmo ano, a cria\u00e7\u00e3o da Escola de Belas Artes.<\/p>\n\n\n\n<p>Em 1962, \u00e9 inaugurado o Pr\u00e9dio da Reitoria, no campus Pampulha<strong>.<\/strong> O nome Universidade Federal de Minas Gerais foi adotado em 1965. Por determina\u00e7\u00e3o do Governo Federal, a institui\u00e7\u00e3o passa a ser pessoa jur\u00eddica de direito p\u00fablico, de ensino gratuito, mantida pela Uni\u00e3o, dotada de autonomia did\u00e1tico-cient\u00edfica, administrativa, disciplinar e de gest\u00e3o financeira e patrimonial.<\/p>\n\n\n\n<p>Em 1968, o plano de reforma da UFMG, por meio do decreto n\u00ba 62.317, autoriza o desmembramento da Faculdade de Filosofia nas unidades Faculdade de Filosofia e Ci\u00eancias Humanas (Fafich), Faculdade de Educa\u00e7\u00e3o, Faculdade de Letras (Fale), Instituto de Ci\u00eancias Exatas (ICEx), Instituto de Ci\u00eancias Biol\u00f3gicas (ICB) e Instituto de Geoci\u00eancias (IGC). No mesmo ano, o decreto 63.416 transfere o Col\u00e9gio Agr\u00edcola Ant\u00f4nio Versiani Athayde de Montes Claros, criado pelo Minist\u00e9rio da Agricultura em 1964, &#8211; atual Instituto de Ci\u00eancias Agr\u00e1rias (ICA) &#8211; para a UFMG.<\/p>\n\n\n\n<p>O Conselho Universit\u00e1rio aprova, em 1969, o Plano Diretor, que possibilita o in\u00edcio da constru\u00e7\u00e3o de unidades como o Instituto de Ci\u00eancias Biol\u00f3gicas, a Biblioteca Central, o Centro Pedag\u00f3gico e o Col\u00e9gio T\u00e9cnico. Ainda naquele ano, a Escola de Educa\u00e7\u00e3o F\u00edsica \u00e9 anexada \u00e0 Universidade.<\/p>\n\n\n\n<p>O Centro de Computa\u00e7\u00e3o (Cecom)&nbsp; e o Centro Esportivo Universit\u00e1rio (CEU) s\u00e3o criados em 1971. J\u00e1 no fim da d\u00e9cada, em 1978, o Governo da Rep\u00fablica Federal da Alemanha entrega oficialmente \u00e0 UFMG o Instituto Eschwege, com sede em Diamantina \u2013 hoje, Instituto Casa da Gl\u00f3ria; o governador de Minas Gerais, Ozanam Coelho, autoriza doa\u00e7\u00e3o \u00e0 UFMG do terreno do Museu de Hist\u00f3ria Natural e Jardim Bot\u00e2nico, no bairro Horto, em Belo Horizonte.<\/p>\n\n\n\n<p>O Pr\u00e9dio da Biblioteca Central foi inaugurado em 1981, no campus Pampulha, e a Editora UFMG, criada em 1985. Em 1988, a Esta\u00e7\u00e3o Ecol\u00f3gica \u00e9 incorporada \u00e0 Universidade. O Plano de Metas e Objetivos, respons\u00e1vel por in\u00fameras obras nos campi Sa\u00fade e Pampulha, \u00e9 implementado. O Centro Cultural UFMG foi inaugurado em 1989, no pr\u00e9dio que abrigava as instala\u00e7\u00f5es da Escola de Engenharia, na Pra\u00e7a Rui Barbosa (Pra\u00e7a da Esta\u00e7\u00e3o), na capital.<\/p>\n\n\n\n<p>Em 1990, a Fafich \u00e9 transferida para o campus Pampulha, onde tamb\u00e9m s\u00e3o inaugurados o novo pr\u00e9dio da Escola de Ci\u00eancia da Informa\u00e7\u00e3o e o Centro de Desenvolvimento da Crian\u00e7a \u2013 hoje municipalizado como Escola Municipal de Educa\u00e7\u00e3o Infantil (Emei) Ala\u00edde Lisboa.<\/p>\n\n\n\n<p>A Fazenda Modelo da UFMG, em Pedro Leopoldo, na Regi\u00e3o Metropolitana de Belo Horizonte,<strong> <\/strong>\u00e9<strong> <\/strong>incorporada \u00e0 Escola de Veterin\u00e1ria em 1993. No mesmo ano, a Imprensa Universit\u00e1ria ganha novo pr\u00e9dio, no campus Pampulha. Em 1994, come\u00e7a a funcionar a Pra\u00e7a de Servi\u00e7os e, em 1997, o novo pr\u00e9dio da Escola de M\u00fasica.<\/p>\n\n\n\n<p>Em 1999, a UFMG inicia a constru\u00e7\u00e3o da Moradia Universit\u00e1ria, no bairro Ouro Preto. No mesmo ano, \u00e9 criado o Instituto de Estudos Avan\u00e7ados Transdisciplinares (Ieat).<\/p>\n\n\n\n<p>No ano 2000, o Conservat\u00f3rio UFMG \u00e9 inaugurado no pr\u00e9dio antes ocupado pela Escola de M\u00fasica, na avenida Afonso Pena, regi\u00e3o central de Belo Horizonte.<\/p>\n\n\n\n<p>A d\u00e9cada \u00e9 marcada pela implementa\u00e7\u00e3o do Projeto Campus 2000, com o objetivo de ampliar a integra\u00e7\u00e3o das unidades acad\u00eamicas, modernizar e consolidar o campus Pampulha. Em 2001, s\u00e3o inaugurados os pr\u00e9dios da primeira etapa da Moradia Universit\u00e1ria.<\/p>\n\n\n\n<p>Em 2002, o Hospital das Cl\u00ednicas inaugurou o Instituto Alfa de Gastroenterologia, o mais moderno da \u00e1rea na Am\u00e9rica Latina, viabilizado com a doa\u00e7\u00e3o feita pelo banqueiro Aloysio de Andrade Faria, egresso do curso de Medicina da UFMG.<\/p>\n\n\n\n<p>Em 2003, a UFMG entrega obras do Hospital Borges da Costa, inaugura a nova sede da Faculdade de Educa\u00e7\u00e3o e o Acervo de Escritores Mineiros, na Biblioteca Central. O pr\u00e9dio da Reitoria \u00e9 tombado pelo Patrim\u00f4nio de Belo Horizonte.<\/p>\n\n\n\n<p>A Faculdade de Farm\u00e1cia \u00e9 transferida de sua sede, na esquina das avenidas do Contorno e Oleg\u00e1rio Maciel, para o campus Pampulha em 2004. No mesmo ano, tamb\u00e9m foi conclu\u00eddo o anexo do Departamento de Qu\u00edmica. As obras da Faculdade de Ci\u00eancias Econ\u00f4micas (Face) e da Escola de Engenharia, no campus Pampulha, s\u00e3o iniciadas, e o Hospital Veterin\u00e1rio tem o espa\u00e7o f\u00edsico ampliado.<\/p>\n\n\n\n<p>Em 2005, o Observat\u00f3rio Astron\u00f4mico Frei Ros\u00e1rio, na Serra da Piedade, adquire um planet\u00e1rio m\u00f3vel, equipamento que projeta astros em telas semiesf\u00e9ricas. No mesmo ano, come\u00e7a a constru\u00e7\u00e3o do Centro de Microscopia Eletr\u00f4nica e o anexo da Escola de Educa\u00e7\u00e3o F\u00edsica, Fisioterapia e Terapia Ocupacional \u00e9 inaugurado.<\/p>\n\n\n\n<p>No ano de 2006, a Escola de Enfermagem, no campus Sa\u00fade, inaugura pr\u00e9dio para abrigar laborat\u00f3rios e o curso de Nutri\u00e7\u00e3o. A UFMG assume a gest\u00e3o do Hospital Universit\u00e1rio Risoleta Tolentino Neves, na regi\u00e3o de Venda Nova. A Moradia Universit\u00e1ria \u00e9 inaugurada no bairro Ouro Preto. O campus Pampulha recebe o Centro de Apoio \u00e0 Educa\u00e7\u00e3o a Dist\u00e2ncia, o Centro de Musicaliza\u00e7\u00e3o Infantil, o Centro de Microscopia Eletr\u00f4nica e o Centro de Experimenta\u00e7\u00e3o da Escola de Engenharia.&nbsp;<\/p>\n\n\n\n<p>Em 2007, a UFMG aprova a ades\u00e3o ao Plano de Reestrutura\u00e7\u00e3o e Expans\u00e3o das Universidades Federais (Reuni). A primeira etapa do complexo da Escola de Engenharia \u00e9 inaugurada no campus Pampulha, e o Hospital das Cl\u00ednicas amplia o Ambulat\u00f3rio S\u00e3o Vicente.<\/p>\n\n\n\n<p>No ano seguinte, 2008, a Faculdade de Ci\u00eancias Econ\u00f4micas (Face) \u00e9 transferida para o campus Pampulha. O Parque Tecnol\u00f3gico de Belo Horizonte (BH-Tec) \u2013\u00a0 parceria entre a UFMG, o Governo do Estado de Minas Gerais, a Prefeitura de Belo Horizonte, a Federa\u00e7\u00e3o das Ind\u00fastrias de Minas Gerais (Fiemg) e o Servi\u00e7o Brasileiro de Apoio \u00e0s Micro e Pequenas Empresas de Minas Gerais (Sebrae-MG) \u2013 obt\u00e9m licenciamento, e as obras do seu pr\u00e9dio institucional s\u00e3o iniciadas.O complexo de 12 pr\u00e9dios da Escola de Engenharia foi inaugurado no campus Pampulha em 2010. No campus regional de Montes Claros, o ICA inaugura a Moradia, o Acervo do Sert\u00e3o na biblioteca e uma livraria. Em Tiradentes, na regi\u00e3o do Campo das Vertentes, em Minas Gerais, s\u00e3o inauguradas as primeiras instala\u00e7\u00f5es do Campus Cultural.<\/p>\n\n\n\n<p>Na Pra\u00e7a da Liberdade, em Belo Horizonte, come\u00e7a a funcionar o Espa\u00e7o do Conhecimento UFMG . Obras resultantes da ades\u00e3o ao Reuni, o Centro de Atividades Did\u00e1ticas de Ci\u00eancias Naturais (CAD 1) e o Centro de Atividades Did\u00e1ticas de Ci\u00eancias Humanas (CAD 2) s\u00e3o entregues em 2011.<\/p>\n\n\n\n<p>Em 2015,<strong> <\/strong>o<strong> <\/strong>Centro de Treinamento Esportivo<strong> <\/strong>(CTE UFMG) \u00e9 escolhido pela sele\u00e7\u00e3o brit\u00e2nica como local de treinos para os Jogos Ol\u00edmpicos e Paral\u00edmpicos Rio 2016. O Anexo U do Instituto de Ci\u00eancias Exatas da UFMG \u00e9 inaugurado e passa a receber a maior parte das atividades do Departamento de Ci\u00eancia da Comunica\u00e7\u00e3o (DCC).<\/p>\n\n\n\n<p>Em parceria com a Funda\u00e7\u00e3o Oswaldo Cruz (Fiocruz), o Centro de Tecnologia de Vacinas e Diagn\u00f3stico (CT Vacinas), sediado no BH-TEC, \u00e9 criado em 2016, como parte do Instituto Nacional de Ci\u00eancia e Tecnologia (INCT) de Vacinas.<\/p>\n\n\n\n<p>No Departamento de Computa\u00e7\u00e3o (DCC) do Instituto de Ci\u00eancias Exatas (ICEx) \u00e9 criada a <a href=\"https:\/\/embrapii.org.br\/unidades\/unidade-embrapii-de-software-para-sistemas-ciberfisicos-dcc-departamento-de-ciencia-da-computacao-da-universidade-federal-de-minas-gerais\/\">Unidade Embrapii-UFMG Softwares para Sistemas Ciberf\u00edsicos<\/a>, da Empresa Brasileira de Pesquisa e Inova\u00e7\u00e3o Industrial.<\/p>\n\n\n\n<p>No anivers\u00e1rio de 90 anos da UFMG, em 2017, o campus Pampulha sedia a 69\u00aa Reuni\u00e3o Anual da Sociedade Brasileira para o Progresso da Ci\u00eancia (SBPC), o maior evento cient\u00edfico da Am\u00e9rica Latina.<\/p>\n\n\n\n<p>A inaugura\u00e7\u00e3o do Centro de Atividades Did\u00e1ticas 3 (CAD 3), no campus Pampulha, destinado principalmente a atividades das Ci\u00eancias Exatas, das Ci\u00eancias da Terra e das Engenharias, ocorre em 2018, ano em que tamb\u00e9m \u00e9 inaugurada a terceira unidade de Moradia Universit\u00e1ria, no bairro Ouro Preto.<\/p>\n\n\n\n<p>Em 2019, o Centro de Tecnologia em Nanomateriais e Grafeno (CTNano\/UFMG), inaugura sua nova sede, no BH-TEC.<\/p>\n\n\n\n<p>No mesmo ano, como resultado dos esfor\u00e7os de internacionaliza\u00e7\u00e3o da UFMG, s\u00e3o criados o Centro de Estudos Norte-americanos, para fortalecer a coopera\u00e7\u00e3o com os Estados Unidos e o Canad\u00e1, e o Centro de Excel\u00eancia Jean Monnet, vinculado ao Centro de Estudos Europeus.<\/p>\n\n\n\n<p>Ainda em 2019, A Escola de Educa\u00e7\u00e3o F\u00edsica, Fisioterapia e Terapia Ocupacional (EEFFTO) inaugura as instala\u00e7\u00f5es dos laborat\u00f3rios de An\u00e1lise do Movimento (LAM) e de Estudos da Dor, Inflama\u00e7\u00e3o, Reabilita\u00e7\u00e3o e Envelhecimento (Ladire).<\/p>\n\n\n\n<p>No ano de 2020, marcado pelo advento da pandemia da covid-19, a UFMG estrutura o Programa de Cooperativa de Laborat\u00f3rios (CooLabs), respons\u00e1vel por um ter\u00e7o dos testes diagn\u00f3sticos da doen\u00e7a realizados em Minas Gerais, entre dezenas de outras iniciativas em resposta \u00e0 situa\u00e7\u00e3o de emerg\u00eancia sanit\u00e1ria.<\/p>\n\n\n\n<p>No m\u00eas de junho, um inc\u00eandio destruiu parte do acervo do Museu de Hist\u00f3ria Natural e Jardim Bot\u00e2nico. A campanha #RenasceMuseu \u00e9 lan\u00e7ada para arrecadar recursos para viabilizar a estrutura\u00e7\u00e3o de uma plataforma virtual, p\u00fablica e gratuita, com informa\u00e7\u00f5es e imagens dos acervos afetados pelo inc\u00eandio.<\/p>\n\n\n\n<p>Em 2021, um acordo entre a UFMG, o Minist\u00e9rio da Ci\u00eancia, Tecnologia e Inova\u00e7\u00f5es (MCTI) e o governo de Minas abre caminho para transforma\u00e7\u00e3o do CTVacinas no Centro Nacional de Vacinas. No CTVacinas, s\u00e3o desenvolvidos os testes do imunizante SpiN-TEC, contra a covid-19, uma das candidatas vacinais em est\u00e1gio mais avan\u00e7ado no pa\u00eds. No mesmo ano, \u00e9 aprovada a implanta\u00e7\u00e3o de novas unidades da Embrapii na UFMG, uma de desenvolvimento e inova\u00e7\u00e3o no setor industrial automobil\u00edstico e outra de f\u00e1rmacos e vacinas.<\/p>\n\n\n\n<p>Ainda em 2021, o Anexo 3A do Departamento de Qu\u00edmica, complexo de 39 laborat\u00f3rios de pesquisa vinculado ao Instituto de Ci\u00eancias Exatas (ICEx), \u00e9 inaugurado no campus Pampulha.<\/p>\n\n\n\n<p>Em 2022, o Parque Tecnol\u00f3gico de Belo Horizonte (BH-TEC) passou a abrigar uma f\u00e1brica de nanossolu\u00e7\u00f5es, spin-off que vai desenvolver nanosc\u00f3pios de alta resolu\u00e7\u00e3o. No campo da sustentabilidade, tr\u00eas usinas fotovoltaicas come\u00e7am a operar nos tr\u00eas centros de atividades did\u00e1ticas (CADs) da UFMG.<\/p>\n","protected":false},"excerpt":{"rendered":"<p>Mais antiga universidade de Minas Gerais, a origem da UFMG [&hellip;]<\/p>\n","protected":false},"author":1,"featured_media":0,"parent":0,"menu_order":0,"comment_status":"closed","ping_status":"closed","template":"","meta":[],"_links":{"self":[{"href":"https:\/\/www.ufmg.br\/95anos\/wp-json\/wp\/v2\/pages\/5635"}],"collection":[{"href":"https:\/\/www.ufmg.br\/95anos\/wp-json\/wp\/v2\/pages"}],"about":[{"href":"https:\/\/www.ufmg.br\/95anos\/wp-json\/wp\/v2\/types\/page"}],"author":[{"embeddable":true,"href":"https:\/\/www.ufmg.br\/95anos\/wp-json\/wp\/v2\/users\/1"}],"replies":[{"embeddable":true,"href":"https:\/\/www.ufmg.br\/95anos\/wp-json\/wp\/v2\/comments?post=5635"}],"version-history":[{"count":3,"href":"https:\/\/www.ufmg.br\/95anos\/wp-json\/wp\/v2\/pages\/5635\/revisions"}],"predecessor-version":[{"id":6262,"href":"https:\/\/www.ufmg.br\/95anos\/wp-json\/wp\/v2\/pages\/5635\/revisions\/6262"}],"wp:attachment":[{"href":"https:\/\/www.ufmg.br\/95anos\/wp-json\/wp\/v2\/media?parent=5635"}],"curies":[{"name":"wp","href":"https:\/\/api.w.org\/{rel}","templated":true}]}}