{"id":5651,"date":"2022-05-02T09:11:52","date_gmt":"2022-05-02T12:11:52","guid":{"rendered":"https:\/\/www.ufmg.br\/95anos\/?page_id=5651"},"modified":"2022-05-20T12:28:33","modified_gmt":"2022-05-20T15:28:33","slug":"comissao-organizadora","status":"publish","type":"page","link":"https:\/\/www.ufmg.br\/95anos\/comissao-organizadora\/","title":{"rendered":"Comiss\u00e3o Organizadora"},"content":{"rendered":"\n<p>Sandra Goulart Almeida \u2013 Reitora<br>Alessandro Fernandes Moreira \u2013 Vice-reitor<br>Benigna Maria de Oliveira \u2013 Assessora Especial da Reitora<br>Carlos Magno Camargos Mendon\u00e7a \u2013 Assessor Especial da Reitora<br>Claudia Andr\u00e9a Mayorga Borges \u2013 Pr\u00f3-reitora de Extens\u00e3o (Proex)<br>F\u00e1bia Pereira Lima \u2013 Diretora do Centro de Comunica\u00e7\u00e3o (Cedecom)<br>Aziz Tuffi Saliba \u2013 Diretor de Rela\u00e7\u00f5es Internacionais (DRI)<br>Z\u00e9lia In\u00eas Portela Lobato \u2013 Diretoria de Coopera\u00e7\u00e3o Institucional (Copi)<br>Fernando Antonio Mencarelli \u2013 Diretor de A\u00e7\u00e3o Cultural (DAC)<\/p>\n","protected":false},"excerpt":{"rendered":"<p>Sandra Goulart Almeida \u2013 ReitoraAlessandro Fernandes Moreira \u2013 Vice-reitorBenigna Maria [&hellip;]<\/p>\n","protected":false},"author":1,"featured_media":0,"parent":0,"menu_order":0,"comment_status":"closed","ping_status":"closed","template":"","meta":[],"_links":{"self":[{"href":"https:\/\/www.ufmg.br\/95anos\/wp-json\/wp\/v2\/pages\/5651"}],"collection":[{"href":"https:\/\/www.ufmg.br\/95anos\/wp-json\/wp\/v2\/pages"}],"about":[{"href":"https:\/\/www.ufmg.br\/95anos\/wp-json\/wp\/v2\/types\/page"}],"author":[{"embeddable":true,"href":"https:\/\/www.ufmg.br\/95anos\/wp-json\/wp\/v2\/users\/1"}],"replies":[{"embeddable":true,"href":"https:\/\/www.ufmg.br\/95anos\/wp-json\/wp\/v2\/comments?post=5651"}],"version-history":[{"count":2,"href":"https:\/\/www.ufmg.br\/95anos\/wp-json\/wp\/v2\/pages\/5651\/revisions"}],"predecessor-version":[{"id":5779,"href":"https:\/\/www.ufmg.br\/95anos\/wp-json\/wp\/v2\/pages\/5651\/revisions\/5779"}],"wp:attachment":[{"href":"https:\/\/www.ufmg.br\/95anos\/wp-json\/wp\/v2\/media?parent=5651"}],"curies":[{"name":"wp","href":"https:\/\/api.w.org\/{rel}","templated":true}]}}

Comissão Organizadora

<p>Sandra Goulart Almeida – Reitora<br>Alessandro Fernandes Moreira – Vice-reitor<br>Benigna Maria de Oliveira – Assessora Especial da Reitora<br>Carlos Magno Camargos Mendonça – Assessor Especial da Reitora<br>Claudia Andréa Mayorga Borges – Pró-reitora de Extensão (Proex)<br>Fábia Pereira Lima – Diretora do Centro de Comunicação (Cedecom)<br>Aziz Tuffi Saliba – Diretor de Relações Internacionais (DRI)<br>Zélia Inês Portela Lobato – Diretoria de Cooperação Institucional (Copi)<br>Fernando Antonio Mencarelli – Diretor de Ação Cultural (DAC)</p>
