{"id":6257,"date":"2022-06-30T14:53:28","date_gmt":"2022-06-30T17:53:28","guid":{"rendered":"https:\/\/www.ufmg.br\/95anos\/?page_id=6257"},"modified":"2022-06-30T14:53:29","modified_gmt":"2022-06-30T17:53:29","slug":"eventos-parceiros","status":"publish","type":"page","link":"https:\/\/www.ufmg.br\/95anos\/eventos-parceiros\/","title":{"rendered":"Eventos parceiros"},"content":{"rendered":"\n<p><strong>JUNHO<\/strong><\/p>\n\n\n<div id=\"sp-ea-6259\" class=\"sp-ea-one sp-easy-accordion\" data-ex-icon=\"fa-minus\" data-col-icon=\"fa-plus\"  data-ea-active=\"ea-click\"  data-ea-mode=\"vertical\" data-preloader=\"\"><div class=\"ea-card ea-expand sp-ea-single\"><h3 class=\"ea-header\"><a class=\"collapsed\" data-sptoggle=\"spcollapse\" data-sptarget=\"#collapse62590\" href=\"javascript:void(0)\"><i class=\"ea-expand-icon fa fa-minus\"><\/i> 30\/06: Live \"7 de setembro\" | Portal do Bicenten\u00e1rio<\/a><\/h3><div class=\"sp-collapse spcollapse collapsed show\" id=\"collapse62590\" data-parent=\"#sp-ea-6259\"><div class=\"ea-body\"> <p><a href=\"https:\/\/www.ufmg.br\/95anos\/prog\/live-7-de-setembro-portal-do-bicentenario\/\">O Brasil e suas interpreta\u00e7\u00f5es<\/a><\/p>\n <\/div><\/div><\/div><div class=\"ea-card  sp-ea-single\"><h3 class=\"ea-header\"><a class=\"collapsed\" data-sptoggle=\"spcollapse\" data-sptarget=\"#collapse62591\" href=\"javascript:void(0)\"><i class=\"ea-expand-icon fa fa-plus\"><\/i> 28\/07 : Live \"7 de setembro\" | Portal do Bicenten\u00e1rio <\/a><\/h3><div class=\"sp-collapse spcollapse \" id=\"collapse62591\" data-parent=\"#sp-ea-6259\"><div class=\"ea-body\"> <p>No dia 28 de julho, \u00e0s 19h30 hor\u00e1rio de Bras\u00edlia, o Portal do Bicenten\u00e1rio realiza a terceira live da s\u00e9rie \u20187 de Setembro\u2019, representando a trilha Trajet\u00f3rias. O tema ser\u00e1 Mulheres no Brasil: 200 anos de participa\u00e7\u00e3o pol\u00edtica, com uma discuss\u00e3o que abordar\u00e1 aspectos da participa\u00e7\u00e3o pol\u00edtica e emancipa\u00e7\u00e3o feminina no pa\u00eds.<\/p>\n<p>Contaremos com a presen\u00e7a das professoras Eunice L\u00e9a de Moraes (ICED\/UFPA), Maria Celi Vasconcelos (UERJ), Nielly Pastelletto (PEAC\/ CPCA), e com a media\u00e7\u00e3o de Raylane Navarro Barreto (UFPE), pelo Portal do Bicenten\u00e1rio.<\/p>\n<p>Com acessibilidade em libras e\u00a0 emiss\u00e3o de certificado.<\/p>\n<p>Se inscreva no canal e acione o lembrete para n\u00e3o perder!<\/p>\n<p>\u23f0 AGENDE-SE:<\/p>\n<p>Data: 28\/07<br \/>\nHor\u00e1rio: 19h30 (hor\u00e1rio de Bras\u00edlia)<br \/>\nLink de acesso: https:\/\/www.youtube.com\/watch?v=M6qB1RW25Cc<\/p>\n <\/div><\/div><\/div><div class=\"ea-card  sp-ea-single\"><h3 class=\"ea-header\"><a class=\"collapsed\" data-sptoggle=\"spcollapse\" data-sptarget=\"#collapse62592\" href=\"javascript:void(0)\"><i class=\"ea-expand-icon fa fa-plus\"><\/i> Agenda de Agosto | Portal do Bicenten\u00e1rio <\/a><\/h3><div class=\"sp-collapse spcollapse \" id=\"collapse62592\" data-parent=\"#sp-ea-6259\"><div class=\"ea-body\"> <p>No dia 02 de agosto (ter\u00e7a-feira) acontecer\u00e1 a live: \u201cO direito ao passado como condi\u00e7\u00e3o de independ\u00eancia: a conserva\u00e7\u00e3o de acervos, arquivos e arquivos escolares\u201d, que voc\u00ea poder\u00e1 assistir atrav\u00e9s do link, ou conferir abaixo:<\/p>\n<p class=\"has-text-color\"><span class=\"has-inline-color\"><a href=\"https:\/\/www.youtube.com\/watch?v=AxYpV4qAc5U\" target=\"_blank\" rel=\"noreferrer noopener\">https:\/\/www.youtube.com\/watch?v=AxYpV4qAc5U<\/a> \u00a0<\/span><\/p>\n<p>No dia 15 (segunda-feira) o tema da live ser\u00e1: \u201cPatrim\u00f4nio das popula\u00e7\u00f5es invisibilizadas \u2013 possibilidades de projetos em sala de aula\u201d.<\/p>\n<p>Dia 22 (segunda-feira) a live \u00e9 sobre: \u201cTerrit\u00f3rios, sujeitos e forma\u00e7\u00e3o da Na\u00e7\u00e3o\u201d.<\/p>\n<p>No dia 23 (ter\u00e7a-feira) teremos \u201cO primeiro col\u00f3quio de Matem\u00e1tica \u2013 aspectos hist\u00f3ricos da constitui\u00e7\u00e3o da comunidade brasileira\u201d.<\/p>\n<p>E no dia 24 (quarta-feira) a live ser\u00e1 sobre: \u201c200 anos da Independ\u00eancia, 200 livros sobre Educa\u00e7\u00e3o para entender o Brasil\u201d.<\/p>\n<p>Mais informa\u00e7\u00f5es em :\u00a0<a href=\"https:\/\/portaldobicentenario.org.br\/lives-de-agosto\/\">https:\/\/portaldobicentenario.org.br\/lives-de-agosto\/<\/a><\/p>\n <\/div><\/div><\/div><div class=\"ea-card  sp-ea-single\"><h3 class=\"ea-header\"><a class=\"collapsed\" data-sptoggle=\"spcollapse\" data-sptarget=\"#collapse62593\" href=\"javascript:void(0)\"><i class=\"ea-expand-icon fa fa-plus\"><\/i> Virando o 7 |  Portal do Bicenten\u00e1rio <\/a><\/h3><div class=\"sp-collapse spcollapse \" id=\"collapse62593\" data-parent=\"#sp-ea-6259\"><div class=\"ea-body\"> <p>Sob o t\u00edtulo de VIRANDO O 7 no Portal do Bicenten\u00e1rio, durante a Semana da P\u00e1tria, de 05 a 09 de setembro (2\u00aa a 6\u00aa feira), o Portal do Bicenten\u00e1rio da Independ\u00eancia vai realizar um conjunto de atividades que buscam comemorar (rememorar juntes) os v\u00e1rios sentidos da independ\u00eancia para a popula\u00e7\u00e3o brasileira de todos os territ\u00f3rios que conformam o pa\u00eds.<\/p>\n<p>Ao longo de toda a semana VIRANDO O 7 no Portal do Bicenten\u00e1rio ser\u00e3o realizadas diversas atividades online, como mesas redondas, rodas de conversa, programas de r\u00e1dio, exibi\u00e7\u00e3o de filmes e document\u00e1rios que ter\u00e3o como foco o di\u00e1logo entre as professoras e professores da Educa\u00e7\u00e3o B\u00e1sica, ativistas sociais e pesquisadoras(es) de v\u00e1rias \u00e1reas do conhecimento de todo o Brasil.<\/p>\n<p>Confira abaixo a programa\u00e7\u00e3o e baixe aqui a\u00a0<strong><a href=\"https:\/\/portaldobicentenario.org.br\/wp-content\/uploads\/2022\/09\/Programacao_virando_o_7.pdf\" target=\"_blank\" rel=\"noreferrer noopener\"><span class=\"has-inline-color\">PROGRAMA\u00c7\u00c3O COMPLETA<\/span><\/a><\/strong>\u00a0com os links de transmiss\u00e3o das atividades.<\/p>\n <\/div><\/div><\/div><\/div>\n","protected":false},"excerpt":{"rendered":"<p>JUNHO<\/p>\n","protected":false},"author":1,"featured_media":0,"parent":0,"menu_order":0,"comment_status":"closed","ping_status":"closed","template":"","meta":[],"_links":{"self":[{"href":"https:\/\/www.ufmg.br\/95anos\/wp-json\/wp\/v2\/pages\/6257"}],"collection":[{"href":"https:\/\/www.ufmg.br\/95anos\/wp-json\/wp\/v2\/pages"}],"about":[{"href":"https:\/\/www.ufmg.br\/95anos\/wp-json\/wp\/v2\/types\/page"}],"author":[{"embeddable":true,"href":"https:\/\/www.ufmg.br\/95anos\/wp-json\/wp\/v2\/users\/1"}],"replies":[{"embeddable":true,"href":"https:\/\/www.ufmg.br\/95anos\/wp-json\/wp\/v2\/comments?post=6257"}],"version-history":[{"count":2,"href":"https:\/\/www.ufmg.br\/95anos\/wp-json\/wp\/v2\/pages\/6257\/revisions"}],"predecessor-version":[{"id":6260,"href":"https:\/\/www.ufmg.br\/95anos\/wp-json\/wp\/v2\/pages\/6257\/revisions\/6260"}],"wp:attachment":[{"href":"https:\/\/www.ufmg.br\/95anos\/wp-json\/wp\/v2\/media?parent=6257"}],"curies":[{"name":"wp","href":"https:\/\/api.w.org\/{rel}","templated":true}]}}