{"id":6348,"date":"2022-09-01T15:21:36","date_gmt":"2022-09-01T18:21:36","guid":{"rendered":"https:\/\/www.ufmg.br\/95anos\/?page_id=6348"},"modified":"2022-09-01T15:46:27","modified_gmt":"2022-09-01T18:46:27","slug":"medalha-mendes-pimentel","status":"publish","type":"page","link":"https:\/\/www.ufmg.br\/95anos\/medalha-mendes-pimentel\/","title":{"rendered":"Medalha Mendes Pimentel"},"content":{"rendered":"\n<p>O ponto alto das comemora\u00e7\u00f5es dos 95 anos da UFMG ser\u00e1 na pr\u00f3xima segunda-feira, dia 5, quando haver\u00e1&nbsp;sess\u00e3o solene dos conselhos superiores da UFMG (Universit\u00e1rio, de Ensino, Pesquisa e Extens\u00e3o e Diretores) para homenagear&nbsp;cinco personalidades (uma em mem\u00f3ria) e uma institui\u00e7\u00e3o com a Medalha Mendes Pimentel. A cerim\u00f4nia, que come\u00e7a \u00e0s 19h, ter\u00e1 lugar&nbsp;no audit\u00f3rio da Reitoria, com transmiss\u00e3o pelo&nbsp;<a href=\"https:\/\/www.youtube.com\/user\/UFMG\/videos?app=desktop\" target=\"_blank\" rel=\"noreferrer noopener\">canal da UFMG no YouTube<\/a>. Recital do Ars Nova \u2013 Coral da UFMG abrir\u00e1 a solenidade.<\/p>\n\n\n\n<p>\u201cA Medalha Reitor Mendes Pimentel \u00e9, ao mesmo tempo, uma forma de homenagear o primeiro dirigente da UFMG e de reconhecer o trabalho de pessoas que, com o mesmo esp\u00edrito de nosso fundador e primeiro reitor, contribu\u00edram, em suas respectivas \u00e1reas de atua\u00e7\u00e3o, de forma destacada, para a UFMG e para a sociedade, e, juntamente com tantos outros de destaque na hist\u00f3ria da nossa Universidade, s\u00e3o respons\u00e1veis por perpetuar o legado do nosso pioneiro\u201d, registram a reitora Sandra Regina Goulart Almeida e o vice-reitor Alessandro Fernandes Moreira em texto que comp\u00f5e o cat\u00e1logo da homenagem. A medalha foi institu\u00edda por meio da Portaria 7, de 28 de mar\u00e7o de 2007, assinada pelo ent\u00e3o reitor Ronaldo Pena.<\/p>\n\n\n\n<p>Francisco Mendes Pimentel graduou-se em Ci\u00eancias Jur\u00eddicas e Sociais, como era chamado o curso de Direito, em 1889. Foi um dos fundadores do Instituto Hist\u00f3rico Geogr\u00e1fico de Minas Gerais (IHG\/MG) e do Instituto dos Advogados de Minas Gerais (IAMG). Em 1940, integrou a Corte Permanente de Arbitragem de Haia e se tornou, tr\u00eas anos depois, signat\u00e1rio do Manifesto dos Mineiros contra o regime ditatorial.<\/p>\n\n\n\n<h3>Homenageados<\/h3>\n\n\n\n<p><strong>Ailton Krenak<\/strong>: pensador, ambientalista, poeta e escritor brasileiro da etnia ind\u00edgena krenak, em Minas Gerais.&nbsp;Exerceu papel determinante na conquista do Cap\u00edtulo dos \u00cdndios na Constitui\u00e7\u00e3o de 1988, que passou a garantir, por lei, os direitos ind\u00edgenas \u00e0 cultura aut\u00f3ctone e \u00e0 terra.<\/p>\n\n\n\n<p><strong>Berenice Menegale<\/strong>: pianista, professora da Escola de M\u00fasica da UFMG de 1975 a 1999 e uma das idealizadoras do Festival de Inverno, em 1967. Foi secret\u00e1ria de Cultura de Minas Gerais e de Belo Horizonte. Criadora da Funda\u00e7\u00e3o de Educa\u00e7\u00e3o Art\u00edstica, entidade reconhecida pela forma\u00e7\u00e3o de m\u00fasicos e pelo est\u00edmulo \u00e0 cria\u00e7\u00e3o musical contempor\u00e2nea.<\/p>\n\n\n\n<p><strong>F\u00e1bio Lucas<\/strong>: ensa\u00edsta, tradutor, ficcionista, cr\u00edtico liter\u00e1rio e professor universit\u00e1rio. Lecionou na UFMG, em outras quatro universidades do Brasil, seis dos Estados Unidos e uma de Portugal. Foi um destacado integrante da gera\u00e7\u00e3o liter\u00e1ria que fundou as revistas Voca\u00e7\u00e3o e Tend\u00eancia em Belo Horizonte, na d\u00e9cada de 1950.<\/p>\n\n\n\n<p><strong>Nilma Lino Gomes<\/strong>: Professora em\u00e9rita da UFMG e reitora pr\u00f3-tempore da Universidade da Integra\u00e7\u00e3o Internacional da Lusofonia Afro-Brasileira (Unilab). Ministra da Secretaria de Pol\u00edticas de Promo\u00e7\u00e3o da Igualdade Racial e das Mulheres, da Igualdade Racial, da Juventude e dos Direitos Humanos no governo da presidente Dilma Rousseff.<\/p>\n\n\n\n<p><strong>Instituto dos Advogados de Minas Gerais<\/strong>: fundado em 7 de mar\u00e7o de 1915, foi dirigido, desde ent\u00e3o, por not\u00e1veis juristas, entre os quais Francisco Mendes Pimentel, presidente na primeira gest\u00e3o da institui\u00e7\u00e3o. Sempre exerceu papel de destaque&nbsp;nos movimentos de constru\u00e7\u00e3o e de sustenta\u00e7\u00e3o do direito, da legalidade, da democracia e da justi\u00e7a no estado.<\/p>\n\n\n\n<p><strong>\u00canio Cardillo Vieira<\/strong>&nbsp;(homenagem p\u00f3stuma): m\u00e9dico e&nbsp;professor em\u00e9rito da UFMG, foi um dos criadores do Departamento e do Programa de P\u00f3s-gradua\u00e7\u00e3o em Bioqu\u00edmica e Imunologia do ICB. Refer\u00eancia em pesquisa nas \u00e1reas de nutrologia e gnotobiologia &#8211; campo&nbsp;da biologia respons\u00e1vel pela manuten\u00e7\u00e3o de barreiras isoladoras de pat\u00f3genos.&nbsp;<a href=\"https:\/\/ufmg.br\/comunicacao\/noticias\/morre-enio-cardillo-vieira-professor-emerito-da-ufmg-e-referencia-nacional-na-area-de-nutricao\" target=\"_blank\" rel=\"noreferrer noopener\">Morreu em maio de 2022<\/a>.<\/p>\n","protected":false},"excerpt":{"rendered":"<p>O ponto alto das comemora\u00e7\u00f5es dos 95 anos da UFMG [&hellip;]<\/p>\n","protected":false},"author":2,"featured_media":0,"parent":0,"menu_order":0,"comment_status":"closed","ping_status":"closed","template":"","meta":[],"_links":{"self":[{"href":"https:\/\/www.ufmg.br\/95anos\/wp-json\/wp\/v2\/pages\/6348"}],"collection":[{"href":"https:\/\/www.ufmg.br\/95anos\/wp-json\/wp\/v2\/pages"}],"about":[{"href":"https:\/\/www.ufmg.br\/95anos\/wp-json\/wp\/v2\/types\/page"}],"author":[{"embeddable":true,"href":"https:\/\/www.ufmg.br\/95anos\/wp-json\/wp\/v2\/users\/2"}],"replies":[{"embeddable":true,"href":"https:\/\/www.ufmg.br\/95anos\/wp-json\/wp\/v2\/comments?post=6348"}],"version-history":[{"count":6,"href":"https:\/\/www.ufmg.br\/95anos\/wp-json\/wp\/v2\/pages\/6348\/revisions"}],"predecessor-version":[{"id":6356,"href":"https:\/\/www.ufmg.br\/95anos\/wp-json\/wp\/v2\/pages\/6348\/revisions\/6356"}],"wp:attachment":[{"href":"https:\/\/www.ufmg.br\/95anos\/wp-json\/wp\/v2\/media?parent=6348"}],"curies":[{"name":"wp","href":"https:\/\/api.w.org\/{rel}","templated":true}]}}

<p>O ponto alto das comemorações dos 95 anos da UFMG será na próxima segunda-feira, dia 5, quando haverá&nbsp;sessão solene dos conselhos superiores da UFMG (Universitário, de Ensino, Pesquisa e Extensão e Diretores) para homenagear&nbsp;cinco personalidades (uma em memória) e uma instituição com a Medalha Mendes Pimentel. A cerimônia, que começa às 19h, terá lugar&nbsp;no auditório da Reitoria, com transmissão pelo&nbsp;<a href="https://www.youtube.com/user/UFMG/videos?app=desktop" target="_blank" rel="noreferrer noopener">canal da UFMG no YouTube</a>. Recital do Ars Nova – Coral da UFMG abrirá a solenidade.</p>



<p>“A Medalha Reitor Mendes Pimentel é, ao mesmo tempo, uma forma de homenagear o primeiro dirigente da UFMG e de reconhecer o trabalho de pessoas que, com o mesmo espírito de nosso fundador e primeiro reitor, contribuíram, em suas respectivas áreas de atuação, de forma destacada, para a UFMG e para a sociedade, e, juntamente com tantos outros de destaque na história da nossa Universidade, são responsáveis por perpetuar o legado do nosso pioneiro”, registram a reitora Sandra Regina Goulart Almeida e o vice-reitor Alessandro Fernandes Moreira em texto que compõe o catálogo da homenagem. A medalha foi instituída por meio da Portaria 7, de 28 de março de 2007, assinada pelo então reitor Ronaldo Pena.</p>



<p>Francisco Mendes Pimentel graduou-se em Ciências Jurídicas e Sociais, como era chamado o curso de Direito, em 1889. Foi um dos fundadores do Instituto Histórico Geográfico de Minas Gerais (IHG/MG) e do Instituto dos Advogados de Minas Gerais (IAMG). Em 1940, integrou a Corte Permanente de Arbitragem de Haia e se tornou, três anos depois, signatário do Manifesto dos Mineiros contra o regime ditatorial.</p>



<h3>Homenageados</h3>



<p><strong>Ailton Krenak</strong>: pensador, ambientalista, poeta e escritor brasileiro da etnia indígena krenak, em Minas Gerais.&nbsp;Exerceu papel determinante na conquista do Capítulo dos Índios na Constituição de 1988, que passou a garantir, por lei, os direitos indígenas à cultura autóctone e à terra.</p>



<p><strong>Berenice Menegale</strong>: pianista, professora da Escola de Música da UFMG de 1975 a 1999 e uma das idealizadoras do Festival de Inverno, em 1967. Foi secretária de Cultura de Minas Gerais e de Belo Horizonte. Criadora da Fundação de Educação Artística, entidade reconhecida pela formação de músicos e pelo estímulo à criação musical contemporânea.</p>



<p><strong>Fábio Lucas</strong>: ensaísta, tradutor, ficcionista, crítico literário e professor universitário. Lecionou na UFMG, em outras quatro universidades do Brasil, seis dos Estados Unidos e uma de Portugal. Foi um destacado integrante da geração literária que fundou as revistas Vocação e Tendência em Belo Horizonte, na década de 1950.</p>



<p><strong>Nilma Lino Gomes</strong>: Professora emérita da UFMG e reitora pró-tempore da Universidade da Integração Internacional da Lusofonia Afro-Brasileira (Unilab). Ministra da Secretaria de Políticas de Promoção da Igualdade Racial e das Mulheres, da Igualdade Racial, da Juventude e dos Direitos Humanos no governo da presidente Dilma Rousseff.</p>



<p><strong>Instituto dos Advogados de Minas Gerais</strong>: fundado em 7 de março de 1915, foi dirigido, desde então, por notáveis juristas, entre os quais Francisco Mendes Pimentel, presidente na primeira gestão da instituição. Sempre exerceu papel de destaque&nbsp;nos movimentos de construção e de sustentação do direito, da legalidade, da democracia e da justiça no estado.</p>



<p><strong>Ênio Cardillo Vieira</strong>&nbsp;(homenagem póstuma): médico e&nbsp;professor emérito da UFMG, foi um dos criadores do Departamento e do Programa de Pós-graduação em Bioquímica e Imunologia do ICB. Referência em pesquisa nas áreas de nutrologia e gnotobiologia &#8211; campo&nbsp;da biologia responsável pela manutenção de barreiras isoladoras de patógenos.&nbsp;<a href="https://ufmg.br/comunicacao/noticias/morre-enio-cardillo-vieira-professor-emerito-da-ufmg-e-referencia-nacional-na-area-de-nutricao" target="_blank" rel="noreferrer noopener">Morreu em maio de 2022</a>.</p>

<p>O ponto alto das comemorações dos 95 anos da UFMG [&hellip;]</p>
