{"id":272,"date":"2025-09-15T10:06:50","date_gmt":"2025-09-15T13:06:50","guid":{"rendered":"https:\/\/www.ufmg.br\/augm2025\/comunicacao\/?page_id=272"},"modified":"2025-09-15T10:37:41","modified_gmt":"2025-09-15T13:37:41","slug":"comissao-permanente-de-midias-e-comunicacao-universitaria-2","status":"publish","type":"page","link":"https:\/\/www.ufmg.br\/augm2025\/comunicacao\/comissao-permanente-de-midias-e-comunicacao-universitaria-2\/","title":{"rendered":"Comiss\u00e3o Permanente de M\u00eddias e Comunica\u00e7\u00e3o Universit\u00e1ria"},"content":{"rendered":"\n<p>A Comiss\u00e3o Permanente de M\u00eddias e Comunica\u00e7\u00e3o Universit\u00e1ria \u00e9 um \u00f3rg\u00e3o da Associa\u00e7\u00e3o de Universidades Grupo Montevideo (AUGM). Seu principal objetivo \u00e9 assessorar a Associa\u00e7\u00e3o, promovendo a integra\u00e7\u00e3o e o fortalecimento dos v\u00ednculos cient\u00edficos e acad\u00eamicos por meio de uma comunica\u00e7\u00e3o eficaz. A Comiss\u00e3o trabalha para desenvolver uma abordagem comum sobre temas de comunica\u00e7\u00e3o em todos os pa\u00edses da regi\u00e3o, contribuindo diretamente para o fortalecimento da pesquisa e da visibilidade das universidades-membro. <\/p>\n\n\n\n<p>Al\u00e9m de atuar como um espa\u00e7o de reflex\u00e3o cr\u00edtica, onde s\u00e3o elaboradas propostas e ferramentas para enfrentar os desafios da integra\u00e7\u00e3o regional, a Comiss\u00e3o busca fortalecer a colabora\u00e7\u00e3o entre os ve\u00edculos de comunica\u00e7\u00e3o universit\u00e1rios e as faculdades de comunica\u00e7\u00e3o, incentivando a realiza\u00e7\u00e3o de atividades conjuntas. Outras fun\u00e7\u00f5es cruciais incluem o avan\u00e7o na regulamenta\u00e7\u00e3o de interc\u00e2mbios de docentes e a otimiza\u00e7\u00e3o da gest\u00e3o interna da AUGM. <\/p>\n\n\n\n<p>Em resumo, a comiss\u00e3o \u00e9 um pilar essencial para a coes\u00e3o e o crescimento da Associa\u00e7\u00e3o, garantindo que a comunica\u00e7\u00e3o seja uma ferramenta estrat\u00e9gica para a integra\u00e7\u00e3o e o desenvolvimento m\u00fatuo de suas institui\u00e7\u00f5es.<\/p>\n","protected":false},"excerpt":{"rendered":"<p>A Comiss\u00e3o Permanente de M\u00eddias e Comunica\u00e7\u00e3o Universit\u00e1ria \u00e9 um \u00f3rg\u00e3o da Associa\u00e7\u00e3o de Universidades Grupo Montevideo (AUGM). Seu principal objetivo \u00e9 assessorar a Associa\u00e7\u00e3o, promovendo a integra\u00e7\u00e3o e o fortalecimento dos v\u00ednculos cient\u00edficos e acad\u00eamicos por meio de uma comunica\u00e7\u00e3o eficaz. A Comiss\u00e3o trabalha para desenvolver uma abordagem comum sobre temas de comunica\u00e7\u00e3o em [&hellip;]<\/p>\n","protected":false},"author":3,"featured_media":0,"parent":0,"menu_order":0,"comment_status":"closed","ping_status":"closed","template":"","meta":{"_acf_changed":false,"footnotes":""},"class_list":["post-272","page","type-page","status-publish","hentry"],"acf":[],"_links":{"self":[{"href":"https:\/\/www.ufmg.br\/augm2025\/comunicacao\/wp-json\/wp\/v2\/pages\/272"}],"collection":[{"href":"https:\/\/www.ufmg.br\/augm2025\/comunicacao\/wp-json\/wp\/v2\/pages"}],"about":[{"href":"https:\/\/www.ufmg.br\/augm2025\/comunicacao\/wp-json\/wp\/v2\/types\/page"}],"author":[{"embeddable":true,"href":"https:\/\/www.ufmg.br\/augm2025\/comunicacao\/wp-json\/wp\/v2\/users\/3"}],"replies":[{"embeddable":true,"href":"https:\/\/www.ufmg.br\/augm2025\/comunicacao\/wp-json\/wp\/v2\/comments?post=272"}],"version-history":[{"count":4,"href":"https:\/\/www.ufmg.br\/augm2025\/comunicacao\/wp-json\/wp\/v2\/pages\/272\/revisions"}],"predecessor-version":[{"id":307,"href":"https:\/\/www.ufmg.br\/augm2025\/comunicacao\/wp-json\/wp\/v2\/pages\/272\/revisions\/307"}],"wp:attachment":[{"href":"https:\/\/www.ufmg.br\/augm2025\/comunicacao\/wp-json\/wp\/v2\/media?parent=272"}],"curies":[{"name":"wp","href":"https:\/\/api.w.org\/{rel}","templated":true}]}}