{"id":270,"date":"2025-09-22T12:04:14","date_gmt":"2025-09-22T15:04:14","guid":{"rendered":"https:\/\/www.ufmg.br\/augm2025\/cultura\/?page_id=270"},"modified":"2025-10-20T15:20:53","modified_gmt":"2025-10-20T18:20:53","slug":"como-participar","status":"publish","type":"page","link":"https:\/\/www.ufmg.br\/augm2025\/cultura\/como-participar\/","title":{"rendered":"Como participar"},"content":{"rendered":"\n<p>N\u00c3O \u00e9 necess\u00e1rio realizar inscri\u00e7\u00e3o pr\u00e9via.<\/p>\n\n\n\n<p>A &#8220;Mesa de apresenta\u00e7\u00e3o das propostas dos GTs da Rede de Culturas e Artes&#8221; no dia <strong>27\/11<\/strong>, \u00e0s <strong>14h<\/strong>, e a &#8220;Mesa de consolida\u00e7\u00e3o do documento do I Encontro da Rede de Culturas e Artes das Universidades Latino-Americanas&#8221;, no dia <strong>28\/11<\/strong>, \u00e0s <strong>14h<\/strong>, ter\u00e3o emiss\u00e3o de certificado de participa\u00e7\u00e3o, basta <strong>assinar a lista de presen\u00e7a<\/strong> disponibilizada durante as atividades.<\/p>\n\n\n\n<p><\/p>\n\n\n\n<p class=\"has-vivid-red-color has-text-color has-link-color wp-elements-c9365267f914bd71ea50e5e539e3962b\"><\/p>\n\n\n\n<p><\/p>\n\n\n\n<p><\/p>\n","protected":false},"excerpt":{"rendered":"<p>N\u00c3O \u00e9 necess\u00e1rio realizar inscri\u00e7\u00e3o pr\u00e9via. A &#8220;Mesa de apresenta\u00e7\u00e3o das propostas dos GTs da Rede de Culturas e Artes&#8221; no dia 27\/11, \u00e0s 14h, e a &#8220;Mesa de consolida\u00e7\u00e3o do documento do I Encontro da Rede de Culturas e Artes das Universidades Latino-Americanas&#8221;, no dia 28\/11, \u00e0s 14h, ter\u00e3o emiss\u00e3o de certificado de participa\u00e7\u00e3o, [&hellip;]<\/p>\n","protected":false},"author":2,"featured_media":0,"parent":0,"menu_order":0,"comment_status":"closed","ping_status":"closed","template":"","meta":{"_acf_changed":false,"footnotes":""},"class_list":["post-270","page","type-page","status-publish","hentry"],"acf":[],"_links":{"self":[{"href":"https:\/\/www.ufmg.br\/augm2025\/cultura\/wp-json\/wp\/v2\/pages\/270"}],"collection":[{"href":"https:\/\/www.ufmg.br\/augm2025\/cultura\/wp-json\/wp\/v2\/pages"}],"about":[{"href":"https:\/\/www.ufmg.br\/augm2025\/cultura\/wp-json\/wp\/v2\/types\/page"}],"author":[{"embeddable":true,"href":"https:\/\/www.ufmg.br\/augm2025\/cultura\/wp-json\/wp\/v2\/users\/2"}],"replies":[{"embeddable":true,"href":"https:\/\/www.ufmg.br\/augm2025\/cultura\/wp-json\/wp\/v2\/comments?post=270"}],"version-history":[{"count":18,"href":"https:\/\/www.ufmg.br\/augm2025\/cultura\/wp-json\/wp\/v2\/pages\/270\/revisions"}],"predecessor-version":[{"id":445,"href":"https:\/\/www.ufmg.br\/augm2025\/cultura\/wp-json\/wp\/v2\/pages\/270\/revisions\/445"}],"wp:attachment":[{"href":"https:\/\/www.ufmg.br\/augm2025\/cultura\/wp-json\/wp\/v2\/media?parent=270"}],"curies":[{"name":"wp","href":"https:\/\/api.w.org\/{rel}","templated":true}]}}