{"id":83,"date":"2024-08-02T09:37:52","date_gmt":"2024-08-02T12:37:52","guid":{"rendered":"https:\/\/www.ufmg.br\/augm2025\/cultura\/?page_id=83"},"modified":"2025-10-20T15:08:19","modified_gmt":"2025-10-20T18:08:19","slug":"programacao","status":"publish","type":"page","link":"https:\/\/www.ufmg.br\/augm2025\/cultura\/programacao\/","title":{"rendered":"Programa\u00e7\u00e3o"},"content":{"rendered":"\n<p><strong>A entrada \u00e9 gratuita e aberta a todos.<\/strong><\/p>\n\n\n\n<p>No per\u00edodo da manh\u00e3, a programa\u00e7\u00e3o do <em>I Encontro da Rede de Culturas e Artes das Universidades Latino-Americanas<\/em> ser\u00e1 conjunta com o o&nbsp;<em>8\u00ba Congresso de Extens\u00e3o<\/em>&nbsp;e o&nbsp;<em>2\u00ba Congresso Latino-Americano de M\u00eddias Universit\u00e1rias<\/em>, ambos da Associa\u00e7\u00e3o de Universidades do Grupo Montevid\u00e9u (AUGM).<\/p>\n\n\n\n<p>Na per\u00edodo da tarde, a Rede se reunir\u00e1 para discutir as propostas elaboradas pelos GTs e consolidar o documento final do Encontro.<\/p>\n\n\n\n<p><\/p>\n\n\n\n<p><\/p>\n","protected":false},"excerpt":{"rendered":"<p>A entrada \u00e9 gratuita e aberta a todos. No per\u00edodo da manh\u00e3, a programa\u00e7\u00e3o do I Encontro da Rede de Culturas e Artes das Universidades Latino-Americanas ser\u00e1 conjunta com o o&nbsp;8\u00ba Congresso de Extens\u00e3o&nbsp;e o&nbsp;2\u00ba Congresso Latino-Americano de M\u00eddias Universit\u00e1rias, ambos da Associa\u00e7\u00e3o de Universidades do Grupo Montevid\u00e9u (AUGM). Na per\u00edodo da tarde, a Rede [&hellip;]<\/p>\n","protected":false},"author":1,"featured_media":0,"parent":0,"menu_order":0,"comment_status":"closed","ping_status":"closed","template":"page-templates\/page-programming.php","meta":{"_acf_changed":false,"footnotes":""},"class_list":["post-83","page","type-page","status-publish","hentry"],"acf":[],"_links":{"self":[{"href":"https:\/\/www.ufmg.br\/augm2025\/cultura\/wp-json\/wp\/v2\/pages\/83"}],"collection":[{"href":"https:\/\/www.ufmg.br\/augm2025\/cultura\/wp-json\/wp\/v2\/pages"}],"about":[{"href":"https:\/\/www.ufmg.br\/augm2025\/cultura\/wp-json\/wp\/v2\/types\/page"}],"author":[{"embeddable":true,"href":"https:\/\/www.ufmg.br\/augm2025\/cultura\/wp-json\/wp\/v2\/users\/1"}],"replies":[{"embeddable":true,"href":"https:\/\/www.ufmg.br\/augm2025\/cultura\/wp-json\/wp\/v2\/comments?post=83"}],"version-history":[{"count":7,"href":"https:\/\/www.ufmg.br\/augm2025\/cultura\/wp-json\/wp\/v2\/pages\/83\/revisions"}],"predecessor-version":[{"id":442,"href":"https:\/\/www.ufmg.br\/augm2025\/cultura\/wp-json\/wp\/v2\/pages\/83\/revisions\/442"}],"wp:attachment":[{"href":"https:\/\/www.ufmg.br\/augm2025\/cultura\/wp-json\/wp\/v2\/media?parent=83"}],"curies":[{"name":"wp","href":"https:\/\/api.w.org\/{rel}","templated":true}]}}