{"id":191,"date":"2025-04-16T00:00:24","date_gmt":"2025-04-16T03:00:24","guid":{"rendered":"https:\/\/www.ufmg.br\/augm2025\/extensao\/?page_id=191"},"modified":"2025-04-16T00:00:24","modified_gmt":"2025-04-16T03:00:24","slug":"sobre-a-augm","status":"publish","type":"page","link":"https:\/\/www.ufmg.br\/augm2025\/extensao\/sobre-a-augm\/","title":{"rendered":"Sobre a AUGM"},"content":{"rendered":"\n<p>A Associa\u00e7\u00e3o de Universidades Grupo Montevid\u00e9u (AUGM) \u00e9 uma rede de universidades p\u00fablicas da Am\u00e9rica do Sul que compartilham o compromisso com a educa\u00e7\u00e3o superior como bem p\u00fablico, direito social e responsabilidade do Estado. Fundada em 1991, a AUGM busca fortalecer a integra\u00e7\u00e3o regional por meio da coopera\u00e7\u00e3o acad\u00eamica, cient\u00edfica e cultural entre institui\u00e7\u00f5es de ensino superior da Argentina, Bol\u00edvia, Brasil, Chile, Paraguai e Uruguai. Suas a\u00e7\u00f5es t\u00eam como foco o est\u00edmulo \u00e0 mobilidade estudantil e docente, ao desenvolvimento de projetos interinstitucionais e \u00e0 produ\u00e7\u00e3o coletiva de conhecimento voltada para os desafios sociais da regi\u00e3o. A atua\u00e7\u00e3o da rede \u00e9 guiada por valores como autonomia universit\u00e1ria, solidariedade, inclus\u00e3o, democracia e desenvolvimento sustent\u00e1vel.<\/p>\n\n\n\n<p>Entre suas principais iniciativas est\u00e1 o Congresso de Extens\u00e3o Universit\u00e1ria, que promove o di\u00e1logo entre institui\u00e7\u00f5es sul-americanas sobre pr\u00e1ticas acad\u00eamicas voltadas \u00e0 transforma\u00e7\u00e3o social. A oitava edi\u00e7\u00e3o do Congresso ser\u00e1 realizada de forma presencial na Universidade Federal de Minas Gerais (UFMG), em Belo Horizonte, entre os dias 26 e 28 de novembro de 2025. Com o tema \u201cRedes para a internacionaliza\u00e7\u00e3o da extens\u00e3o universit\u00e1ria\u201d, o evento parte das experi\u00eancias da UFMG no campo da extens\u00e3o para aprofundar o debate sobre o papel das universidades na constru\u00e7\u00e3o de pol\u00edticas p\u00fablicas, na forma\u00e7\u00e3o de professores e na comunica\u00e7\u00e3o dos saberes, reafirmando o compromisso com a coopera\u00e7\u00e3o regional e o fortalecimento de redes de produ\u00e7\u00e3o de conhecimento.<\/p>\n","protected":false},"excerpt":{"rendered":"<p>A Associa\u00e7\u00e3o de Universidades Grupo Montevid\u00e9u (AUGM) \u00e9 uma rede de universidades p\u00fablicas da Am\u00e9rica do Sul que compartilham o compromisso com a educa\u00e7\u00e3o superior como bem p\u00fablico, direito social e responsabilidade do Estado. Fundada em 1991, a AUGM busca fortalecer a integra\u00e7\u00e3o regional por meio da coopera\u00e7\u00e3o acad\u00eamica, cient\u00edfica e cultural entre institui\u00e7\u00f5es de [&hellip;]<\/p>\n","protected":false},"author":4,"featured_media":0,"parent":0,"menu_order":0,"comment_status":"closed","ping_status":"closed","template":"","meta":{"_acf_changed":false,"footnotes":""},"class_list":["post-191","page","type-page","status-publish","hentry"],"acf":[],"_links":{"self":[{"href":"https:\/\/www.ufmg.br\/augm2025\/extensao\/wp-json\/wp\/v2\/pages\/191"}],"collection":[{"href":"https:\/\/www.ufmg.br\/augm2025\/extensao\/wp-json\/wp\/v2\/pages"}],"about":[{"href":"https:\/\/www.ufmg.br\/augm2025\/extensao\/wp-json\/wp\/v2\/types\/page"}],"author":[{"embeddable":true,"href":"https:\/\/www.ufmg.br\/augm2025\/extensao\/wp-json\/wp\/v2\/users\/4"}],"replies":[{"embeddable":true,"href":"https:\/\/www.ufmg.br\/augm2025\/extensao\/wp-json\/wp\/v2\/comments?post=191"}],"version-history":[{"count":1,"href":"https:\/\/www.ufmg.br\/augm2025\/extensao\/wp-json\/wp\/v2\/pages\/191\/revisions"}],"predecessor-version":[{"id":192,"href":"https:\/\/www.ufmg.br\/augm2025\/extensao\/wp-json\/wp\/v2\/pages\/191\/revisions\/192"}],"wp:attachment":[{"href":"https:\/\/www.ufmg.br\/augm2025\/extensao\/wp-json\/wp\/v2\/media?parent=191"}],"curies":[{"name":"wp","href":"https:\/\/api.w.org\/{rel}","templated":true}]}}