{"id":544,"date":"2025-10-30T14:58:33","date_gmt":"2025-10-30T17:58:33","guid":{"rendered":"https:\/\/www.ufmg.br\/augm2025\/extensao\/?page_id=544"},"modified":"2025-10-30T15:25:09","modified_gmt":"2025-10-30T18:25:09","slug":"apresentacao-de-poster","status":"publish","type":"page","link":"https:\/\/www.ufmg.br\/augm2025\/extensao\/apresentacao-de-poster\/","title":{"rendered":"Apresenta\u00e7\u00e3o de P\u00f4ster"},"content":{"rendered":"\n<p class=\"has-text-align-center has-cyan-bluish-gray-background-color has-background has-medium-font-size\"><a href=\"https:\/\/docs.google.com\/presentation\/d\/1Tnn3PQ1ZU0u4xlusJtAwE6SwJFeRjgEgpZKw4s-0LbY\/edit?usp=sharing\" target=\"_blank\" rel=\"noreferrer noopener\">Modelo para P\u00f4steres | Baixe aqui<\/a><\/p>\n\n\n\n<p>\ud83d\udccc <strong>Apresenta\u00e7\u00e3o de p\u00f4ster:<\/strong><\/p>\n\n\n\n<ul class=\"wp-block-list\">\n<li>A apresenta\u00e7\u00e3o de p\u00f4ster consiste em espa\u00e7o para apresenta\u00e7\u00e3o e discuss\u00e3o de sua experi\u00eancia em atividade de extens\u00e3o junto com outros participantes do evento.&nbsp;<\/li>\n\n\n\n<li>A experi\u00eancia pretendida \u00e9 de apresenta\u00e7\u00e3o e intera\u00e7\u00e3o com outros participantes: n\u00e3o haver\u00e1 avalia\u00e7\u00e3o ou julgamento do trabalho.<\/li>\n\n\n\n<li>Apenas participantes registrados podem realizar a apresenta\u00e7\u00e3o. Ressaltamos que n\u00e3o \u00e9 poss\u00edvel a adi\u00e7\u00e3o de novos participantes (autores ou co-autores).&nbsp;&nbsp;<\/li>\n\n\n\n<li>Recomenda-se a confec\u00e7\u00e3o de p\u00f4ster com tamanho 60 por 90 cent\u00edmetros, a partir do modelo dispon\u00edvel acima, e sua impress\u00e3o \u00e9 de responsabilidade do participante.<\/li>\n<\/ul>\n\n\n\n<p><br>\ud83d\udccc <strong>Local:<br>As apresenta\u00e7\u00f5es de p\u00f4ster ser\u00e3o realizadas de forma exclusivamente presencial<\/strong>, no Centro de Atividades Did\u00e1ticas 1, no campus Pampulha da Universidade Federal de Minas Gerais , localizado no munic\u00edpio de Belo Horizonte\/MG.&nbsp; O local de afixa\u00e7\u00e3o do p\u00f4ster estar\u00e1 dispon\u00edvel no pr\u00e9dio do evento.<\/p>\n\n\n\n<iframe src=\"https:\/\/www.google.com\/maps\/embed?pb=!1m18!1m12!1m3!1d3610.683971791214!2d-43.966425799999996!3d-19.8663717!2m3!1f0!2f0!3f0!3m2!1i1024!2i768!4f13.1!3m3!1m2!1s0xa690f5cd6fa2db%3A0xa63066267bf8fe3f!2sCentro%20de%20Atividades%20Did%C3%A1ticas%201%20-%20CAD%201!5e1!3m2!1spt-BR!2sbr!4v1761846501253!5m2!1spt-BR!2sbr\" width=\"600\" height=\"450\" style=\"border:0;\" allowfullscreen=\"\" loading=\"lazy\" referrerpolicy=\"no-referrer-when-downgrade\"><\/iframe>\n\n\n\n<p><br>\ud83d\udccc <strong>Hor\u00e1rio:<br><\/strong>As apresenta\u00e7\u00f5es de p\u00f4ster ser\u00e3o realizadas no dia 27 de Novembro, no turno da manh\u00e3, em tr\u00eas hor\u00e1rios: de 08 horas \u00e0s 09h30, de 09h30 \u00e0s 11 horas e de 11 horas a 12h30. O hor\u00e1rio de sua participa\u00e7\u00e3o tamb\u00e9m ser\u00e1 enviado por e-mail e estar\u00e1 dispon\u00edvel no local.<\/p>\n\n\n\n<p>\ud83d\udccc <strong>Altera\u00e7\u00e3o de modalidade:<\/strong><br>Caso considerar necess\u00e1rio, \u00e9 poss\u00edvel a altera\u00e7\u00e3o da modalidade do evento para \u2018Roda de conversa Online\u2019 ou \u2018Roda de conversa Presencial\u2019. Para solicitar a altera\u00e7\u00e3o, gentileza enviar um e-mail para <a href=\"mailto:augm2025@ufmg.br\">augm2025@ufmg.br<\/a> informando a modalidade pretendida, o ID do trabalho e seu t\u00edtulo.<\/p>\n\n\n\n<p>\ud83d\udccc <strong>Certificados:<\/strong><strong><br><\/strong> Os certificados de apresenta\u00e7\u00e3o estar\u00e3o dispon\u00edveis apenas ap\u00f3s o encerramento do evento para os trabalhos apresentados. Os participantes ser\u00e3o informados por e-mail da disponibilidade do certificado.<\/p>\n\n\n\n<p>\ud83d\udccc <strong>Publica\u00e7\u00e3o nos Anais:<\/strong><strong><br><\/strong> Apenas os trabalhos aprovados e apresentados ser\u00e3o publicados nos Anais do Congresso. Os participantes ser\u00e3o informados por e-mail da publica\u00e7\u00e3o dos Anais.<\/p>\n\n\n\n<p>\ud83d\udccc <strong>Contato:<\/strong><strong><br><\/strong> Em caso de d\u00favidas, estamos \u00e0 disposi\u00e7\u00e3o pelo e-mail <a href=\"mailto:augm2025@ufmg.br\">augm2025@ufmg.br<\/a>, telefones +553134094427 e Whatsapp +553134093215<\/p>\n\n\n\n<p>Refor\u00e7amos que ser\u00e1 enviado, com at\u00e9 uma semana de anteced\u00eancia do evento, um e-mail com a informa\u00e7\u00e3o do hor\u00e1rio de apresenta\u00e7\u00e3o do p\u00f4ster.&nbsp;<\/p>\n\n\n\n<p>O <a href=\"https:\/\/www.ufmg.br\/augm2025\/extensao\/\" target=\"_blank\" rel=\"noreferrer noopener\">site<\/a> do 8\u00ba Congresso da AUGM cont\u00e9m toda a programa\u00e7\u00e3o al\u00e9m de informa\u00e7\u00f5es \u00fateis para auxiliar em sua participa\u00e7\u00e3o. Recomendamos acompanhar tamb\u00e9m o <a href=\"https:\/\/www.instagram.com\/augmoficial\/\" target=\"_blank\" rel=\"noreferrer noopener\">Instagram<\/a> da AUGM para as atualiza\u00e7\u00f5es do evento.<\/p>\n","protected":false},"excerpt":{"rendered":"<p>Modelo para P\u00f4steres | Baixe aqui \ud83d\udccc Apresenta\u00e7\u00e3o de p\u00f4ster: \ud83d\udccc Local:As apresenta\u00e7\u00f5es de p\u00f4ster ser\u00e3o realizadas de forma exclusivamente presencial, no Centro de Atividades Did\u00e1ticas 1, no campus Pampulha da Universidade Federal de Minas Gerais , localizado no munic\u00edpio de Belo Horizonte\/MG.&nbsp; O local de afixa\u00e7\u00e3o do p\u00f4ster estar\u00e1 dispon\u00edvel no pr\u00e9dio do evento. [&hellip;]<\/p>\n","protected":false},"author":3,"featured_media":0,"parent":0,"menu_order":0,"comment_status":"closed","ping_status":"closed","template":"","meta":{"_acf_changed":false,"footnotes":""},"class_list":["post-544","page","type-page","status-publish","hentry"],"acf":[],"_links":{"self":[{"href":"https:\/\/www.ufmg.br\/augm2025\/extensao\/wp-json\/wp\/v2\/pages\/544"}],"collection":[{"href":"https:\/\/www.ufmg.br\/augm2025\/extensao\/wp-json\/wp\/v2\/pages"}],"about":[{"href":"https:\/\/www.ufmg.br\/augm2025\/extensao\/wp-json\/wp\/v2\/types\/page"}],"author":[{"embeddable":true,"href":"https:\/\/www.ufmg.br\/augm2025\/extensao\/wp-json\/wp\/v2\/users\/3"}],"replies":[{"embeddable":true,"href":"https:\/\/www.ufmg.br\/augm2025\/extensao\/wp-json\/wp\/v2\/comments?post=544"}],"version-history":[{"count":10,"href":"https:\/\/www.ufmg.br\/augm2025\/extensao\/wp-json\/wp\/v2\/pages\/544\/revisions"}],"predecessor-version":[{"id":564,"href":"https:\/\/www.ufmg.br\/augm2025\/extensao\/wp-json\/wp\/v2\/pages\/544\/revisions\/564"}],"wp:attachment":[{"href":"https:\/\/www.ufmg.br\/augm2025\/extensao\/wp-json\/wp\/v2\/media?parent=544"}],"curies":[{"name":"wp","href":"https:\/\/api.w.org\/{rel}","templated":true}]}}