{"id":601,"date":"2025-11-14T14:45:28","date_gmt":"2025-11-14T17:45:28","guid":{"rendered":"https:\/\/www.ufmg.br\/augm2025\/extensao\/?page_id=601"},"modified":"2025-12-30T13:10:30","modified_gmt":"2025-12-30T16:10:30","slug":"programacao-cronograma","status":"publish","type":"page","link":"https:\/\/www.ufmg.br\/augm2025\/extensao\/programacao-cronograma\/","title":{"rendered":"Programa\u00e7\u00e3o"},"content":{"rendered":"\n<p class=\"has-text-align-center has-cyan-bluish-gray-background-color has-background has-small-font-size wp-container-content-1\"><strong>Aten\u00e7\u00e3o: clique nos links correspondentes para ter acesso aos v\u00eddeos da abertura, das mesas e do encerramento.<\/strong><\/p>\n\n\n\n<div style=\"height:16px\" aria-hidden=\"true\" class=\"wp-block-spacer\"><\/div>\n\n\n\n<p class=\"has-text-align-center has-cyan-bluish-gray-background-color has-background has-small-font-size wp-container-content-2\"><strong>Quarta-feira, 26 de novembro<\/strong><\/p>\n\n\n\n<figure class=\"wp-block-table has-small-font-size wp-container-content-3\"><table><tbody><tr><td class=\"has-text-align-center\" data-align=\"center\">Local\/Location<br><a href=\"http:\/\/google.com\/maps?ll=-19.866372,-43.966426&amp;z=16&amp;t=h&amp;hl=pt-BR&amp;gl=BR&amp;mapclient=embed&amp;cid=11975183724652854847\" target=\"_blank\" rel=\"noreferrer noopener\"><em>Centro de Atividades Did\u00e1ticas (CAD) 1<\/em><\/a><\/td><\/tr><tr><td class=\"has-text-align-center\" data-align=\"center\"><strong>08:00 a.m. &#8211; 10:00 a.m. | Credenciamento<\/strong><\/td><\/tr><tr><td class=\"has-text-align-center\" data-align=\"center\"><strong>10:00 a.m. &#8211; 10:05 a.m. | <\/strong><strong><a href=\"https:\/\/www.youtube.com\/watch?v=eKurfW2PhvY\" target=\"_blank\" rel=\"noreferrer noopener\">Abertura<\/a> (V\u00eddeo Institucional)<\/strong><\/td><\/tr><tr><td class=\"has-text-align-center\" data-align=\"center\"><strong>10:05 a.m. &#8211; 11:15 a.m. | <a href=\"https:\/\/www.youtube.com\/watch?v=eKurfW2PhvY\" target=\"_blank\" rel=\"noreferrer noopener\">A<\/a><\/strong><strong><a href=\"https:\/\/www.youtube.com\/watch?v=eKurfW2PhvY\" target=\"_blank\" rel=\"noreferrer noopener\">bertura<\/a> (Composi\u00e7\u00e3o da Mesa e Pronunciamentos)<\/strong><br><em>Sandra Goulart Almeida (Reitora da UFMG), Maca\u00e9 Evaristo (Minist\u00e9rio dos Direitos Humanos), Alessandro Fernandes Moreira (Vice-Reitor da UFMG),  Clarito Rojas (Presidente da AUGM e Reitor da Universidade Nacional de Concepci\u00f3n, Paraguai), F\u00e1bia Lima (Diretora do Cedecom UFMG), Fernando Mencarelli (Pr\u00f3-Reitor de Cultura da UFMG), Glaucinei Correa (Pr\u00f3-Reitor de Extens\u00e3o da UFMG)<\/em><\/td><\/tr><tr><td class=\"has-text-align-center\" data-align=\"center\"><strong>11:15 a.m. &#8211; 11:30 a.m. | <a href=\"https:\/\/www.youtube.com\/watch?v=eKurfW2PhvY\" data-type=\"link\" data-id=\"https:\/\/www.youtube.com\/watch?v=eKurfW2PhvY\">Abertura<\/a> (Painel: Panorama da Extens\u00e3o no Brasil)<\/strong><br><em>Claudia Mayorga (UFMG)<\/em><\/td><\/tr><tr><td class=\"has-text-align-center\" data-align=\"center\"><strong>11:30 a.m. &#8211; 12:00 p.m. | <a href=\"https:\/\/www.youtube.com\/watch?v=eKurfW2PhvY\" target=\"_blank\" rel=\"noreferrer noopener\">Atra\u00e7\u00e3o cultural<\/a><\/strong><br><em><strong>Grupo Choro de Minas<\/strong><\/em><\/td><\/tr><tr><td class=\"has-text-align-center\" data-align=\"center\"><strong>12:00 p.m. &#8211; 02:00 p.m. | Almo\u00e7o<\/strong><\/td><\/tr><tr><td class=\"has-text-align-center\" data-align=\"center\"><strong>02:00 p.m. &#8211; 04:00 p.m. | <a href=\"https:\/\/www.youtube.com\/live\/woFvRev3jgM?si=gzqbWYLo0F5YsUvP\" target=\"_blank\" rel=\"noreferrer noopener\">Mesa 1<\/a><\/strong><br><em><strong>Extens\u00e3o al\u00e9m das fronteiras: conectando movimentos sociais<br><\/strong>Marcelo P\u00e9rez S\u00e1nches (Coordenador do Programa Integral Metropolitano \/ Prorrectorado de Extensi\u00f3n y Programas Integrales), Marlise Miriam de Matos Almeida (UFMG), Sylvia Maria Valenzuela Tovar (Uni\u00f3n Latinoamericana de Extensi\u00f3n Universit\u00e1ria)<\/em><\/td><\/tr><tr><td class=\"has-text-align-center\" data-align=\"center\"><strong>04:00 p.m. &#8211; 04:30 p.m. | Caf\u00e9<\/strong><\/td><\/tr><tr><td class=\"has-text-align-center\" data-align=\"center\"><strong>04:30 p.m. &#8211; 06:30 p.m. | <a href=\"https:\/\/www.youtube.com\/live\/1YlhLg_35Cs?si=sfit6dYvETLllHcT\" target=\"_blank\" rel=\"noreferrer noopener\">Mesa 2<\/a><\/strong><br><em><strong>Di\u00e1logos acad\u00eamicos e comunit\u00e1rios<\/strong><br>Ana Maria Fern\u00e1ndez (USACH), Andr\u00e9 Luiz Freitas Dias (UFMG), Maria Fernanda Salcedo Repol\u00eas (Programa Polos de Cidadania), Mariana Boffelli (Universidad del Litoral), Samuel Rodrigues (Movimento Nacional da Popula\u00e7\u00e3o em<br>Situa\u00e7\u00e3o de Rua)<\/em><\/td><\/tr><tr><td class=\"has-text-align-center\" data-align=\"center\"><strong>06:30 p.m. &#8211; 07:30 p.m. | Jantar (ades\u00e3o)<\/strong><br><em><a href=\"https:\/\/www.google.com\/maps\/place\/Restaurante+Xapuri\/@-19.8416956,-44.0061318,921m\/data=!3m2!1e3!4b1!4m6!3m5!1s0xa699e4fa6389b9:0xbaa584c94ff8f8dd!8m2!3d-19.8417007!4d-44.0035515!16s%2Fg%2F1tdq2c8q?entry=ttu&amp;g_ep=EgoyMDI1MTExMS4wIKXMDSoASAFQAw%3D%3D\">Restaurante Xapuri<\/a>: Rua Mandacar\u00fa, 260 &#8211; Loja 1 &#8211; Trevo, Belo Horizonte &#8211; MG, 31370-270<\/em><br>Valor individual: <strong>R$299,00<\/strong> &#8211; interessados devem enviar e-mail para augm2025@ufmg.br, confirmando a participa\u00e7\u00e3o, at\u00e9 o dia 25\/11.<br>Clique <a href=\"https:\/\/www.ufmg.br\/augm2025\/extensao\/jantar-restaurante-xapuri\/\" target=\"_blank\" rel=\"noreferrer noopener\">aqui<\/a> para acessar a descri\u00e7\u00e3o completa da refei\u00e7\u00e3o.<\/td><\/tr><\/tbody><\/table><\/figure>\n\n\n\n<p class=\"has-text-align-center has-cyan-bluish-gray-background-color has-background has-small-font-size wp-container-content-4\"><strong>Quinta-feira, 27 de novembro<\/strong><\/p>\n\n\n\n<figure class=\"wp-block-table has-small-font-size wp-container-content-5\"><table><tbody><tr><td class=\"has-text-align-center\" data-align=\"center\">Local\/Location<br><a href=\"http:\/\/google.com\/maps?ll=-19.866372,-43.966426&amp;z=16&amp;t=h&amp;hl=pt-BR&amp;gl=BR&amp;mapclient=embed&amp;cid=11975183724652854847\" target=\"_blank\" rel=\"noreferrer noopener\"><em>Centro de Atividades Did\u00e1ticas (CAD) 1<\/em><\/a><\/td><\/tr><tr><td class=\"has-text-align-center\" data-align=\"center\"><strong>08:00 a.m. &#8211; 09:20 a.m. | <a href=\"https:\/\/www.ufmg.br\/augm2025\/extensao\/sessao-de-posteres-08h-as-0920\/\" target=\"_blank\" rel=\"noreferrer noopener\">Sess\u00e3o de p\u00f4steres<\/a><\/strong><\/td><\/tr><tr><td class=\"has-text-align-center\" data-align=\"center\"><strong>09:00 a.m.  &#8211; 10:30 a.m. | <a href=\"https:\/\/www.ufmg.br\/augm2025\/extensao\/roda-de-conversa-presencial-09h-as-10h30\/\" target=\"_blank\" rel=\"noreferrer noopener\">Rodas de Conversa Presenciais<\/a><\/strong><br><strong>09:00 a.m.  &#8211; 10:30 a.m. | <a href=\"https:\/\/www.ufmg.br\/augm2025\/extensao\/roda-de-conversa-on-line-2\/\" target=\"_blank\" rel=\"noreferrer noopener\">Rodas de Conversa On-Line<\/a><\/strong><\/td><\/tr><tr><td class=\"has-text-align-center\" data-align=\"center\"><strong>09:30 a.m.  &#8211; 10:50 a.m. | <a href=\"https:\/\/www.ufmg.br\/augm2025\/extensao\/sessao-de-posteres-09h30-as-10h50\/\" target=\"_blank\" rel=\"noreferrer noopener\">Sess\u00e3o de p\u00f4steres<\/a><\/strong><\/td><\/tr><tr><td class=\"has-text-align-center\" data-align=\"center\"><strong>10:30 a.m. &#8211; 12:00 p.m. | <a href=\"https:\/\/www.ufmg.br\/augm2025\/extensao\/rodas-de-conversa-presenciais-10h30-as-12h00\/\" target=\"_blank\" rel=\"noreferrer noopener\">Rodas de Conversa Presenciais<\/a><\/strong><br><strong>10:30 a.m. &#8211; 12:00 p.m. | <a href=\"https:\/\/www.ufmg.br\/augm2025\/extensao\/rodas-de-conversa-on-line-10h30-as-12h00\/\" target=\"_blank\" rel=\"noreferrer noopener\">Rodas de Conversa On-Line<\/a><\/strong><\/td><\/tr><tr><td class=\"has-text-align-center\" data-align=\"center\"><strong>11:00 a.m. &#8211; 12:20 p.m. | <a href=\"https:\/\/www.ufmg.br\/augm2025\/extensao\/sessao-de-posteres-11h00-as-12h20\/\" target=\"_blank\" rel=\"noreferrer noopener\">Sess\u00e3o de p\u00f4steres<\/a><\/strong><\/td><\/tr><tr><td class=\"has-text-align-center\" data-align=\"center\"><strong>09:00 a.m. &#8211; 12:00 p.m. | Rodas de conversa Tem\u00e1ticas<\/strong><br><strong><em>Universidade, extens\u00e3o e pol\u00edticas editoriais: escritas, comunidades e diversidade<br>de vozes na comunica\u00e7\u00e3o da extens\u00e3o universit\u00e1ria<\/em><\/strong><br>Eugenia Villarmarzo (REDREU\/AUGM), Florencia Faierman (Universidade de Buenos Aires), Geraldo Ceni Coelho<br>(Universidade Federal da Fronteira Sul), Maria Carolina Fenati (Revista Interfaces UFMG), Milagro Castro<br>(Universidade Nacional de Costa Rica)<\/td><\/tr><tr><td class=\"has-text-align-center\" data-align=\"center\"><strong>09:00 a.m. &#8211; 12:00 p.m. | Rodas de conversa Tem\u00e1ticas<\/strong><br><strong><em>Oficina &#8220;Comunica\u00e7\u00e3o Social de Impacto e Direitos Humanos&#8221;<\/em><\/strong><br><em>Equipe do Programa Polos da Cidadania<\/em><\/td><\/tr><tr><td class=\"has-text-align-center\" data-align=\"center\"><strong>12:00 p.m. &#8211; 02:00 p.m. | Almo\u00e7o<\/strong><\/td><\/tr><tr><td class=\"has-text-align-center\" data-align=\"center\"><strong>12:30 p.m. &#8211; 02:00 p.m. | Atra\u00e7\u00e3o Cultural<\/strong><br><em><strong>Pereira da Viola<\/strong><\/em><br>Local: <em><a href=\"https:\/\/www.google.com\/maps\/place\/Pra%C3%A7a+de+Servi%C3%A7os+da+UFMG\/@-19.8679379,-43.9675003,921m\/data=!3m2!1e3!4b1!4m6!3m5!1s0xa690f45f168f59:0x5a478bbd67cf7725!8m2!3d-19.867943!4d-43.96492!16s%2Fg%2F1tvm3_cj?entry=ttu&amp;g_ep=EgoyMDI1MTExMS4wIKXMDSoASAFQAw%3D%3D\" target=\"_blank\" rel=\"noreferrer noopener\">Pra\u00e7a de Servi\u00e7os<\/a><\/em><\/td><\/tr><tr><td class=\"has-text-align-center\" data-align=\"center\"><strong>02:00 p.m. &#8211; 04:00 p.m. | <a href=\"https:\/\/www.youtube.com\/live\/zrRNDO9sAfs?si=0RA90RFt_Sx9SWGm\" target=\"_blank\" rel=\"noreferrer noopener\">Mesa 3<\/a><\/strong><br><em><strong>Divulga\u00e7\u00e3o Cient\u00edfica e Extens\u00e3o: Compartilhando saberes<\/strong><br>Andres Gabriel Wursten (UNER), Br\u00e1ulio Silva Chaves (CEFET\/MG), Fillippo Stampanomi Bassi (Museu da<br>Amaz\u00f4nia), Maria Tereza Corujo (Ambientalista do Movimento Salve o Gandarela), Osvaldo Bernales (Consorcio de Universidades Estatales de Chile)<\/em><\/td><\/tr><tr><td class=\"has-text-align-center\" data-align=\"center\"><strong>04:00 p.m. &#8211; 04:30 p.m. | Caf\u00e9<\/strong><\/td><\/tr><tr><td class=\"has-text-align-center\" data-align=\"center\"><strong>04:30 p.m. &#8211; 06:30 p.m. | <a href=\"https:\/\/www.youtube.com\/live\/8R-VbVXOI-o?si=iAEqBN2BtpSIqURo\" target=\"_blank\" rel=\"noreferrer noopener\">Mesa 4<\/a><\/strong><br><em><strong>Pol\u00edticas de Defici\u00eancia e Acessibilidade nas Universidades Latino-Americanas<\/strong><\/em><br>Daniel Ara\u00fajo Souza (Diretor Estadual de Pol\u00edticas para Pessoas com Defici\u00eancia &#8211; MG), Fernanda Aparecida da Mata Abreu (Movimento por uma Educa\u00e7\u00e3o Inclusiva e Inovadora), Patr\u00edcio Javier (Universidad de Chile), Regina Celi Fonseca Ribeiro (NAI -UFMG), Sandra Eli Sartoreto (UNESP)<\/td><\/tr><\/tbody><\/table><\/figure>\n\n\n\n<p class=\"has-text-align-center has-cyan-bluish-gray-background-color has-background has-small-font-size wp-container-content-6\" style=\"font-style:normal;font-weight:400\"><strong>Sexta-feira, 28 de novembro<\/strong><\/p>\n\n\n\n<figure class=\"wp-block-table has-small-font-size wp-container-content-7\"><table><tbody><tr><td class=\"has-text-align-center\" data-align=\"center\">Local\/Location<br><a href=\"http:\/\/google.com\/maps?ll=-19.866372,-43.966426&amp;z=16&amp;t=h&amp;hl=pt-BR&amp;gl=BR&amp;mapclient=embed&amp;cid=11975183724652854847\" target=\"_blank\" rel=\"noreferrer noopener\">Centro de Atividades Did\u00e1ticas (CAD) 1<\/a><\/td><\/tr><tr><td class=\"has-text-align-center\" data-align=\"center\"><strong>09:00 a.m. &#8211; 11:00 a.m. | <a href=\"https:\/\/www.youtube.com\/live\/m_GKovDZksc?si=aXOfysMrwpAkgMW5\" target=\"_blank\" rel=\"noreferrer noopener\">Mesa 5<\/a><\/strong><br><strong><em>Democracia e Direitos Humanos<\/em><\/strong><br><em>Gabriel Kapl\u00fan (Udelar),  Rosario Radakovich (Universidad de la Republica), Hugo Achugar (Universidad de la Republica), <\/em><br><em>Francisco Berzal (Universidad Nacional de C\u00f3rdoba)<\/em><br>Media\u00e7\u00e3o \/ Leitura da carta dos Encontros de Comunica\u00e7\u00e3o, Cultura e Extens\u00e3o da Associa\u00e7\u00e3o de Universidades <br>do Grupo Montevid\u00e9u &#8211; AUGM: Sandra Goulart Almeida (Reitora da UFMG)<\/td><\/tr><tr><td class=\"has-text-align-center\" data-align=\"center\"><strong>11:00 a.m. &#8211; 12:00 a.m. | <a href=\"https:\/\/www.youtube.com\/live\/BY93Gd8sUcM?si=pq8UUNi5Tj1qETfH\" target=\"_blank\" rel=\"noreferrer noopener\">Encerramento<\/a><\/strong> <strong>(Composi\u00e7\u00e3o da Mesa)<\/strong><br><em>Sandra Goulart Almeida (Reitora da UFMG), Alessandro Fernandes Moreira (Vice-Reitor da UFMG), <\/em><br><em>Fernando Sosa (Secret\u00e1rio Executivo da AUGM), F\u00e1bia Lima (Diretora do Cedecom UFMG), <\/em><br><em>Fernando Mencarelli (Pr\u00f3-Reitor de Cultura da UFMG), Glaucinei Correa (Pr\u00f3-Reitor de Extens\u00e3o da UFMG)<\/em><br><br><strong>Pronunciamentos<\/strong><br><em>Fernando Mencarelli (Pr\u00f3-Reitor de Cultura da UFMG), <\/em>F\u00e1bia Lima (Diretora do Cedecom UFMG), <br><em>Fernando Sosa (Secret\u00e1rio Executivo da AUGM)<\/em>, <em>Glaucinei Correa (Pr\u00f3-Reitor de Extens\u00e3o da UFMG)<\/em><br><br><strong>Encerramento<\/strong><br><em>Sandra Goulart Almeida (Reitora da UFMG)<\/em><\/td><\/tr><tr><td class=\"has-text-align-center\" data-align=\"center\"><strong>12:00 a.m. &#8211; 13:30 p.m. | Atra\u00e7\u00e3o cultural<\/strong><br><em><strong>Velha Guarda do Samba<\/strong><\/em><br>Local: <em><a href=\"https:\/\/www.google.com\/maps\/place\/Pra%C3%A7a+de+Servi%C3%A7os+da+UFMG\/@-19.8679379,-43.9675003,921m\/data=!3m2!1e3!4b1!4m6!3m5!1s0xa690f45f168f59:0x5a478bbd67cf7725!8m2!3d-19.867943!4d-43.96492!16s%2Fg%2F1tvm3_cj?entry=ttu&amp;g_ep=EgoyMDI1MTExMS4wIKXMDSoASAFQAw%3D%3D\" target=\"_blank\" rel=\"noreferrer noopener\">Pra\u00e7a de Servi\u00e7os<\/a><\/em><\/td><\/tr><\/tbody><\/table><\/figure>\n\n\n\n<p><\/p>\n","protected":false},"excerpt":{"rendered":"<p>Aten\u00e7\u00e3o: clique nos links correspondentes para ter acesso aos v\u00eddeos da abertura, das mesas e do encerramento. Quarta-feira, 26 de novembro Local\/LocationCentro de Atividades Did\u00e1ticas (CAD) 1 08:00 a.m. &#8211; 10:00 a.m. | Credenciamento 10:00 a.m. &#8211; 10:05 a.m. | Abertura (V\u00eddeo Institucional) 10:05 a.m. &#8211; 11:15 a.m. | Abertura (Composi\u00e7\u00e3o da Mesa e Pronunciamentos)Sandra [&hellip;]<\/p>\n","protected":false},"author":3,"featured_media":0,"parent":0,"menu_order":0,"comment_status":"closed","ping_status":"closed","template":"","meta":{"_acf_changed":false,"footnotes":""},"class_list":["post-601","page","type-page","status-publish","hentry"],"acf":[],"_links":{"self":[{"href":"https:\/\/www.ufmg.br\/augm2025\/extensao\/wp-json\/wp\/v2\/pages\/601"}],"collection":[{"href":"https:\/\/www.ufmg.br\/augm2025\/extensao\/wp-json\/wp\/v2\/pages"}],"about":[{"href":"https:\/\/www.ufmg.br\/augm2025\/extensao\/wp-json\/wp\/v2\/types\/page"}],"author":[{"embeddable":true,"href":"https:\/\/www.ufmg.br\/augm2025\/extensao\/wp-json\/wp\/v2\/users\/3"}],"replies":[{"embeddable":true,"href":"https:\/\/www.ufmg.br\/augm2025\/extensao\/wp-json\/wp\/v2\/comments?post=601"}],"version-history":[{"count":71,"href":"https:\/\/www.ufmg.br\/augm2025\/extensao\/wp-json\/wp\/v2\/pages\/601\/revisions"}],"predecessor-version":[{"id":797,"href":"https:\/\/www.ufmg.br\/augm2025\/extensao\/wp-json\/wp\/v2\/pages\/601\/revisions\/797"}],"wp:attachment":[{"href":"https:\/\/www.ufmg.br\/augm2025\/extensao\/wp-json\/wp\/v2\/media?parent=601"}],"curies":[{"name":"wp","href":"https:\/\/api.w.org\/{rel}","templated":true}]}}