{"id":698,"date":"2025-11-24T15:00:59","date_gmt":"2025-11-24T18:00:59","guid":{"rendered":"https:\/\/www.ufmg.br\/augm2025\/extensao\/?page_id=698"},"modified":"2025-11-26T10:54:42","modified_gmt":"2025-11-26T13:54:42","slug":"sessao-de-posteres-11h00-as-12h20","status":"publish","type":"page","link":"https:\/\/www.ufmg.br\/augm2025\/extensao\/programacao-cronograma\/sessao-de-posteres-11h00-as-12h20\/","title":{"rendered":"Sess\u00e3o de p\u00f4steres \u2013 11:00 \u00e0s 12:20"},"content":{"rendered":"\n<figure class=\"wp-block-table has-small-font-size\"><table><tbody><tr><td><strong>PAINEL<\/strong><\/td><td><strong>T\u00cdTULO<\/strong><\/td><td><strong>AUTORES<\/strong><\/td><\/tr><tr><td>1<\/td><td>PROJETO RECONECTAR: ESTABELECENDO V\u00cdNCULOS COM A NATUREZA ATRAV\u00c9S DOS SENTIDOS<\/td><td>ANA JULIA RODRIGUES<\/td><\/tr><tr><td>1<\/td><td>ESCUTA TERAP\u00caUTICA DE PESSOAS EM TRATAMENTO ONCOL\u00d3GICO<\/td><td>ISADORA DIAS BRITO<\/td><\/tr><tr><td>1<\/td><td>EXTENS\u00c3O UNIVERSIT\u00c1RIA E O ENSINO DA DOR: A INTEGRA\u00c7\u00c3O ENTRE ENSINO, PESQUISA E EXTENS\u00c3O COMO ALICERCE DA FORMA\u00c7\u00c3O EM SA\u00daDE<\/td><td>PAULO HENRIQUE DE OLIVEIRA BARROSO; C\u00c9LIA MARIA DE OLIVEIRA<\/td><\/tr><tr><td>1<\/td><td>MENSTRUARTE: RELATO DE EXPERI\u00caNCIA DA EXTENS\u00c3O UNIVERSIT\u00c1RIA<\/td><td>ANA MARIA NEVES FINOCHIO SABINO<\/td><\/tr><tr><td>2<\/td><td>COMPETENCIAS NACIONALES DE QU\u00cdMICA: DOCENTES Y ESTUDIANTES IMPULSANDO EL TALENTO DE J\u00d3VENES PARAGUAYOS<\/td><td>RUBEN PIZZURNO; CLARA DELE\u00d3N; JORGE BELOTTO; ETHEL SIRIM ONIEVA FELTES<\/td><\/tr><tr><td>2<\/td><td>EXTENS\u00c3O NA CRIA\u00c7\u00c3O DO ESPA\u00c7O COMUM DE FORMA\u00c7\u00c3O DE PROFESSORES NA UFMG<\/td><td>TERESA PRICILA PEREIRA SANCHES<\/td><\/tr><tr><td>2<\/td><td>FORMA\u00c7\u00c3O EM EXTENS\u00c3O UNIVERSIT\u00c1RIA NA ODONTOLOGIA UFMG: AN\u00c1LISE COMPARATIVA DO CURR\u00cdCULO VIGENTE E O PROPOSTO NA ADEQUA\u00c7\u00c3O CURRICULAR<\/td><td>LUCAS GUIMAR\u00c3ES ABREU; HEBERTT GONZAGA DOS SANTOS CHAVES; NAJARA BARBOSA DA ROCHA; CARLOS JOS\u00c9 DE PAULA SILVA; YASMIN F\u00c1TIMA DE OLIVEIRA<\/td><\/tr><tr><td>3<\/td><td>MUSEU BAOB\u00c1: PESQUISA DE P\u00daBLICO PARA O PLANO MUSEOL\u00d3GICO<\/td><td>HELLEN KLARE RIBEIRO DA SILVA OLIVEIRA<\/td><\/tr><tr><td>3<\/td><td>T\u00cdTULO: A EXPERI\u00caNCIA DE CURRICULARIZA\u00c7\u00c3O DA EXTENS\u00c3O NO CURSO DE GEST\u00c3O E EMPREENDEDORISMO DA UNIVERSIDADE FEDERAL DO PARAN\u00c1 POR MEIO DO PROJETO INCUBADORA DE PROJETOS ORGANIZACIONAIS E DO TRABALHO (INPRO)<\/td><td>LUCIA HELENA ALENCASTRO; CINTHIA MARIA DE SENA ABRAH\u00c3O; GUILHERME SANTOS<\/td><\/tr><tr><td>3<\/td><td>ASSIST\u00caNCIA FISIOTER\u00c1PICA A INDIV\u00cdDUOS ACOMETIDOS PELO ACIDENTE VASCULAR CEREBRAL USU\u00c1RIOS DO SISTEMA \u00daNICO DE SA\u00daDE (SUS) DA CIDADE DE BELO HORIZONTE: A\u00c7\u00d5ES ATUAIS DO PROJETO<\/td><td>LAIS MARQUES FERREIRA<\/td><\/tr><tr><td>3<\/td><td>LA INSTITUCIONALIZACI\u00d3N DE LA EXTENSI\u00d3N UNIVERSITARIA EN LA UNIVERSIDAD NACIONAL DEL ESTE: UNA MIRADA EXPLORATORIA SOBRE SU INTEGRACI\u00d3N CURRICULAR, SU ARTICULACI\u00d3N CON LA DOCENCIA Y LA INVESTIGACI\u00d3N, Y SU RECONOCIMIENTO ACAD\u00c9MICO<\/td><td>KAREN NATALI BACKES DOS SANTOS; MIRTHA ELIZABETH CRISTALDO SOLIS<\/td><\/tr><tr><td>4<\/td><td>PROJETO DE EXTENS\u00c3O RESTAURA\u00c7\u00c3O DE DENTES TRATADOS ENDODONTICAMENTE: A EXTENS\u00c3O UNIVERSIT\u00c1RIA COMO ESPA\u00c7O DE FORMA\u00c7\u00c3O E RESPOSTA \u00c0S DEMANDAS SOCIAIS EM SA\u00daDE BUCAL<\/td><td>WALISON ARTHUSO VASCONCELLOS; HERBERT HAUEISEN SANDER; RICARDO RODRIGUES VAZ; GIULIA CRISTINA RODRIGUES DE OLIVEIRA<\/td><\/tr><tr><td>4<\/td><td>ARTE CURATIVA: SA\u00daDE E CULTURA COM AS COMUNIDADES TRADICIONAIS DO VALE DO JEQUITINHONHA<\/td><td>ANDRIELLE MORAIS<\/td><\/tr><tr><td>4<\/td><td>FORTALECIMENTO DA RELA\u00c7\u00c3O UNIVERSIDADE &#8211; COMUNIDADE: VISITAS AO LABORAT\u00d3RIO DE ENSINO DE QU\u00cdMICA DO ICEA\/UFOP, CAMPUS&nbsp;JO\u00c3O&nbsp;MONLEVADE.<\/td><td>ALEJANDRO DA CRUZ GUIMAR\u00c3ES; DANIEL VALENTIM SANTANA TAVARES; KARLA MOREIRA VIEIRA<\/td><\/tr><tr><td>4<\/td><td>A EXTENS\u00c3O UNIVERSIT\u00c1RIA EM TERRIT\u00d3RIOS VULNERABILIZADOS COMO PR\u00c1XIS FORMATIVA NOS CURSOS DE SA\u00daDE<\/td><td>CARLOS IN\u00c1CIO ANDRADE; JONATHAN HASSEN DA ROCHA BERNARDO; ELIS MINA SERAYA BORDE; LEONARDO FERNANDES RUIZ DIAZ; ANA GABRIELA DA SILVA GOMES; ERIK VINICIUS SOUSA SARAIVA; YURI VERSIANI DUARTE APPOLIN\u00c1RIO<\/td><\/tr><tr><td>5<\/td><td>PERCEP\u00c7\u00c3O P\u00daBLICA DA TECNOLOGIA CCS NO BRASIL: INTEGRA\u00c7\u00c3O DE AVALIA\u00c7\u00c3O EXERGOECONOAMBIENTAL E CONSCIENTIZA\u00c7\u00c3O SOCIAL PARA O DESENVOLVIMENTO SUSTENT\u00c1VEL<\/td><td>CESAR AUGUSTO FRANCISCO DA SILVA<\/td><\/tr><tr><td>5<\/td><td>PROJETO PLANO DE MOBILIDADE DE TRANSPORTES DE TIRADENTES-MG<\/td><td>DIMAS ALBERTO GAZOLLA<\/td><\/tr><tr><td>5<\/td><td>REFUGIO EN LAS CUERDAS<\/td><td>ALEJANDRO CABRERA LOPEZ; TOBIAS NEUFELD<\/td><\/tr><tr><td>5<\/td><td>A\u00c7\u00c3O \u201cPOSSE RESPONS\u00c1VEL E SA\u00daDE P\u00daBLICA\u201d: EXPERI\u00caNCIA EXTENSIONISTA APLICANDO O CONCEITO DE SA\u00daDE \u00daNICA DENTRO DE UM TERRIT\u00d3RIO VULNER\u00c1VEL<\/td><td>NATH\u00c1LIA NEUPERT SIME\u00c3O; LINLEY VIANA MACIEL; GABRIELLE CRISTINE DA SILVA; AMANDA DE BARROS PIFFER<\/td><\/tr><tr><td>6<\/td><td>EDUCA\u00c7\u00c3O AMBIENTAL NA PR\u00c1TICA: FORMANDO CIDAD\u00c3OS SUSTENT\u00c1VEIS NAS ESCOLAS<\/td><td>ELAYNE S\u00c1<\/td><\/tr><tr><td>6<\/td><td>QUEIMA, SUBSTANTIVO FEMININO: RELATO DE EXPERI\u00caNCIA FEMININA NA EXTENS\u00c3O UNIVERSIT\u00c1RIA VOLTADA AO MANEJO INTEGRADO DO FOGO (MIF)<\/td><td>MARIA EDUARDA P\u00d3VOAS OLIVEIRA<\/td><\/tr><tr><td>6<\/td><td>ODS E ECONOMIA CIRCULAR NA EDUCA\u00c7\u00c3O B\u00c1SICA: EXPERI\u00caNCIA EXTENSIONISTA DE SUSTENTABILIDADE SOCIAL EM ESCOLA COOPERATIVA DE TE\u00d3FILO OTONI\/MG<\/td><td>ARUANA ROCHA BARROS LOPES<\/td><\/tr><tr><td>6<\/td><td>PROGRAMA NAE &amp; PEQUE\u00d1OS PRODUCTORES RURALES<\/td><td>JESSICA CAROLINA MOREL CABRERA<\/td><\/tr><tr><td>7<\/td><td>TRANSFORMAR PARA SOSTENER. ACTIVIDAD DE EXTENSI\u00d3N UNIVERSITARIA EN LA SEMANA DE LA CIENCIA 2025 DE LA FACEN. UNA<\/td><td>NANCY BEATRIZ GODOY-ARA\u00d1A<\/td><\/tr><tr><td>7<\/td><td>AVALIA\u00c7\u00c3O DE ANEMIA E DO ESTADO NUTRICIONAL INFANTIL DE CRIAN\u00c7AS MENORES DE 5 ANOS ATENDIDAS NA ATEN\u00c7\u00c3O B\u00c1SICA EM UM MUNIC\u00cdPIO DO NORTE DE MINAS GERAIS:<\/td><td>SARAH CAROLINE OLIVEIRA DE SOUZA BOITRAGO<\/td><\/tr><tr><td>7<\/td><td>DESPERTANDO O OLHAR DAS CRIAN\u00c7AS PARA A GERMINA\u00c7\u00c3O E A DORM\u00caNCIA DE SEMENTES: UMA VIV\u00caNCIA EXTENSIONISTA COM JATOB\u00c1 E OUTRAS ESP\u00c9CIES<\/td><td>MARCELO LAIA<\/td><\/tr><tr><td>8<\/td><td>ETNO-ORNITOLOG\u00cdA: CONEXI\u00d3N Y CONSERVACI\u00d3N<\/td><td>JES\u00daS CABRERA RECALDE; GIANINA MART\u00cdNEZ C\u00c1CERES<\/td><\/tr><tr><td>8<\/td><td>AULAS PR\u00c1TICAS INTEGRADAS EM AQUACULTURA (APIAQUA): INTERFACE ENTRE UNIVERSIDADE, CAMPO E FORMA\u00c7\u00c3O PROFISSIONAL EM MINAS GERAIS<\/td><td>ALEX JUNIO GOMES DE OLIVEIRA; DAVID AUGUSTO DOS SANTOS OLIVEIRA; MATHEUS ANCHIETA RAMIREZ; PEDRO DRUMMOND RODRIGUES<\/td><\/tr><tr><td>8<\/td><td>EXTENS\u00c3O UNIVERSIT\u00c1RIA E REPARA\u00c7\u00c3O INTEGRAL: UMA AN\u00c1LISE CR\u00cdTICA DA VALORA\u00c7\u00c3O DO DANO E DA LUTA DAS MULHERES EM BRUMADINHO.<\/td><td>THAYN\u00c1 CAMPOS<\/td><\/tr><tr><td>8<\/td><td>TREINAMENTO DE CURTA DURA\u00c7\u00c3O DE EDUCADORES DA REDE MUNICIPAL DE ENSINO DE BELO HORIZONTE PARA UTILIZA\u00c7\u00c3O DE AQUAPONIA NO ENSINO INFANTIL E FUNDAMENTAL.<\/td><td>ALEXANDRE BENVINDO DE SOUSA; LEONARDO CAMPOS VIEIRA<\/td><\/tr><tr><td>9<\/td><td>PET NA ESCOLA<\/td><td>GRAZIELE ALVES; VIT\u00d3RIA MASSOLIN LEITE SANCHEZ LOPES<\/td><\/tr><tr><td>9<\/td><td>REALIZA\u00c7\u00c3O DE ATIVIDADES L\u00daDICAS PARA PROMO\u00c7\u00c3O DA SA\u00daDE BUCAL: RELATO DE EXPERI\u00caNCIA DO PROJETO DE EXTENS\u00c3O CARAVANA DA SA\u00daDE DA FACULDADE DE ODONTOLOGIA DA UFMG<\/td><td>NATALIA DIAS<\/td><\/tr><tr><td>9<\/td><td>O PET-SA\u00daDE NA EDUCA\u00c7\u00c3O EM DIREITOS PARA GESTANTES: UM RELATO DE EXPERI\u00caNCIA SOBRE CONSCIENTIZA\u00c7\u00c3O E BEM-ESTAR NO AMBIENTE DE TRABALHO<\/td><td>YAN LUCAS MARTINS SILVA<\/td><\/tr><tr><td>9<\/td><td>\u201cACOMPA\u00d1AMIENTO A PACIENTES ONCOL\u00d3GICOS&nbsp; Y FAMILIARES DE LA FUNDACI\u00d3N APOSTAR POR LA VIDA\u201d<\/td><td>ANA CRISTINA IBARRA MACIEL<\/td><\/tr><tr><td>10<\/td><td>O ESPORTE COMO INSTRUMENTO DE INTEGRA\u00c7\u00c3O E DE CONTEN\u00c7\u00c3O DA EVAS\u00c3O: O ENCONTRO DE SABERES ENTRE A JUVENTUDE DA ATL\u00c9TICA DE HUMANIDADES DA UNILA COM A JUVENTUDE DOS ASSENTAMENTOS DO MST DAS ESCOLAS COL\u00c9GIO ESTADUAL DO CAMPO APRENDENDO COM A HIST\u00d3RIA E COM A VIDA E ESCOLA MUNICIPAL DO CAMPO ZUMBI DOS PALMARES DE CASCAVEL.<\/td><td>GABRIEL FERNANDEZ DE GOUV\u00caA; GABRIELA KOSSMANN ACOSTA; HENRIQUE LEAL ANTUNES BURITI; ROBERTA SPERANDIO TRASPADINI<\/td><\/tr><tr><td>10<\/td><td>O TRANSPLANTE DE MEDULA \u00d3SSEA E O CADASTRO DE DOADORES VOLUNT\u00c1RIOS: UMA ABORDAGEM VOLTADA A DISCENTES DO ENSINO M\u00c9DIO DE ESCOLAS P\u00daBLICAS&nbsp; DE OURO PRETO<\/td><td>DIEGO ALVES DE OLIVEIRA; CARMEN APARECIDA DE PAULA; GABRIELA ROBERTA FERNANDES; EULER MARINHO; FL\u00c1VIA MARQUES-MARINHO; DARLEN PENA; LUIZ FELIPE SANTOS; ALLICE IZABELLE SILVA; ANA CLARA SILVA; NEILA M\u00c1RCIA SILVA-BARCELLOS; THAYANE DA SILVA; MARIA VITORIA DE CASTRO; JACQUELINE DE SOUZA<\/td><\/tr><tr><td>10<\/td><td>PROJETO DE EXTENS\u00c3O RESTAURA\u00c7\u00c3O DE DENTES TRATADOS ENDODONTICAMENTE: RECUPERANDO SORRISOS DE MANEIRA HUMANIZADA<\/td><td>BRUNA ARANTES DUARTE; LORENA ARA\u00daJO COURA; WALISON ARTHUSO VASCONCELLOS; RANULFO BENEDITO DE PAULA MIRANDA; AMANDA GABRIELLE CAMPOS; MILENA DE RESENDE COELHO; ALEXANDRE DINIZ DE PAULA GUIMAR\u00c3ES; CAU\u00c3 GABRIEL DOS SANTOS; ANA LU\u00cdSA EVANGELISTA MOREIRA E FIGUEIREDO; LEONARDO FRANCHINI PAN MARTINEZ; L\u00cdVIA F\u00c1VARO ZEOLA; HERBERT HAUEISEN SANDER; CLARICE KLEM DE CASTRO PINHEIRO; \u00c1QUILA DANIEL LAMAR LOPES; MANUELA MAFRA CARVALHAIS; LET\u00cdCIA MENDES NUNES; AMANDA OLIVEIRA DA SILVA; ANA CLARA PAIM SILVA; ANA PAULA REIS FRAGA; RICARDO RODRIGUES VAZ; GIULIA CRISTINA RODRIGUES DE OLIVEIRA; AMANDA STHEFANIE SILVA; NAT\u00c1LIA TEIXEIRA TAVARES BRANCO; ROSE TOYAMA VIEIRA; HUMBERTO DE SOUZA ALVES<\/td><\/tr><tr><td>10<\/td><td>VAMOS CONVERSAR SOBRE SA\u00daDE &amp; SEXUALIDADE?<\/td><td>MARIA GABRIELLE DE LIMA ROCHA<\/td><\/tr><tr><td>11<\/td><td>LA CONSTRUCCI\u00d3N COLABORATIVA DE PR\u00c1CTICAS DEMOCRATIZANTES EN LA ESCUELA: PARTICIPACI\u00d3N CO-PROTAG\u00d3NICA DE LAS NI\u00d1ECES Y ADOLESCENCIAS.<\/td><td>LETICIA BARDONESCHI<\/td><\/tr><tr><td>11<\/td><td>PROJETO INTEGRAR: CONSTRUINDO PONTES ENTRE UNIVERSIDADE E COMUNIDADE<\/td><td>MELISSA CHACON DA SILVA; LUISA LIMA BRITO; BRENDA MENDES COELHO; YASMIN RAISSA GOMES WINCE; LUCAS SOARES FONSECA MOTA; MARIANA SPINA SILVA<\/td><\/tr><tr><td>11<\/td><td>CURSINHO POPULAR COMO A\u00c7\u00c3O EXTENSIONISTA: FORMA\u00c7\u00c3O CIDAD\u00c3, ACESSO AO ENSINO SUPERIOR E INSTITUCIONALIZA\u00c7\u00c3O DA UNIVERSIDADE P\u00daBLICA<\/td><td>MARIA EDUARDA MOCHIUTE<\/td><\/tr><tr><td>11<\/td><td>UEMA\u00c7\u00c3O: EXTENS\u00c3O UNIVERSIT\u00c1RIA COMO FERRAMENTA DE TRANSFORMA\u00c7\u00c3O SOCIAL EM CAJAPI\u00d3, MA.<\/td><td>THIAGO ANCHIETA DE MELO; ILKA M\u00c1RCIA RIBEIRO DE SOUZA SERRA; CAMILA SILVA<\/td><\/tr><tr><td>12<\/td><td>RELATO DE EXPERI\u00caNCIA: UNIMONTES SOLID\u00c1RIA &#8211; MATIAS CARDOSO MG<\/td><td>S\u00cdLVIA BRITO RIBEIRO<\/td><\/tr><tr><td>12<\/td><td>ESTRANHAMENTO E VIOL\u00caNCIA NA ESCOLA: O SENTIDO DA SOCIOLOGIA NO ENSINO<\/td><td>NAILANE SILVA BARBOSA<\/td><\/tr><tr><td>12<\/td><td>FISIOTERAPIA ASSOCIADA A LUDICIDADE, JOGOS E DAN\u00c7AS EM UMA INSTITUI\u00c7\u00c3O DE LONGA PERMAN\u00caNCIA A PARTIR DE UM PROJETO DE EXTENS\u00c3O NO ESTADO DO PAR\u00c1, BRASIL<\/td><td>ISRAEL CLEMESON MOUTINHO LEITE<\/td><\/tr><tr><td>12<\/td><td>INTERVEN\u00c7\u00c3O EDUCATIVA SOBRE A CONSCIENTIZA\u00c7\u00c3O DA VACINA CONTRA INFLUENZA NO MERCADO CENTRAL DE BELO HORIZONTE<\/td><td>LARA FERREIRA; CAMILA AMORIM; ANNA ANJOS; GABRIELA CARVALHO; YANET HODELIN; MARIANA MAIA<\/td><\/tr><tr><td>13<\/td><td>PROJETO RONDON: HORIZONTES E PERSPECTIVAS DA EXTENS\u00c3O UNIVERSIT\u00c1RIA NA OPERA\u00c7\u00c3O AMAZONAS 2025<\/td><td>GABRIELA RODRIGUES KULLMANN<\/td><\/tr><tr><td>13<\/td><td>ESCUTA ATIVA DAS VOZES IND\u00cdGENAS SOBRE ALTERA\u00c7\u00d5ES CLIM\u00c1TICAS,&nbsp; POR MEIO DA CARTOGRAFIA SOCIAL E HIST\u00d3RIA ORAL<\/td><td>MARIA EDUARDA BATISTA MARCHETTI DA SILVA<\/td><\/tr><tr><td>13<\/td><td>CLUBE DA ALIMENTA\u00c7\u00c3O SAUD\u00c1VEL: ESPA\u00c7O PARA A\u00c7\u00d5ES DE EDUCA\u00c7\u00c3O ALIMENTAR E NUTRICIONAL<\/td><td>MARLENE MONTEIRO<\/td><\/tr><tr><td>14<\/td><td>VIV\u00caNCIAS NA OCUPA\u00c7\u00c3O MARIA DO ARRAIAL: PERCEP\u00c7\u00d5ES E APRENDIZADOS DA PR\u00c1TICA EXTENSIONISTA NA FORMA\u00c7\u00c3O UNIVERSIT\u00c1RIA<\/td><td>CARLOS IN\u00c1CIO ANDRADE; JONATHAN HASSEN DA ROCHA BERNARDO; ELIS MINA SERAYA BORDE; JULIA FERREIRA COSTA; LEONARDO FERNANDES RUIZ DIAZ; RAFAEL MOGYOROSY MOTTA; GABRIELA ANDRADE RAMALHO; ERIK VINICIUS SOUSA SARAIVA; YURI VERSIANI DUARTE APPOLIN\u00c1RIO<\/td><\/tr><tr><td>14<\/td><td>DOMANDO O CAOS: COMO SOFT SKILLS TRANSFORMAM A FORMA\u00c7\u00c3O M\u00c9DICA- UM RELATO DE EXPERI\u00caNCIA<\/td><td>CAMILA CARNIO COLETTI; YASMIN GOMES WINCE; LAURA HOLTZ FERNANDES ARA\u00daJO; AMANDA TERUMI KOBAYASHI; LU\u00cdSA LIMA BRITO; BRENDA MENDES COELHO; LA\u00cdS SILVA CALEGARI; VIVIAN AYUMI TAMANA<\/td><\/tr><tr><td>14<\/td><td>O USO DE MATERIAIS ADAPTATIVOS COMO RECURSOS TERAP\u00caUTICOS NA ATEN\u00c7\u00c3O E ASSIST\u00caNCIA \u00c0 SA\u00daDE BUCAL DE CRIAN\u00c7AS E ADOLESCENTES COM TRANSTORNO DO ESPECTRO AUTISTA (TEA) EM UM PROJETO DE EXTENS\u00c3O<\/td><td>ANA BEATRICE PEIXOTO M\u00c1RIO; ANA LAURA OLIVEIRA STAUFFER; ANNA LUIZA GOMES CRISOSTOMO GOMES CRISOSTOMO; BRUNO LU\u00cdS DE CARVALHO VIEIRA; ELIANE MARIA MASCARENHAS DA SILVA; GUSTAVO LOTTERMAN LORENZ; JOS\u00c9 GABRIEL VICTOR COSTA SILVA; KELIANY ALVES MARIANO; LA\u00cdS BRAGA PAULON; LAYSA VIT\u00d3RIA DA SILVA SENA; LET\u00cdCIA ALMEIDA MOREIRA; RENATA K\u00c9ZIA PEREIRA DOS ANJOS; SAMIRA SUELEN ANDRADE VIEIRA; SANDRA MARINA ANTUNES DA ROCHA; SORENZA CAMPOS CEZAR VILLA\u00c7A; TANIA MARA PIMENTA AMARAL; THAIS EMANUELLE DA SILVA MACHADO; FABIANA VARGAS-FERREIRA<\/td><\/tr><tr><td>15<\/td><td>ADAPTA\u00c7\u00c3O TRANSCULTURAL E IMPLEMENTA\u00c7\u00c3O DE UM MODELO DE ESCOLAS PROMOTORAS DE SA\u00daDE: O PAPEL DA EXTENS\u00c3O UNIVERSIT\u00c1RIA NO FORTALECIMENTO DAS POL\u00cdTICAS P\u00daBLICAS E NA TRANSFORMA\u00c7\u00c3O SOCIAL<\/td><td>FELIPE MIRANDA GON\u00c7ALVES PEREIRA<\/td><\/tr><tr><td>16<\/td><td>JUVENTUDES E DIREITOS: A VOZ DA JUVENTUDE<\/td><td>DAVI DE FIGUEIREDO CHAVES<\/td><\/tr><tr><td>16<\/td><td>UMA EXPERI\u00caNCIA HUMANIZADA COM LETRAMENTO DIGITAL PARA PESSOAS IDOSAS NA CIDADE DO RECIFE<\/td><td>ODAIR FRAN\u00c7A DE CARVALHO; RAPHAEL DE FRAN\u00c7A E SILVA<\/td><\/tr><tr><td>16<\/td><td>&#8220;CAPILARIZA\u00c7\u00c3O DO ENFRENTAMENTO \u00c0 VIOL\u00caNCIA DE G\u00caNERO: RELATO DE EXPERI\u00caNCIA EM&nbsp; TERRIT\u00d3RIOS PERIF\u00c9RICOS\u201d<\/td><td>MARILIA FALEIRO MALAGUTH MENDON\u00c7A; TACIANA FIGUEIREDO SOARES; N\u00c1DIA MACHADO DE VASCONCELOS; LAURIZA MARIA NUNES PINTO; CAROLINE OLIVEIRA FARIA; ADRIANA SOUZA MEDEIROS BATISTA<\/td><\/tr><tr><td>16<\/td><td>A APROPRIA\u00c7\u00c3O PELOS PACIENTES DO SEU PROCESSO DE TRATAMENTO EM SA\u00daDE MENTAL: UM RELATO DE EXPERI\u00caNCIA A PARTIR DA VIV\u00caNCIA DO INTERNATO DE SA\u00daDE MENTAL DO CURSO DE MEDICINA DA PUC MINAS EM BETIM.<\/td><td>MARCOS ROBERTO DIAS BATISTA; GABRIEL AUGUSTO ANDRADE FREITAS; PEDRO HENRIQUE DE PAULA J\u00c1COME; LEONARDO FERREIRA ALC\u00c2NTARA; KARLA GOMES NUNES<\/td><\/tr><tr><td>17<\/td><td>DESENVOLVIMENTO DE GUIA DE ORIENTA\u00c7\u00c3O AO DENTISTA PARA NOTIFICA\u00c7\u00c3O COMPULS\u00d3RIA DE VIOL\u00caNCIA DOM\u00c9STICA NO BRASIL<\/td><td>NATH\u00c1LLIA DUARTE FERREIRA<\/td><\/tr><tr><td>17<\/td><td>CIUDAR+: TECNOLOGIA SOCIAL PARA APOIO AO CUIDADO EM SA\u00daDE BUCAL DE IDOSOS E FORMA\u00c7\u00c3O CIDAD\u00c3 DE CUIDADORES<\/td><td>ALINE ARA\u00daJO SAMPAIO; RAQUEL CONCEI\u00c7\u00c3O FERREIRA; FL\u00c1VIA FONSECA DE TOLEDO; KEVAN GUILHERME N\u00d3BREGA BARBOSA; ROSANA LEAL DO PRADO; SABRINA MARA SANTOS SOUZA; LETICIA SANTOS SALLES OLIVEIRA; FERNANDA VAZ MELO DINIZ COTTA<\/td><\/tr><tr><td>17<\/td><td>BROTA: ENTRE O CORPO E A VERGONHA &#8211; O IMPACTO DO MACHISMO ESTRUTURAL NAADOLESC\u00caNCIA<\/td><td>CAROLINA GOMES; LET\u00cdCIA MARIA<\/td><\/tr><tr><td>17<\/td><td>TECNOLOGIAS EDUCATIVAS COMO MEDIADORAS DE PROCESSOS DIAL\u00d3GICOS NA EXTENS\u00c3O: EXPERI\u00caNCIAS DO PROJETO CENTRO VIVO<\/td><td>VICTOR MIGUEL GUERRA BITTENCOURT; THAIS ESTEPHANE DE OLIVEIRA MOREIRA; B\u00c1RBARA SGARBI MORGAN FERNANDES; ELAINE MIGUEL DELVIVO FARAO; MARIANA ALMEIDA MAIA; MARIA VICTORIA BATISTA COSTA; MARIA EDUARDA CARES DE ARAUJO; SUMAYA GIAROLA CECILIO<\/td><\/tr><tr><td>18<\/td><td>BROTA: UM RECURSO \u00c0 VIDA<\/td><td>IGOR BIALOSKORSKI<\/td><\/tr><tr><td>18<\/td><td>N\u00daCLEO DE CIDADANIA ATIVA: DESAFIOS PARA PROMO\u00c7\u00c3O DA CIDADANIA<\/td><td>JO\u00c3O PEDRO CORDEIRO FERREIRA; \u00cdCARO LEMOS DOS SANTOS; PAULO HENRIQUE MAR\u00c7AL CARDOSO<\/td><\/tr><tr><td>18<\/td><td>CURSO DE EXTENS\u00c3O: OFICINA DO GELATO<\/td><td>LUISA AZEVEDO DELL&#8217;ISOLA; PEDRO HENRIQUE DOS SANTOS SOUZA TEIXEIRA; MATHEUS VIN\u00cdCIUS CRUZ VILA\u00c7A; FL\u00c1VIA AUGUSTA GUILHERME GON\u00c7ALVES REZENDE; MARIA APARECIDA VIEIRA TEIXEIRA GARCIA; CLEVERSON FERNANDO GARCIA<\/td><\/tr><tr><td>18<\/td><td>EDUCA\u00c7\u00c3O ESPECIAL NA PERSPECTIVA DA EDUCA\u00c7\u00c3O INCLUSIVA:&nbsp; EXPERI\u00caNCIA FORMATIVA DOCENTE NA EXTENS\u00c3O UNIVERSIT\u00c1RIA<\/td><td>CL\u00c9IA DEM\u00c9TRIO PEREIRA<\/td><\/tr><tr><td>19<\/td><td>ESTRAT\u00c9GIAS EDUCATIVAS CONTRA DOEN\u00c7AS NEGLIGENCIADAS E EMERGENTES APLICADAS NO NORTE DE MINAS GERAIS<\/td><td>WANESSA MOREIRA GOES<\/td><\/tr><tr><td>19<\/td><td>IMPACTOS DE UM PROJETO DE EXTENS\u00c3O COM EXERC\u00cdCIOS DE DUPLA TAREFA SOBRE OS ASPECTOS COGNITIVOS E PSICOL\u00d3GICOS DE IDOSOS<\/td><td>HUDSON PATRICK PINHEIRO ANDRE<\/td><\/tr><tr><td>19<\/td><td>DESARROLLO SALUDABLE DE LOS NI\u00d1OS EN EL HOGAR SANTA TERESA-CDE, 2022-2025.<\/td><td>YILMARA YANNISE DUARTE ORTIZ<\/td><\/tr><tr><td>19<\/td><td>ATENDIMENTO DE SUPORTE ODONTOL\u00d3GICO AO PACIENTE COM C\u00c2NCER EM REGI\u00c3O DA CABE\u00c7A E PESCO\u00c7O: SA\u00daDE, EDUCA\u00c7\u00c3O E CIDADANIA<\/td><td>\u00c1QUILA LOPES<\/td><\/tr><tr><td>20<\/td><td>ACESSIBILIDADE EM FOCO: RELATO DE EXPERI\u00caNCIA COMO INT\u00c9RPRETE DE LIBRAS EM PROJETO DE LEITURA LITER\u00c1RIA INFANTIL<\/td><td>DAVID RODRIGUES REIS OLIVEIRA<\/td><\/tr><tr><td>20<\/td><td>DO TERRIT\u00d3RIO \u00c0S REDES SOCIAIS: EXTENS\u00c3O UNIVERSIT\u00c1RIA, COMUNICA\u00c7\u00c3O POPULAR E VALORIZA\u00c7\u00c3O DA AGRICULTURA LOCAL EM CAMPINAS (SP)<\/td><td>PEDRO MONTEFUSCO NETO; MANOELA AMORIM TINOIS<\/td><\/tr><tr><td>20<\/td><td>\u201cCI\u00caNCIA PRA VOC\u00ca- UFMG\u201d: USO DAS REDES SOCIAIS PARA A DEMOCRATIZA\u00c7\u00c3O DA CI\u00caNCIA<\/td><td>FL\u00c1VIA RAYSSA BRAGA MARTINS; LARA RIBEIRO MAIA; MARIA GABRIELLA PEREIRA DA SILVA; FREDERICO MARIANETTI SORIANI<\/td><\/tr><tr><td>20<\/td><td>FORTALECIMENTO DE REDES DIGITAIS PARA A EXTENS\u00c3O UNIVERSIT\u00c1RIA: O PLANO DE COMUNICA\u00c7\u00c3O DO PROJETO MENU COMO ESTRAT\u00c9GIA PARA EDUCA\u00c7\u00c3O EM SA\u00daDE<\/td><td>CAROLINE CAPITANI; GIOVANA CORR\u00caA ALTEMARI; PROF(A) ANA CAROLINA J. VASQUES; ZAHIRA KOEHLER DOS SANTOS RODRIGUES; FERNANDO RAMOS GELONEZE; VINICIUS VECCHIO<\/td><\/tr><tr><td>20<\/td><td>PROGRAMA DE EXTENS\u00c3O VOZ PARA TODOS: ESTRAT\u00c9GIAS EDUCATIVAS, PREVENTIVAS E ASSISTENCIAIS EM SA\u00daDE VOCAL<\/td><td>MICHELLE RAYANE MARTUCHELLI; SOFIA ROMAGNOLI BORGES LIMA<\/td><\/tr><tr><td>21<\/td><td>DIVULGA\u00c7\u00c3O CIENT\u00cdFICA POR MEIO DE PROGRAMAS DE R\u00c1DIO<\/td><td>MARIA ALICE DA SILVA FERREIRA; MATHEUS ANCHIETA RAMIREZ; PEDRO DRUMMOND RODRIGUES<\/td><\/tr><tr><td>21<\/td><td>EXTENS\u00c3O NA EDUCA\u00c7\u00c3O M\u00c9DICA: AN\u00c1LISE DO PROJETO \u201c\u00c9 TEMPO DE ECG\u201d DO CENTRO DE TELESSA\u00daDE DO HC-UFMG<\/td><td>VIN\u00cdCIUS TOSTES CARVALHO<\/td><\/tr><tr><td>21<\/td><td>CINEMA DA BIOLOGIA: EXPLORANDO A CI\u00caNCIA ATRAV\u00c9S DO AUDIOVISUAL<\/td><td>LET\u00cdCIA IZIDRO RAPOSO<\/td><\/tr><tr><td>21<\/td><td>PROJETO ANATOL\u00daDICA: DIVULGA\u00c7\u00c3O CIENT\u00cdFICA SOBRE ANATOMIA HUMANA EM M\u00cdDIA SOCIAL<\/td><td>GIOVANNA BORGES<\/td><\/tr><tr><td>22<\/td><td>DIFUS\u00c3O DAS ATIVIDADES DE ENSINO, PESQUISA E EXTENS\u00c3O DESENVOLVIDAS PELO GEPEG \u2013 GRUPO DE ESTUDOS E PESQUISA EM ENTOMOLOGIA GERAL<\/td><td>GIOVANA RAFAELA MANTOVANI<\/td><\/tr><tr><td>22<\/td><td>SA\u00daDE BUCAL NO SUS: AN\u00c1LISE DO ALCANCE OBTIDO PELO PODCAST<\/td><td>JO\u00c3O HENRIQUE LARA DO AMARAL; PAOLA AMORIM DA SILVA; ROSANA LEAL PRADO<\/td><\/tr><tr><td>22<\/td><td>&#8220;PER VIAS ET LOCOS&#8221;: EXTENS\u00c3O UNIVERSIT\u00c1RIA E DIVULGA\u00c7\u00c3O CIENT\u00cdFICA NAS CIDADES-PATRIM\u00d4NIO<\/td><td>PEDRO HENRIQUE ALVES GONTIJO<\/td><\/tr><tr><td>22<\/td><td>TUDO SOBRE PALEONTOLOGIA: DIVULGA\u00c7\u00c3O CIENT\u00cdFICA DE TEXTOS DID\u00c1TICOS<\/td><td>SANDRO FERREIRA DE OLIVEIRA<\/td><\/tr><\/tbody><\/table><\/figure>\n","protected":false},"excerpt":{"rendered":"<p>PAINEL T\u00cdTULO AUTORES 1 PROJETO RECONECTAR: ESTABELECENDO V\u00cdNCULOS COM A NATUREZA ATRAV\u00c9S DOS SENTIDOS ANA JULIA RODRIGUES 1 ESCUTA TERAP\u00caUTICA DE PESSOAS EM TRATAMENTO ONCOL\u00d3GICO ISADORA DIAS BRITO 1 EXTENS\u00c3O UNIVERSIT\u00c1RIA E O ENSINO DA DOR: A INTEGRA\u00c7\u00c3O ENTRE ENSINO, PESQUISA E EXTENS\u00c3O COMO ALICERCE DA FORMA\u00c7\u00c3O EM SA\u00daDE PAULO HENRIQUE DE OLIVEIRA BARROSO; C\u00c9LIA [&hellip;]<\/p>\n","protected":false},"author":3,"featured_media":0,"parent":601,"menu_order":0,"comment_status":"closed","ping_status":"closed","template":"","meta":{"_acf_changed":false,"footnotes":""},"class_list":["post-698","page","type-page","status-publish","hentry"],"acf":[],"_links":{"self":[{"href":"https:\/\/www.ufmg.br\/augm2025\/extensao\/wp-json\/wp\/v2\/pages\/698"}],"collection":[{"href":"https:\/\/www.ufmg.br\/augm2025\/extensao\/wp-json\/wp\/v2\/pages"}],"about":[{"href":"https:\/\/www.ufmg.br\/augm2025\/extensao\/wp-json\/wp\/v2\/types\/page"}],"author":[{"embeddable":true,"href":"https:\/\/www.ufmg.br\/augm2025\/extensao\/wp-json\/wp\/v2\/users\/3"}],"replies":[{"embeddable":true,"href":"https:\/\/www.ufmg.br\/augm2025\/extensao\/wp-json\/wp\/v2\/comments?post=698"}],"version-history":[{"count":6,"href":"https:\/\/www.ufmg.br\/augm2025\/extensao\/wp-json\/wp\/v2\/pages\/698\/revisions"}],"predecessor-version":[{"id":748,"href":"https:\/\/www.ufmg.br\/augm2025\/extensao\/wp-json\/wp\/v2\/pages\/698\/revisions\/748"}],"up":[{"embeddable":true,"href":"https:\/\/www.ufmg.br\/augm2025\/extensao\/wp-json\/wp\/v2\/pages\/601"}],"wp:attachment":[{"href":"https:\/\/www.ufmg.br\/augm2025\/extensao\/wp-json\/wp\/v2\/media?parent=698"}],"curies":[{"name":"wp","href":"https:\/\/api.w.org\/{rel}","templated":true}]}}