{"id":737,"date":"2025-11-25T16:53:05","date_gmt":"2025-11-25T19:53:05","guid":{"rendered":"https:\/\/www.ufmg.br\/augm2025\/extensao\/?page_id=737"},"modified":"2025-11-25T17:09:35","modified_gmt":"2025-11-25T20:09:35","slug":"jantar-restaurante-xapuri","status":"publish","type":"page","link":"https:\/\/www.ufmg.br\/augm2025\/extensao\/programacao-cronograma\/jantar-restaurante-xapuri\/","title":{"rendered":"Jantar (Restaurante Xapuri)"},"content":{"rendered":"\n<p>A) ENTRADAS<br>B) PRATOS PRINCIPAIS<br>C) BEBIDAS (inclusas)<br>D) SOBREMESA (variedades Xapuri)<\/p>\n\n\n\n<p>Valor individual: R$299,00 &#8211; interessados devem enviar e-mail para augm2025@ufmg.br, confirmando a participa\u00e7\u00e3o, at\u00e9 o dia 25\/11.<\/p>\n","protected":false},"excerpt":{"rendered":"<p>A) ENTRADASB) PRATOS PRINCIPAISC) BEBIDAS (inclusas)D) SOBREMESA (variedades Xapuri) Valor individual: R$299,00 &#8211; interessados devem enviar e-mail para augm2025@ufmg.br, confirmando a participa\u00e7\u00e3o, at\u00e9 o dia 25\/11.<\/p>\n","protected":false},"author":3,"featured_media":0,"parent":601,"menu_order":0,"comment_status":"closed","ping_status":"closed","template":"","meta":{"_acf_changed":false,"footnotes":""},"class_list":["post-737","page","type-page","status-publish","hentry"],"acf":[],"_links":{"self":[{"href":"https:\/\/www.ufmg.br\/augm2025\/extensao\/wp-json\/wp\/v2\/pages\/737"}],"collection":[{"href":"https:\/\/www.ufmg.br\/augm2025\/extensao\/wp-json\/wp\/v2\/pages"}],"about":[{"href":"https:\/\/www.ufmg.br\/augm2025\/extensao\/wp-json\/wp\/v2\/types\/page"}],"author":[{"embeddable":true,"href":"https:\/\/www.ufmg.br\/augm2025\/extensao\/wp-json\/wp\/v2\/users\/3"}],"replies":[{"embeddable":true,"href":"https:\/\/www.ufmg.br\/augm2025\/extensao\/wp-json\/wp\/v2\/comments?post=737"}],"version-history":[{"count":1,"href":"https:\/\/www.ufmg.br\/augm2025\/extensao\/wp-json\/wp\/v2\/pages\/737\/revisions"}],"predecessor-version":[{"id":738,"href":"https:\/\/www.ufmg.br\/augm2025\/extensao\/wp-json\/wp\/v2\/pages\/737\/revisions\/738"}],"up":[{"embeddable":true,"href":"https:\/\/www.ufmg.br\/augm2025\/extensao\/wp-json\/wp\/v2\/pages\/601"}],"wp:attachment":[{"href":"https:\/\/www.ufmg.br\/augm2025\/extensao\/wp-json\/wp\/v2\/media?parent=737"}],"curies":[{"name":"wp","href":"https:\/\/api.w.org\/{rel}","templated":true}]}}