{"id":282,"date":"2017-03-27T17:22:30","date_gmt":"2017-03-27T20:22:30","guid":{"rendered":"http:\/\/www.ufmg.br\/bioetica\/coep\/?page_id=282"},"modified":"2022-01-28T12:08:17","modified_gmt":"2022-01-28T15:08:17","slug":"pendencias-emitidas-pelo-coep-e-pendencias-documentais","status":"publish","type":"page","link":"https:\/\/www.ufmg.br\/bioetica\/cep\/pendencias-emitidas-pelo-coep-e-pendencias-documentais\/","title":{"rendered":"Pend\u00eancias emitidas pelo CEP-UFMG e pend\u00eancias Documentais"},"content":{"rendered":"<p><a href=\"https:\/\/www.ufmg.br\/bioetica\/cep\/wp-content\/uploads\/2021\/12\/visualiza%C3%A7%C3%A3o-de-parecer.pdf\">Acesse <\/a>o tutorial para Pend\u00eancias Emitidas pelo CEP-UFMG e Pend\u00eancias Documentais<\/p>\n<p><a href=\"https:\/\/www.youtube.com\/watch?v=WFpPiDnq-Ts&amp;feature=youtu.be\">Acesse<\/a> tamb\u00e9m o v\u00eddeo tutorial para visualiza\u00e7\u00e3o dos pareceres consubstanciados do CEP-UFMG.<\/p>\n<p><a href=\"https:\/\/www.ufmg.br\/bioetica\/cep\/wp-content\/uploads\/2022\/01\/COMO-ACESSAR-ARQUIVOS-DIGITALIZADOS-DE-CARTA-DE-APROVA\u00c7\u00c3O-E-PARECER-DE-APROVA\u00c7\u00c3O-DO-CEP.pdf\">Saiba como<\/a> visualizar o parecer consubstanciado aprovado<\/p>\n<p style=\"text-align: justify;\">Observa\u00e7\u00e3o importante: as pend\u00eancias documentais s\u00e3o resultantes de uma checagem preliminar dos documentos obrigat\u00f3rios para a submiss\u00e3o ao CEP,logo\u00a0essa pend\u00eancia <strong>n\u00e3o \u00e9 da reuni\u00e3o colegiada do CEP<\/strong>.\u00a0Para que o projeto receba n\u00famero CAAE e continue a tramitar no CEP\u00a0at\u00e9 ser analisado em reuni\u00e3o, <strong>ele precisa possuir toda a documenta\u00e7\u00e3o obrigat\u00f3ria de checklist \u00a0conforme instru\u00e7\u00f5es no site do Comit\u00ea.<\/strong> O Colegiado do CEP analisar\u00e1 o conte\u00fado do projeto e tamb\u00e9m poder\u00e1 gerar pend\u00eancias (dilig\u00eancias).\u00a0O pesquisador deve estar atento ao Calend\u00e1rio Acad\u00eamico, pois o c\u00f4mputo dos prazos s\u00e3o suspensos durante os recessos e fins de semana.<\/p>\n","protected":false},"excerpt":{"rendered":"<p>Acesse o tutorial para Pend\u00eancias Emitidas pelo CEP-UFMG e Pend\u00eancias Documentais Acesse tamb\u00e9m o v\u00eddeo tutorial para visualiza\u00e7\u00e3o dos pareceres consubstanciados do CEP-UFMG. Saiba como visualizar o parecer consubstanciado aprovado Observa\u00e7\u00e3o importante: as pend\u00eancias documentais s\u00e3o resultantes de uma checagem preliminar dos documentos obrigat\u00f3rios para a submiss\u00e3o ao CEP,logo\u00a0essa pend\u00eancia n\u00e3o \u00e9 da reuni\u00e3o colegiada [&hellip;]<\/p>\n","protected":false},"author":5,"featured_media":0,"parent":0,"menu_order":0,"comment_status":"closed","ping_status":"closed","template":"","meta":{"footnotes":""},"categories":[],"class_list":["post-282","page","type-page","status-publish","hentry"],"_links":{"self":[{"href":"https:\/\/www.ufmg.br\/bioetica\/cep\/wp-json\/wp\/v2\/pages\/282","targetHints":{"allow":["GET"]}}],"collection":[{"href":"https:\/\/www.ufmg.br\/bioetica\/cep\/wp-json\/wp\/v2\/pages"}],"about":[{"href":"https:\/\/www.ufmg.br\/bioetica\/cep\/wp-json\/wp\/v2\/types\/page"}],"author":[{"embeddable":true,"href":"https:\/\/www.ufmg.br\/bioetica\/cep\/wp-json\/wp\/v2\/users\/5"}],"replies":[{"embeddable":true,"href":"https:\/\/www.ufmg.br\/bioetica\/cep\/wp-json\/wp\/v2\/comments?post=282"}],"version-history":[{"count":9,"href":"https:\/\/www.ufmg.br\/bioetica\/cep\/wp-json\/wp\/v2\/pages\/282\/revisions"}],"predecessor-version":[{"id":707,"href":"https:\/\/www.ufmg.br\/bioetica\/cep\/wp-json\/wp\/v2\/pages\/282\/revisions\/707"}],"wp:attachment":[{"href":"https:\/\/www.ufmg.br\/bioetica\/cep\/wp-json\/wp\/v2\/media?parent=282"}],"wp:term":[{"taxonomy":"category","embeddable":true,"href":"https:\/\/www.ufmg.br\/bioetica\/cep\/wp-json\/wp\/v2\/categories?post=282"}],"curies":[{"name":"wp","href":"https:\/\/api.w.org\/{rel}","templated":true}]}}