{"id":1683,"date":"2023-12-04T17:02:28","date_gmt":"2023-12-04T19:02:28","guid":{"rendered":"https:\/\/www.ufmg.br\/cac\/?page_id=1683"},"modified":"2023-12-29T12:11:04","modified_gmt":"2023-12-29T14:11:04","slug":"edital-no-2818-2023-cac-ufmg","status":"publish","type":"page","link":"https:\/\/www.ufmg.br\/cac\/processos-seletivos\/edital-no-2818-2023-cac-ufmg\/","title":{"rendered":"EDITAL N\u00ba 2818\/2023\/CAC-UFMG"},"content":{"rendered":"\n\n\n<p><strong>EDITAL N\u00ba 2818\/2023\/CAC-UFMG<\/strong><\/p>\n<p>Processo seletivo para concess\u00e3o de afastamento de servidores t\u00e9cnicos administrativos em educa\u00e7\u00e3o (TAE) para participa\u00e7\u00e3o em programa de p\u00f3s-gradua\u00e7\u00e3o <em>stricto senso<\/em> e para realiza\u00e7\u00e3o de a\u00e7\u00e3o de desenvolvimento em servi\u00e7o.<\/p>\n<p>Baixar Edital<br \/><a href=\"https:\/\/www.ufmg.br\/cac\/wp-content\/uploads\/2023\/12\/cac_ufmg-2818_2023-edital-04122023.pdf\" target=\"_blank\" rel=\"noopener\">Download<\/a><\/p>\n<p>Resultado preliminar &#8211; Inscri\u00e7\u00f5es deferidas<br \/><a href=\"https:\/\/www.ufmg.br\/cac\/wp-content\/uploads\/2023\/12\/cac_ufmg-2818_2023-inscricoes-15122023.pdf\" target=\"_blank\" rel=\"noopener\">Download<\/a><\/p>\n<p>Resultado final &#8211; Inscri\u00e7\u00f5es deferidas<br \/><a href=\"https:\/\/www.ufmg.br\/cac\/wp-content\/uploads\/2023\/12\/cac_ufmg-2818_2023-resultado-inscricoes-20122023.pdf\" target=\"_blank\" rel=\"noopener\">Download<\/a><\/p>\n<p>Resultado preliminar da classifica\u00e7\u00e3o<br \/><a href=\"https:\/\/www.ufmg.br\/cac\/wp-content\/uploads\/2023\/12\/cac_ufmg-2818_2023-resultado-preliminar-class_21122023.pdf\" target=\"_blank\" rel=\"noopener\">Download<\/a><\/p>\n<p>Resultado Final<br \/><a href=\"https:\/\/www.ufmg.br\/cac\/wp-content\/uploads\/2023\/12\/cac_ufmg-2818_2023-resultado-final-class_29122023.pdf\" target=\"_blank\" rel=\"noopener\">Download<\/a><\/p>\n\n\n\n<p><\/p>\n","protected":false},"excerpt":{"rendered":"<p>EDITAL N\u00ba 2818\/2023\/CAC-UFMG Processo seletivo para concess\u00e3o de afastamento de [&hellip;]<\/p>\n","protected":false},"author":2,"featured_media":0,"parent":197,"menu_order":0,"comment_status":"closed","ping_status":"closed","template":"","meta":[],"_links":{"self":[{"href":"https:\/\/www.ufmg.br\/cac\/wp-json\/wp\/v2\/pages\/1683"}],"collection":[{"href":"https:\/\/www.ufmg.br\/cac\/wp-json\/wp\/v2\/pages"}],"about":[{"href":"https:\/\/www.ufmg.br\/cac\/wp-json\/wp\/v2\/types\/page"}],"author":[{"embeddable":true,"href":"https:\/\/www.ufmg.br\/cac\/wp-json\/wp\/v2\/users\/2"}],"replies":[{"embeddable":true,"href":"https:\/\/www.ufmg.br\/cac\/wp-json\/wp\/v2\/comments?post=1683"}],"version-history":[{"count":8,"href":"https:\/\/www.ufmg.br\/cac\/wp-json\/wp\/v2\/pages\/1683\/revisions"}],"predecessor-version":[{"id":1999,"href":"https:\/\/www.ufmg.br\/cac\/wp-json\/wp\/v2\/pages\/1683\/revisions\/1999"}],"up":[{"embeddable":true,"href":"https:\/\/www.ufmg.br\/cac\/wp-json\/wp\/v2\/pages\/197"}],"wp:attachment":[{"href":"https:\/\/www.ufmg.br\/cac\/wp-json\/wp\/v2\/media?parent=1683"}],"curies":[{"name":"wp","href":"https:\/\/api.w.org\/{rel}","templated":true}]}}