{"id":1998,"date":"2024-09-27T09:13:05","date_gmt":"2024-09-27T12:13:05","guid":{"rendered":"https:\/\/www.ufmg.br\/cac\/?page_id=1998"},"modified":"2024-11-05T12:42:00","modified_gmt":"2024-11-05T14:42:00","slug":"edital-no-2018-2024-cac-ufmg","status":"publish","type":"page","link":"https:\/\/www.ufmg.br\/cac\/processos-seletivos\/edital-no-2018-2024-cac-ufmg\/","title":{"rendered":"EDITAL N\u00ba 2018\/2024\/CAC-UFMG"},"content":{"rendered":"\n<p><strong>EDITAL N\u00ba 2018\/2024\/CAC-UFMG<\/strong><\/p>\n<p>Processo seletivo para concess\u00e3o de afastamento de servidores t\u00e9cnicos administrativos em educa\u00e7\u00e3o (TAE) para participa\u00e7\u00e3o em programa de p\u00f3s-gradua\u00e7\u00e3o <em>stricto senso<\/em> e para realiza\u00e7\u00e3o de a\u00e7\u00e3o de desenvolvimento em servi\u00e7o.<\/p>\n<p><strong>Baixar edita<\/strong>l<br><a href=\"https:\/\/www.ufmg.br\/cac\/wp-content\/uploads\/2024\/09\/cac_ufmg-2018_2024-edital-27092024.pdf\" target=\"_blank\" rel=\"noopener\">Download<\/a><\/p>\n<p><strong>Resultado preliminar<\/strong><br><a href=\"https:\/\/www.ufmg.br\/cac\/wp-content\/uploads\/2024\/10\/cac_ufmg-2018_2024-resultado-preliminar-18102024.pdf\" target=\"_blank\" rel=\"noopener\">Download<\/a><\/p>\n<p><strong>Resultado preliminar<br><\/strong><a href=\"https:\/\/www.ufmg.br\/cac\/wp-content\/uploads\/2024\/10\/cac_ufmg-2018_2024-resultado-preliminar-29102024.pdf\" target=\"_blank\" rel=\"noopener\">Download<\/a><\/p>\n<p><strong>Resultado final<\/strong><br><a href=\"https:\/\/www.ufmg.br\/cac\/wp-content\/uploads\/2024\/10\/cac_ufmg-2018_2024-resultado-final-29102024.pdf\" target=\"_blank\" rel=\"noopener\">Download<\/a><\/p>\n<p><strong>Resultado final da classifica\u00e7\u00e3o<\/strong><br><a href=\"https:\/\/www.ufmg.br\/cac\/wp-content\/uploads\/2024\/11\/cac_ufmg-2018_2024-resultado-final-05112024.pdf\" target=\"_blank\" rel=\"noopener\">Download<\/a><\/p>\n\n\n\n<p><\/p>\n","protected":false},"excerpt":{"rendered":"<p>EDITAL N\u00ba 2018\/2024\/CAC-UFMG Processo seletivo para concess\u00e3o de afastamento de [&hellip;]<\/p>\n","protected":false},"author":3,"featured_media":0,"parent":197,"menu_order":0,"comment_status":"closed","ping_status":"closed","template":"","meta":[],"_links":{"self":[{"href":"https:\/\/www.ufmg.br\/cac\/wp-json\/wp\/v2\/pages\/1998"}],"collection":[{"href":"https:\/\/www.ufmg.br\/cac\/wp-json\/wp\/v2\/pages"}],"about":[{"href":"https:\/\/www.ufmg.br\/cac\/wp-json\/wp\/v2\/types\/page"}],"author":[{"embeddable":true,"href":"https:\/\/www.ufmg.br\/cac\/wp-json\/wp\/v2\/users\/3"}],"replies":[{"embeddable":true,"href":"https:\/\/www.ufmg.br\/cac\/wp-json\/wp\/v2\/comments?post=1998"}],"version-history":[{"count":4,"href":"https:\/\/www.ufmg.br\/cac\/wp-json\/wp\/v2\/pages\/1998\/revisions"}],"predecessor-version":[{"id":2025,"href":"https:\/\/www.ufmg.br\/cac\/wp-json\/wp\/v2\/pages\/1998\/revisions\/2025"}],"up":[{"embeddable":true,"href":"https:\/\/www.ufmg.br\/cac\/wp-json\/wp\/v2\/pages\/197"}],"wp:attachment":[{"href":"https:\/\/www.ufmg.br\/cac\/wp-json\/wp\/v2\/media?parent=1998"}],"curies":[{"name":"wp","href":"https:\/\/api.w.org\/{rel}","templated":true}]}}