{"id":2096,"date":"2025-03-19T11:23:30","date_gmt":"2025-03-19T14:23:30","guid":{"rendered":"https:\/\/www.ufmg.br\/cac\/?page_id=2096"},"modified":"2026-03-30T07:34:45","modified_gmt":"2026-03-30T10:34:45","slug":"eleicoes-2025","status":"publish","type":"page","link":"https:\/\/www.ufmg.br\/cac\/comicao-eleitoral-central\/cec-consultas-eleitorais-centralizadas\/eleicoes-2025\/","title":{"rendered":"Elei\u00e7\u00f5es &#8211; 2025"},"content":{"rendered":"\n<p><strong>Abaixo voc\u00ea encontrar\u00e1 todas as informa\u00e7\u00f5es referentes aos processos eleitorais da UFMG 2025.<\/strong><\/p>\n\n\n\n<div class=\"wp-block-buttons\">\n<div class=\"wp-block-button is-style-outline\"><a class=\"wp-block-button__link has-vivid-cyan-blue-color has-text-color no-border-radius\" href=\"https:\/\/www.ufmg.br\/cac\/editais-cec-01-2025-a-cec-10-2025\/\"><strong>Editais CEC 01-2025 a CEC 10-2025<\/strong><\/a><\/div>\n<\/div>\n","protected":false},"excerpt":{"rendered":"<p>Abaixo voc\u00ea encontrar\u00e1 todas as informa\u00e7\u00f5es referentes aos processos eleitorais [&hellip;]<\/p>\n","protected":false},"author":3,"featured_media":0,"parent":2442,"menu_order":0,"comment_status":"closed","ping_status":"closed","template":"","meta":[],"_links":{"self":[{"href":"https:\/\/www.ufmg.br\/cac\/wp-json\/wp\/v2\/pages\/2096"}],"collection":[{"href":"https:\/\/www.ufmg.br\/cac\/wp-json\/wp\/v2\/pages"}],"about":[{"href":"https:\/\/www.ufmg.br\/cac\/wp-json\/wp\/v2\/types\/page"}],"author":[{"embeddable":true,"href":"https:\/\/www.ufmg.br\/cac\/wp-json\/wp\/v2\/users\/3"}],"replies":[{"embeddable":true,"href":"https:\/\/www.ufmg.br\/cac\/wp-json\/wp\/v2\/comments?post=2096"}],"version-history":[{"count":2,"href":"https:\/\/www.ufmg.br\/cac\/wp-json\/wp\/v2\/pages\/2096\/revisions"}],"predecessor-version":[{"id":2101,"href":"https:\/\/www.ufmg.br\/cac\/wp-json\/wp\/v2\/pages\/2096\/revisions\/2101"}],"up":[{"embeddable":true,"href":"https:\/\/www.ufmg.br\/cac\/wp-json\/wp\/v2\/pages\/2442"}],"wp:attachment":[{"href":"https:\/\/www.ufmg.br\/cac\/wp-json\/wp\/v2\/media?parent=2096"}],"curies":[{"name":"wp","href":"https:\/\/api.w.org\/{rel}","templated":true}]}}