{"id":2277,"date":"2025-09-29T12:50:08","date_gmt":"2025-09-29T15:50:08","guid":{"rendered":"https:\/\/www.ufmg.br\/cac\/?page_id=2277"},"modified":"2026-03-25T16:08:57","modified_gmt":"2026-03-25T19:08:57","slug":"cp001-2025-convocacoes","status":"publish","type":"page","link":"https:\/\/www.ufmg.br\/cac\/emei\/cp001-2025-chamada-publica\/cp001-2025-convocacoes\/","title":{"rendered":"Convoca\u00e7\u00f5es &#8211; CHAMADA P\u00daBLICA N\u00ba 001\/2025"},"content":{"rendered":"\n<figure class=\"wp-block-table\"><table><tbody><tr><td class=\"has-text-align-center\" data-align=\"center\"><a href=\"https:\/\/www.ufmg.br\/cac\/chamada-publica-no-001-2025-25-03-2026-8a-chamada\/\" target=\"_blank\" rel=\"noreferrer noopener\">25\/03\/2026<\/a><\/td><\/tr><tr><td class=\"has-text-align-center\" data-align=\"center\"><a rel=\"noreferrer noopener\" href=\"https:\/\/www.ufmg.br\/cac\/chamada-publica-no-001-2025-19-03-2026-7a-chamada\/\" target=\"_blank\">13\/03\/2026<\/a><\/td><\/tr><tr><td class=\"has-text-align-center\" data-align=\"center\"><a href=\"https:\/\/www.ufmg.br\/cac\/emei\/cp001-2025-chamada-publica\/cp001-2025-convocacoes\/chamada-publica-n-001-2026-06-03-2026-6a-chamada\/\" data-type=\"URL\" data-id=\"https:\/\/www.ufmg.br\/cac\/emei\/cp001-2025-chamada-publica\/cp001-2025-convocacoes\/chamada-publica-n-001-2026-06-03-2026-6a-chamada\/\">06\/03\/2026<\/a><\/td><\/tr><tr><td class=\"has-text-align-center\" data-align=\"center\"><a href=\"https:\/\/www.ufmg.br\/cac\/emei\/cp001-2025-chamada-publica\/cp001-2025-convocacoes\/chamada-publica-n-001-2025-20-02-2026-5a-chamada\/\" data-type=\"URL\" data-id=\"https:\/\/www.ufmg.br\/cac\/emei\/cp001-2025-chamada-publica\/cp001-2025-convocacoes\/chamada-publica-n-001-2025-20-02-2026-5a-chamada\/\">20\/02\/2026<\/a><\/td><\/tr><tr><td class=\"has-text-align-center\" data-align=\"center\"><a href=\"https:\/\/www.ufmg.br\/cac\/emei\/cp001-2025-chamada-publica\/cp001-2025-convocacoes\/chamada-publica-n-001-2025-06-02-2026-4a-chamada\/\" data-type=\"URL\" data-id=\"https:\/\/www.ufmg.br\/cac\/emei\/cp001-2025-chamada-publica\/cp001-2025-convocacoes\/chamada-publica-n-001-2025-06-02-2026-4a-chamada\/\">06\/02\/2026<\/a><\/td><\/tr><tr><td class=\"has-text-align-center\" data-align=\"center\"><a href=\"https:\/\/www.ufmg.br\/cac\/chamada-publica-no-001-2025-28-01-2026-3a-chamada\/\">28\/01\/2026<\/a><\/td><\/tr><tr><td class=\"has-text-align-center\" data-align=\"center\"><a href=\"https:\/\/www.ufmg.br\/cac\/emei\/cp001-2025-chamada-publica\/cp001-2025-convocacoes\/chamada-publica-n-001-2025-21-01-2026-2a-chamada\/\" data-type=\"URL\" data-id=\"https:\/\/www.ufmg.br\/cac\/emei\/cp001-2025-chamada-publica\/cp001-2025-convocacoes\/chamada-publica-n-001-2025-21-01-2026-2a-chamada\/\">21\/01\/2026<\/a><\/td><\/tr><\/tbody><\/table><\/figure>\n\n\n\n<p><\/p>\n","protected":false},"excerpt":{"rendered":"<p>25\/03\/2026 13\/03\/2026 06\/03\/2026 20\/02\/2026 06\/02\/2026 28\/01\/2026 21\/01\/2026<\/p>\n","protected":false},"author":3,"featured_media":0,"parent":2264,"menu_order":0,"comment_status":"closed","ping_status":"closed","template":"","meta":[],"_links":{"self":[{"href":"https:\/\/www.ufmg.br\/cac\/wp-json\/wp\/v2\/pages\/2277"}],"collection":[{"href":"https:\/\/www.ufmg.br\/cac\/wp-json\/wp\/v2\/pages"}],"about":[{"href":"https:\/\/www.ufmg.br\/cac\/wp-json\/wp\/v2\/types\/page"}],"author":[{"embeddable":true,"href":"https:\/\/www.ufmg.br\/cac\/wp-json\/wp\/v2\/users\/3"}],"replies":[{"embeddable":true,"href":"https:\/\/www.ufmg.br\/cac\/wp-json\/wp\/v2\/comments?post=2277"}],"version-history":[{"count":9,"href":"https:\/\/www.ufmg.br\/cac\/wp-json\/wp\/v2\/pages\/2277\/revisions"}],"predecessor-version":[{"id":2420,"href":"https:\/\/www.ufmg.br\/cac\/wp-json\/wp\/v2\/pages\/2277\/revisions\/2420"}],"up":[{"embeddable":true,"href":"https:\/\/www.ufmg.br\/cac\/wp-json\/wp\/v2\/pages\/2264"}],"wp:attachment":[{"href":"https:\/\/www.ufmg.br\/cac\/wp-json\/wp\/v2\/media?parent=2277"}],"curies":[{"name":"wp","href":"https:\/\/api.w.org\/{rel}","templated":true}]}}