{"id":2375,"date":"2026-01-28T15:18:59","date_gmt":"2026-01-28T18:18:59","guid":{"rendered":"https:\/\/www.ufmg.br\/cac\/?page_id=2375"},"modified":"2026-01-28T15:19:56","modified_gmt":"2026-01-28T18:19:56","slug":"chamada-publica-no-001-2025-28-01-2026-3a-chamada","status":"publish","type":"page","link":"https:\/\/www.ufmg.br\/cac\/emei\/cp001-2025-chamada-publica\/cp001-2025-convocacoes\/chamada-publica-no-001-2025-28-01-2026-3a-chamada\/","title":{"rendered":"Chamada P\u00fablica N\u00ba 001\/2025 &#8211; 28\/01\/2026 &#8211; 3a Chamada"},"content":{"rendered":"\n<p><strong>CONVOCAMOS<\/strong> as fam\u00edlias das crian\u00e7as das faixas et\u00e1rias 1 (0-1 ano) e 2 (1-2 anos), abaixo relacionadas, em lista de espera no processo seletivo EMEI Ala\u00edde Lisboa 2025, para efetiva\u00e7\u00e3o de matr\u00edcula, conforme turno especificado na planilha ou a ser definido na Escola, para o ano de 2026. A matr\u00edcula dever\u00e1 ser realizada na Secretaria da EMEI, no per\u00edodo de <strong>29\/01\/26 a 04\/02\/2026 (apenas dias \u00fateis)<\/strong>, no hor\u00e1rio de 08:00hs \u00e0s 13:30hs <strong>(dias 29 e 30\/01\/2026)<\/strong> e no hor\u00e1rio de 08:00hs \u00e0s 16:00hs <strong>(dias 02, 03 e 04\/02\/2026)<\/strong>.<\/p>\n\n\n\n<p>Convoca\u00e7\u00e3o: <a href=\"https:\/\/www.ufmg.br\/cac\/wp-content\/uploads\/2026\/01\/cp-001_2025-convocacao-28012026.pdf\" target=\"_blank\" rel=\"noreferrer noopener\">Download<\/a><\/p>\n","protected":false},"excerpt":{"rendered":"<p>CONVOCAMOS as fam\u00edlias das crian\u00e7as das faixas et\u00e1rias 1 (0-1 [&hellip;]<\/p>\n","protected":false},"author":2,"featured_media":0,"parent":2277,"menu_order":0,"comment_status":"closed","ping_status":"closed","template":"","meta":[],"_links":{"self":[{"href":"https:\/\/www.ufmg.br\/cac\/wp-json\/wp\/v2\/pages\/2375"}],"collection":[{"href":"https:\/\/www.ufmg.br\/cac\/wp-json\/wp\/v2\/pages"}],"about":[{"href":"https:\/\/www.ufmg.br\/cac\/wp-json\/wp\/v2\/types\/page"}],"author":[{"embeddable":true,"href":"https:\/\/www.ufmg.br\/cac\/wp-json\/wp\/v2\/users\/2"}],"replies":[{"embeddable":true,"href":"https:\/\/www.ufmg.br\/cac\/wp-json\/wp\/v2\/comments?post=2375"}],"version-history":[{"count":1,"href":"https:\/\/www.ufmg.br\/cac\/wp-json\/wp\/v2\/pages\/2375\/revisions"}],"predecessor-version":[{"id":2378,"href":"https:\/\/www.ufmg.br\/cac\/wp-json\/wp\/v2\/pages\/2375\/revisions\/2378"}],"up":[{"embeddable":true,"href":"https:\/\/www.ufmg.br\/cac\/wp-json\/wp\/v2\/pages\/2277"}],"wp:attachment":[{"href":"https:\/\/www.ufmg.br\/cac\/wp-json\/wp\/v2\/media?parent=2375"}],"curies":[{"name":"wp","href":"https:\/\/api.w.org\/{rel}","templated":true}]}}