{"id":2448,"date":"2026-03-30T07:52:53","date_gmt":"2026-03-30T10:52:53","guid":{"rendered":"https:\/\/www.ufmg.br\/cac\/?page_id=2448"},"modified":"2026-03-30T07:52:53","modified_gmt":"2026-03-30T10:52:53","slug":"cec-suporte","status":"publish","type":"page","link":"https:\/\/www.ufmg.br\/cac\/comicao-eleitoral-central\/cec-suporte\/","title":{"rendered":"Suporte"},"content":{"rendered":"\n<p>Caso seja necess\u00e1rio algum apoio relativo ao Sistema de Consultas da UFMG, existem dois servi\u00e7os de suporte:<\/p>\n\n\n\n<ul><li>Quando a d\u00favida for relacionada a editais de consultas eleitorais, cadastramento de pessoas autorizadas a administrar o sistema, informa\u00e7\u00f5es sobre &#8220;como administrar&#8221; o sistema, identifica\u00e7\u00e3o de votantes e assuntos similares, acione o suporte da Coordenadoria de Assuntos Comunit\u00e1rios (CAC) enviando e-mail para <a href=\"mailto:consultas-suporte@cac.ufmg.br\">consultas-suporte@cac.ufmg.br<\/a>;<\/li><li>Caso sua necessidade diga respeito a indisponibilidade ou mau funcionamento do sistema, acesso ao MinhaUFMG, problemas ao votar e assuntos similares, acione o suporte da Diretoria de Tecnologia da Informa\u00e7\u00e3o (DTI) enviando e-mail para <a href=\"mailto:suporte@dti.ufmg.br\">suporte@dti.ufmg.br<\/a>.<\/li><\/ul>\n\n\n\n<p><\/p>\n","protected":false},"excerpt":{"rendered":"<p>Caso seja necess\u00e1rio algum apoio relativo ao Sistema de Consultas [&hellip;]<\/p>\n","protected":false},"author":3,"featured_media":0,"parent":305,"menu_order":0,"comment_status":"closed","ping_status":"closed","template":"","meta":[],"_links":{"self":[{"href":"https:\/\/www.ufmg.br\/cac\/wp-json\/wp\/v2\/pages\/2448"}],"collection":[{"href":"https:\/\/www.ufmg.br\/cac\/wp-json\/wp\/v2\/pages"}],"about":[{"href":"https:\/\/www.ufmg.br\/cac\/wp-json\/wp\/v2\/types\/page"}],"author":[{"embeddable":true,"href":"https:\/\/www.ufmg.br\/cac\/wp-json\/wp\/v2\/users\/3"}],"replies":[{"embeddable":true,"href":"https:\/\/www.ufmg.br\/cac\/wp-json\/wp\/v2\/comments?post=2448"}],"version-history":[{"count":1,"href":"https:\/\/www.ufmg.br\/cac\/wp-json\/wp\/v2\/pages\/2448\/revisions"}],"predecessor-version":[{"id":2449,"href":"https:\/\/www.ufmg.br\/cac\/wp-json\/wp\/v2\/pages\/2448\/revisions\/2449"}],"up":[{"embeddable":true,"href":"https:\/\/www.ufmg.br\/cac\/wp-json\/wp\/v2\/pages\/305"}],"wp:attachment":[{"href":"https:\/\/www.ufmg.br\/cac\/wp-json\/wp\/v2\/media?parent=2448"}],"curies":[{"name":"wp","href":"https:\/\/api.w.org\/{rel}","templated":true}]}}