{"id":305,"date":"2022-09-21T11:00:32","date_gmt":"2022-09-21T14:00:32","guid":{"rendered":"https:\/\/www.ufmg.br\/cac\/?page_id=305"},"modified":"2026-03-30T06:49:16","modified_gmt":"2026-03-30T09:49:16","slug":"comicao-eleitoral-central","status":"publish","type":"page","link":"https:\/\/www.ufmg.br\/cac\/comicao-eleitoral-central\/","title":{"rendered":"Comiss\u00e3o Eleitoral Central (CEC)"},"content":{"rendered":"\n<p>Para informa\u00e7\u00f5es sobre elei\u00e7\u00f5es da UFMG, consulte o menu ao lado.<\/p>\n","protected":false},"excerpt":{"rendered":"<p>Para informa\u00e7\u00f5es sobre elei\u00e7\u00f5es da UFMG, consulte o menu ao [&hellip;]<\/p>\n","protected":false},"author":2,"featured_media":0,"parent":0,"menu_order":0,"comment_status":"closed","ping_status":"closed","template":"","meta":[],"_links":{"self":[{"href":"https:\/\/www.ufmg.br\/cac\/wp-json\/wp\/v2\/pages\/305"}],"collection":[{"href":"https:\/\/www.ufmg.br\/cac\/wp-json\/wp\/v2\/pages"}],"about":[{"href":"https:\/\/www.ufmg.br\/cac\/wp-json\/wp\/v2\/types\/page"}],"author":[{"embeddable":true,"href":"https:\/\/www.ufmg.br\/cac\/wp-json\/wp\/v2\/users\/2"}],"replies":[{"embeddable":true,"href":"https:\/\/www.ufmg.br\/cac\/wp-json\/wp\/v2\/comments?post=305"}],"version-history":[{"count":3,"href":"https:\/\/www.ufmg.br\/cac\/wp-json\/wp\/v2\/pages\/305\/revisions"}],"predecessor-version":[{"id":2425,"href":"https:\/\/www.ufmg.br\/cac\/wp-json\/wp\/v2\/pages\/305\/revisions\/2425"}],"wp:attachment":[{"href":"https:\/\/www.ufmg.br\/cac\/wp-json\/wp\/v2\/media?parent=305"}],"curies":[{"name":"wp","href":"https:\/\/api.w.org\/{rel}","templated":true}]}}