{"id":37,"date":"2020-06-08T10:18:34","date_gmt":"2020-06-08T13:18:34","guid":{"rendered":"https:\/\/www.ufmg.br\/cac\/\/?page_id=37"},"modified":"2022-10-06T11:21:14","modified_gmt":"2022-10-06T14:21:14","slug":"acessibilidade","status":"publish","type":"page","link":"https:\/\/www.ufmg.br\/cac\/acessibilidade\/","title":{"rendered":"Acessibilidade"},"content":{"rendered":"\n<p style=\"text-align: justify;\">O termo acessibilidade significa incluir a pessoa com defici\u00eancia na participa\u00e7\u00e3o de atividades como o uso de produtos, servi\u00e7os e informa\u00e7\u00f5es. Alguns exemplos s\u00e3o os pr\u00e9dios com rampas de acesso para cadeira de rodas, banheiros adaptados para deficientes e pol\u00edticas espec\u00edficas que, na UFMG, s\u00e3o coordenadas pelo <a href=\"https:\/\/www.ufmg.br\/nai\" target=\"_blank\" rel=\"noopener\">N\u00facleo de Acessibilidade e Inclus\u00e3o<\/a> (NAI) e constituem compromisso com o respeito ao acesso da informa\u00e7\u00e3o e \u00e0 diversidade.<\/p>\n<p style=\"text-align: justify;\">Na internet, acessibilidade se refere sobretudo \u00e0s recomenda\u00e7\u00f5es do World Content Accessibility Guide (WCAG) do W3C\u00a0e, no caso do governo federal, ao e-MAG (<a href=\"http:\/\/emag.governoeletronico.gov.br\/\" target=\"_blank\" rel=\"noopener\">Modelo de Acessibilidade em Governo Eletr\u00f4nico<\/a>). O e-MAG est\u00e1 alinhado \u00e0s recomenda\u00e7\u00f5es internacionais, mas estabelece padr\u00f5es de comportamento acess\u00edvel para sites da administra\u00e7\u00e3o p\u00fablica federal.<\/p>\n<p style=\"text-align: justify;\">Na barra superior do Portal o usu\u00e1rio encontra a op\u00e7\u00e3o para alterar o contraste e no rodap\u00e9 est\u00e1 o mapa do site. Os recursos est\u00e3o dispon\u00edveis em todas as p\u00e1ginas do portal.<\/p>\n<p style=\"text-align: justify;\">Governo digital<\/p>\n<p style=\"text-align: justify;\"><a href=\"https:\/\/www.gov.br\/governodigital\/pt-br\/acessibilidade-digital\" target=\"_blank\" rel=\"noopener\">Acesse, neste link, arquivos do site\u00a0Governo Digital<\/a>\u00a0sobre recomenda\u00e7\u00f5es em acessibilidade<\/p>\n<p style=\"text-align: justify;\">[<em class=\"redactor-inline-converted\">Texto adaptado da aba\u00a0Acessibilidade do portal do governo federal<\/em>]<\/p>\n\n\n\n<p><\/p>\n","protected":false},"excerpt":{"rendered":"<p>O termo acessibilidade significa incluir a pessoa com defici\u00eancia na [&hellip;]<\/p>\n","protected":false},"author":1,"featured_media":0,"parent":0,"menu_order":0,"comment_status":"closed","ping_status":"closed","template":"","meta":[],"_links":{"self":[{"href":"https:\/\/www.ufmg.br\/cac\/wp-json\/wp\/v2\/pages\/37"}],"collection":[{"href":"https:\/\/www.ufmg.br\/cac\/wp-json\/wp\/v2\/pages"}],"about":[{"href":"https:\/\/www.ufmg.br\/cac\/wp-json\/wp\/v2\/types\/page"}],"author":[{"embeddable":true,"href":"https:\/\/www.ufmg.br\/cac\/wp-json\/wp\/v2\/users\/1"}],"replies":[{"embeddable":true,"href":"https:\/\/www.ufmg.br\/cac\/wp-json\/wp\/v2\/comments?post=37"}],"version-history":[{"count":3,"href":"https:\/\/www.ufmg.br\/cac\/wp-json\/wp\/v2\/pages\/37\/revisions"}],"predecessor-version":[{"id":1165,"href":"https:\/\/www.ufmg.br\/cac\/wp-json\/wp\/v2\/pages\/37\/revisions\/1165"}],"wp:attachment":[{"href":"https:\/\/www.ufmg.br\/cac\/wp-json\/wp\/v2\/media?parent=37"}],"curies":[{"name":"wp","href":"https:\/\/api.w.org\/{rel}","templated":true}]}}