{"id":392,"date":"2022-09-21T14:36:06","date_gmt":"2022-09-21T17:36:06","guid":{"rendered":"https:\/\/www.ufmg.br\/cac\/?page_id=392"},"modified":"2022-09-30T13:31:55","modified_gmt":"2022-09-30T16:31:55","slug":"cp001-2018-convocacoes","status":"publish","type":"page","link":"https:\/\/www.ufmg.br\/cac\/emei\/cp001-2018-chamada-publica\/cp001-2018-convocacoes\/","title":{"rendered":"Convoca\u00e7\u00f5es &#8211; CHAMADA P\u00daBLICA N\u00ba 001\/2018"},"content":{"rendered":"\n<p><\/p>\n\n\n\n<figure class=\"wp-block-table\"><table><tbody><tr><td class=\"has-text-align-center\" data-align=\"center\"><a href=\"https:\/\/www.ufmg.br\/cac\/emei\/cp001-2018-chamada-publica\/cp001-2018-convocacoes\/chamada-publica-no-001-2018-06-02-2019\/\" data-type=\"page\" data-id=\"401\">06\/02\/2019<\/a><\/td><\/tr><tr><td class=\"has-text-align-center\" data-align=\"center\"><a href=\"https:\/\/www.ufmg.br\/cac\/emei\/cp001-2018-chamada-publica\/cp001-2018-convocacoes\/chamada-publica-no-001-2018-03-09-2019\/\" data-type=\"page\" data-id=\"986\">03\/09\/2019<\/a><\/td><\/tr><\/tbody><\/table><\/figure>\n","protected":false},"excerpt":{"rendered":"<p>06\/02\/2019 03\/09\/2019<\/p>\n","protected":false},"author":2,"featured_media":0,"parent":240,"menu_order":0,"comment_status":"closed","ping_status":"closed","template":"","meta":[],"_links":{"self":[{"href":"https:\/\/www.ufmg.br\/cac\/wp-json\/wp\/v2\/pages\/392"}],"collection":[{"href":"https:\/\/www.ufmg.br\/cac\/wp-json\/wp\/v2\/pages"}],"about":[{"href":"https:\/\/www.ufmg.br\/cac\/wp-json\/wp\/v2\/types\/page"}],"author":[{"embeddable":true,"href":"https:\/\/www.ufmg.br\/cac\/wp-json\/wp\/v2\/users\/2"}],"replies":[{"embeddable":true,"href":"https:\/\/www.ufmg.br\/cac\/wp-json\/wp\/v2\/comments?post=392"}],"version-history":[{"count":8,"href":"https:\/\/www.ufmg.br\/cac\/wp-json\/wp\/v2\/pages\/392\/revisions"}],"predecessor-version":[{"id":991,"href":"https:\/\/www.ufmg.br\/cac\/wp-json\/wp\/v2\/pages\/392\/revisions\/991"}],"up":[{"embeddable":true,"href":"https:\/\/www.ufmg.br\/cac\/wp-json\/wp\/v2\/pages\/240"}],"wp:attachment":[{"href":"https:\/\/www.ufmg.br\/cac\/wp-json\/wp\/v2\/media?parent=392"}],"curies":[{"name":"wp","href":"https:\/\/api.w.org\/{rel}","templated":true}]}}