{"id":16484,"date":"2022-01-26T10:16:42","date_gmt":"2022-01-26T13:16:42","guid":{"rendered":"https:\/\/www.ufmg.br\/centrocultural\/?page_id=16484"},"modified":"2026-03-17T11:28:52","modified_gmt":"2026-03-17T14:28:52","slug":"comunicacao","status":"publish","type":"page","link":"https:\/\/www.ufmg.br\/centrocultural\/comunicacao\/","title":{"rendered":"Comunica\u00e7\u00e3o"},"content":{"rendered":"<div id=\"cmsmasters_row_wyei44w7j6\" class=\"cmsmasters_row cmsmasters_color_scheme_default cmsmasters_row_top_default cmsmasters_row_bot_default cmsmasters_row_boxed\">\n<div class=\"cmsmasters_row_outer_parent\">\n<div class=\"cmsmasters_row_outer\">\n<div class=\"cmsmasters_row_inner\">\n<div class=\"cmsmasters_row_margin\">\n<div id=\"cmsmasters_column_dgy678zn78\" class=\"cmsmasters_column one_first\">\n<div class=\"cmsmasters_column_inner\"><div id=\"cmsmasters_heading_adn69w7or8\" class=\"cmsmasters_heading_wrap cmsmasters_heading_align_left\">\n\t<h5 class=\"cmsmasters_heading\">Servi\u00e7os de comunica\u00e7\u00e3o<\/h5>\n<\/div>\n<\/div><\/div>\n<\/div>\n<\/div>\n<\/div>\n<\/div>\n<\/div>\n<div id=\"cmsmasters_row_p5imvzg7gr\" class=\"cmsmasters_row cmsmasters_color_scheme_default cmsmasters_row_top_default cmsmasters_row_bot_default cmsmasters_row_boxed\">\n<div class=\"cmsmasters_row_outer_parent\">\n<div class=\"cmsmasters_row_outer\">\n<div class=\"cmsmasters_row_inner\">\n<div class=\"cmsmasters_row_margin\">\n<div id=\"cmsmasters_column_hi5wcqg0h6\" class=\"cmsmasters_column one_first\">\n<div class=\"cmsmasters_column_inner\"><div id=\"cmsmasters_heading_qw2z5r521\" class=\"cmsmasters_heading_wrap cmsmasters_heading_align_left\">\n\t<h2 class=\"cmsmasters_heading\">Para saber mais<\/h2>\n<\/div>\n<\/div><\/div>\n<\/div>\n<\/div>\n<\/div>\n<\/div>\n<\/div>\n<div id=\"cmsmasters_row_\" class=\"cmsmasters_row cmsmasters_color_scheme_default cmsmasters_row_top_default cmsmasters_row_bot_default cmsmasters_row_boxed\">\n<div class=\"cmsmasters_row_outer_parent\">\n<div class=\"cmsmasters_row_outer\">\n<div class=\"cmsmasters_row_inner\">\n<div class=\"cmsmasters_row_margin\">\n<div id=\"cmsmasters_column_\" class=\"cmsmasters_column one_first\">\n<div class=\"cmsmasters_column_inner\"><div class=\"cmsmasters_text\">\n<\/div>\n<div id=\"cmsmasters_row_0b15982d4a\" class=\"cmsmasters_row cmsmasters_color_scheme_default cmsmasters_row_top_default cmsmasters_row_bot_default cmsmasters_row_boxed\">\n<div class=\"cmsmasters_row_outer_parent\">\n<div class=\"cmsmasters_row_outer\">\n<div class=\"cmsmasters_row_inner\">\n<div class=\"cmsmasters_row_margin\">\n<\/div>\n<\/div>\n<\/div>\n<\/div>\n<\/div>\n<div id=\"cmsmasters_column_\" class=\"cmsmasters_column one_first\">\n<div class=\"cmsmasters_column_inner\"><\/div><\/div>\n<\/div><\/div>\n<\/div>\n<\/div>\n<\/div>\n<\/div>\n<\/div>\n<div id=\"cmsmasters_row_\" class=\"cmsmasters_row cmsmasters_color_scheme_default cmsmasters_row_top_default cmsmasters_row_bot_default cmsmasters_row_boxed\">\n<div class=\"cmsmasters_row_outer_parent\">\n<div class=\"cmsmasters_row_outer\">\n<div class=\"cmsmasters_row_inner\">\n<div class=\"cmsmasters_row_margin\">\n<div id=\"cmsmasters_column_\" class=\"cmsmasters_column one_first\">\n<div class=\"cmsmasters_column_inner\"><div class=\"cmsmasters_text\">\n<\/div>\n<div id=\"cmsmasters_row_0b15982d4a\" class=\"cmsmasters_row cmsmasters_color_scheme_default cmsmasters_row_top_default cmsmasters_row_bot_default cmsmasters_row_boxed\">\n<div class=\"cmsmasters_row_outer_parent\">\n<div class=\"cmsmasters_row_outer\">\n<div class=\"cmsmasters_row_inner\">\n<div class=\"cmsmasters_row_margin\">\n<\/div>\n<\/div>\n<\/div>\n<\/div>\n<\/div>\n<div id=\"cmsmasters_column_\" class=\"cmsmasters_column one_first\">\n<div class=\"cmsmasters_column_inner\"><\/div><\/div>\n<\/div><\/div>\n<\/div>\n<\/div>\n<\/div>\n<\/div>\n<\/div>\n<div id=\"cmsmasters_row_a7b5b97877\" class=\"cmsmasters_row cmsmasters_color_scheme_default cmsmasters_row_top_default cmsmasters_row_bot_default cmsmasters_row_boxed\">\n<div class=\"cmsmasters_row_outer_parent\">\n<div class=\"cmsmasters_row_outer\">\n<div class=\"cmsmasters_row_inner\">\n<div class=\"cmsmasters_row_margin\">\n<div id=\"cmsmasters_column_\" class=\"cmsmasters_column one_third\">\n<div class=\"cmsmasters_column_inner\"><div id=\"cmsmasters_fb_11f5ca422b\" class=\"cmsmasters_featured_block\">\n<div class=\"featured_block_inner\">\n<div class=\"featured_block_text\">\n<p><img loading=\"lazy\" decoding=\"async\" class=\"alignnone wp-image-19072\" src=\"https:\/\/www.ufmg.br\/centrocultural\/wp-content\/uploads\/2022\/07\/14550100240_e2e7f69dd5_c-600x400.jpg\" alt=\"\" width=\"300\" height=\"200\" srcset=\"https:\/\/www.ufmg.br\/centrocultural\/wp-content\/uploads\/2022\/07\/14550100240_e2e7f69dd5_c-600x400.jpg 600w, https:\/\/www.ufmg.br\/centrocultural\/wp-content\/uploads\/2022\/07\/14550100240_e2e7f69dd5_c-768x512.jpg 768w, https:\/\/www.ufmg.br\/centrocultural\/wp-content\/uploads\/2022\/07\/14550100240_e2e7f69dd5_c-580x387.jpg 580w, https:\/\/www.ufmg.br\/centrocultural\/wp-content\/uploads\/2022\/07\/14550100240_e2e7f69dd5_c.jpg 799w\" sizes=\"auto, (max-width: 300px) 100vw, 300px\" \/><\/p>\n<h2>Not\u00edcias<\/h2>\n<p>Acompanhe pelo nosso blog as not\u00edcias atualizadas sobre exposi\u00e7\u00f5es, espet\u00e1culos e todos os fatos do Centro Cultural UFMG<\/p>\n<div id=\"cmsmasters_button_8e70d2fe81\" class=\"button_wrap\"><a href=\"https:\/\/www.ufmg.br\/centrocultural\/comunicacao\/noticias\/\" class=\"cmsmasters_button\"><span>Acesse<\/span><\/a><\/div>\n\n<\/div>\n<\/div>\n<\/div>\n<\/div><\/div>\n<div id=\"cmsmasters_column_\" class=\"cmsmasters_column one_third\">\n<div class=\"cmsmasters_column_inner\"><div id=\"cmsmasters_fb_218a106595\" class=\"cmsmasters_featured_block\">\n<div class=\"featured_block_inner\">\n<div class=\"featured_block_text\">\n<h2><img loading=\"lazy\" decoding=\"async\" class=\"alignnone wp-image-19070\" src=\"https:\/\/www.ufmg.br\/centrocultural\/wp-content\/uploads\/2022\/07\/42154855951_a87bf72e2d_c-600x400.jpg\" alt=\"\" width=\"300\" height=\"200\" srcset=\"https:\/\/www.ufmg.br\/centrocultural\/wp-content\/uploads\/2022\/07\/42154855951_a87bf72e2d_c-600x400.jpg 600w, https:\/\/www.ufmg.br\/centrocultural\/wp-content\/uploads\/2022\/07\/42154855951_a87bf72e2d_c-768x512.jpg 768w, https:\/\/www.ufmg.br\/centrocultural\/wp-content\/uploads\/2022\/07\/42154855951_a87bf72e2d_c-580x387.jpg 580w, https:\/\/www.ufmg.br\/centrocultural\/wp-content\/uploads\/2022\/07\/42154855951_a87bf72e2d_c.jpg 799w\" sizes=\"auto, (max-width: 300px) 100vw, 300px\" \/><\/h2>\n<h2>Podcasts<\/h2>\n<p>Acesse epis\u00f3dios de todas as s\u00e9ries de nossos podcasts que trazem a p\u00fablico o debate sobre leitura, m\u00fasica, teatro e cultural em geral<\/p>\n<div id=\"cmsmasters_button_87ee1e2330\" class=\"button_wrap\"><a href=\"https:\/\/www.ufmg.br\/centrocultural\/comunicacao\/podcasts\" class=\"cmsmasters_button\"><span>Acesse<\/span><\/a><\/div>\n\n<\/div>\n<\/div>\n<\/div>\n<\/div><\/div>\n<div id=\"cmsmasters_column_\" class=\"cmsmasters_column one_third\">\n<div class=\"cmsmasters_column_inner\"><div id=\"cmsmasters_fb_218a106595\" class=\"cmsmasters_featured_block\">\n<div class=\"featured_block_inner\">\n<div class=\"featured_block_text\">\n<h2><img loading=\"lazy\" decoding=\"async\" class=\"alignnone wp-image-24750\" src=\"https:\/\/www.ufmg.br\/centrocultural\/wp-content\/uploads\/2023\/06\/revista-guaicurus-capa.jpg\" alt=\"\" width=\"300\" height=\"200\" srcset=\"https:\/\/www.ufmg.br\/centrocultural\/wp-content\/uploads\/2023\/06\/revista-guaicurus-capa.jpg 599w, https:\/\/www.ufmg.br\/centrocultural\/wp-content\/uploads\/2023\/06\/revista-guaicurus-capa-580x386.jpg 580w\" sizes=\"auto, (max-width: 300px) 100vw, 300px\" \/><\/h2>\n<h2>Guaicurus<\/h2>\n<p>Revista do Centro Cultural UFMG dedicada ao debate da arte e cultura. Todas as edi\u00e7\u00f5es est\u00e3o online e dispon\u00edveis para download.<\/p>\n<div id=\"cmsmasters_button_87ee1e2330\" class=\"button_wrap\"><a href=\"https:\/\/www.ufmg.br\/centrocultural\/comunicacao\/revista-guaicurus\" class=\"cmsmasters_button\"><span>Acesse<\/span><\/a><\/div>\n\n<\/div>\n<\/div>\n<\/div>\n<\/div><\/div>\n<\/div>\n<\/div>\n<\/div>\n<\/div>\n<\/div>\n<div id=\"cmsmasters_row_4ecf7b3e9f\" class=\"cmsmasters_row cmsmasters_color_scheme_default cmsmasters_row_top_default cmsmasters_row_bot_default cmsmasters_row_boxed\">\n<div class=\"cmsmasters_row_outer_parent\">\n<div class=\"cmsmasters_row_outer\">\n<div class=\"cmsmasters_row_inner\">\n<div class=\"cmsmasters_row_margin\">\n<div id=\"cmsmasters_column_\" class=\"cmsmasters_column one_first\">\n<div class=\"cmsmasters_column_inner\">\n<div id=\"cmsmasters_row_0b15982d4a\" class=\"cmsmasters_row cmsmasters_color_scheme_default cmsmasters_row_top_default cmsmasters_row_bot_default cmsmasters_row_boxed\">\n<div class=\"cmsmasters_row_outer_parent\">\n<div class=\"cmsmasters_row_outer\">\n<div class=\"cmsmasters_row_inner\">\n<div class=\"cmsmasters_row_margin\">\n<\/div>\n<\/div>\n<\/div>\n<\/div>\n<\/div>\n<div id=\"cmsmasters_column_\" class=\"cmsmasters_column one_first\">\n<div class=\"cmsmasters_column_inner\"><\/div><\/div>\n<\/div><\/div>\n<\/div>\n<\/div>\n<\/div>\n<\/div>\n<\/div>\n<div id=\"cmsmasters_row_a7b5b97877\" class=\"cmsmasters_row cmsmasters_color_scheme_default cmsmasters_row_top_default cmsmasters_row_bot_default cmsmasters_row_boxed\">\n<div class=\"cmsmasters_row_outer_parent\">\n<div class=\"cmsmasters_row_outer\">\n<div class=\"cmsmasters_row_inner\">\n<div class=\"cmsmasters_row_margin\">\n<div id=\"cmsmasters_column_\" class=\"cmsmasters_column one_third\">\n<div class=\"cmsmasters_column_inner\"><div id=\"cmsmasters_fb_11f5ca422b\" class=\"cmsmasters_featured_block\">\n<div class=\"featured_block_inner\">\n<div class=\"featured_block_text\">\n<p><img loading=\"lazy\" decoding=\"async\" class=\"alignnone wp-image-19066\" src=\"https:\/\/www.ufmg.br\/centrocultural\/wp-content\/uploads\/2022\/07\/24664092150_cf1598d20b_c-600x400.jpg\" alt=\"\" width=\"300\" height=\"200\" srcset=\"https:\/\/www.ufmg.br\/centrocultural\/wp-content\/uploads\/2022\/07\/24664092150_cf1598d20b_c-600x400.jpg 600w, https:\/\/www.ufmg.br\/centrocultural\/wp-content\/uploads\/2022\/07\/24664092150_cf1598d20b_c-768x512.jpg 768w, https:\/\/www.ufmg.br\/centrocultural\/wp-content\/uploads\/2022\/07\/24664092150_cf1598d20b_c-580x387.jpg 580w, https:\/\/www.ufmg.br\/centrocultural\/wp-content\/uploads\/2022\/07\/24664092150_cf1598d20b_c.jpg 799w\" sizes=\"auto, (max-width: 300px) 100vw, 300px\" \/><\/p>\n<h2>Eventos<\/h2>\n<p>Acompanhe a abertura de chamadas p\u00fablicas para bolsistas e para interessados em desenvolver e apresentar projetos art\u00edsticos<\/p>\n<div id=\"cmsmasters_button_8e70d2fe81\" class=\"button_wrap\"><a href=\"https:\/\/www.ufmg.br\/centrocultural\/evento\" class=\"cmsmasters_button\"><span>Acesse<\/span><\/a><\/div>\n\n<\/div>\n<\/div>\n<\/div>\n<\/div><\/div>\n<div id=\"cmsmasters_column_\" class=\"cmsmasters_column one_third\">\n<div class=\"cmsmasters_column_inner\"><div id=\"cmsmasters_fb_218a106595\" class=\"cmsmasters_featured_block\">\n<div class=\"featured_block_inner\">\n<div class=\"featured_block_text\">\n<p><img loading=\"lazy\" decoding=\"async\" class=\"alignnone wp-image-24751\" src=\"https:\/\/www.ufmg.br\/centrocultural\/wp-content\/uploads\/2023\/06\/28080791994_6f6c40947a_c-600x400.jpg\" alt=\"\" width=\"300\" height=\"200\" srcset=\"https:\/\/www.ufmg.br\/centrocultural\/wp-content\/uploads\/2023\/06\/28080791994_6f6c40947a_c-600x400.jpg 600w, https:\/\/www.ufmg.br\/centrocultural\/wp-content\/uploads\/2023\/06\/28080791994_6f6c40947a_c-768x512.jpg 768w, https:\/\/www.ufmg.br\/centrocultural\/wp-content\/uploads\/2023\/06\/28080791994_6f6c40947a_c-580x387.jpg 580w, https:\/\/www.ufmg.br\/centrocultural\/wp-content\/uploads\/2023\/06\/28080791994_6f6c40947a_c.jpg 799w\" sizes=\"auto, (max-width: 300px) 100vw, 300px\" \/><\/p>\n<h2>V\u00eddeos e fotos<\/h2>\n<p>Fique a par das informa\u00e7\u00f5es sobre exposi\u00e7\u00f5es, espet\u00e1culos teatrais, shows musicais, aulas abertas e exibi\u00e7\u00e3o de filmes no Centro Cultural UFMG<\/p>\n<div id=\"cmsmasters_button_87ee1e2330\" class=\"button_wrap\"><a href=\"https:\/\/www.ufmg.br\/centrocultural\/o-comunicacao\/videos-e-fotos\" class=\"cmsmasters_button\"><span>Acesse<\/span><\/a><\/div>\n\n<\/div>\n<\/div>\n<\/div>\n<\/div><\/div>\n<div id=\"cmsmasters_column_\" class=\"cmsmasters_column one_third\">\n<div class=\"cmsmasters_column_inner\"><div id=\"cmsmasters_fb_218a106595\" class=\"cmsmasters_featured_block\">\n<div class=\"featured_block_inner\">\n<div class=\"featured_block_text\">\n<p><img loading=\"lazy\" decoding=\"async\" class=\"alignnone wp-image-19085\" src=\"https:\/\/www.ufmg.br\/centrocultural\/wp-content\/uploads\/2022\/07\/15467953891_0e0c70a9e7_c-600x400.jpg\" alt=\"\" width=\"300\" height=\"200\" srcset=\"https:\/\/www.ufmg.br\/centrocultural\/wp-content\/uploads\/2022\/07\/15467953891_0e0c70a9e7_c-600x400.jpg 600w, https:\/\/www.ufmg.br\/centrocultural\/wp-content\/uploads\/2022\/07\/15467953891_0e0c70a9e7_c-768x512.jpg 768w, https:\/\/www.ufmg.br\/centrocultural\/wp-content\/uploads\/2022\/07\/15467953891_0e0c70a9e7_c-580x387.jpg 580w, https:\/\/www.ufmg.br\/centrocultural\/wp-content\/uploads\/2022\/07\/15467953891_0e0c70a9e7_c.jpg 799w\" sizes=\"auto, (max-width: 300px) 100vw, 300px\" \/><\/p>\n<h2>Portf\u00f3lio<\/h2>\n<p>Conhe\u00e7a, compartilhe e baixe nossos produtos de divulga\u00e7\u00e3o sobre exposi\u00e7\u00f5es e projetos diversos do Centro Cultural UFMG<\/p>\n<div id=\"cmsmasters_button_87ee1e2330\" class=\"button_wrap\"><a href=\"https:\/\/www.ufmg.br\/centrocultural\/comunicacao\/portfolio\" class=\"cmsmasters_button\"><span>Acesse<\/span><\/a><\/div>\n\n<\/div>\n<\/div>\n<\/div>\n<\/div><\/div>\n<\/div>\n<\/div>\n<\/div>\n<\/div>\n<\/div>\n<div id=\"cmsmasters_row_4ecf7b3e9f\" class=\"cmsmasters_row cmsmasters_color_scheme_default cmsmasters_row_top_default cmsmasters_row_bot_default cmsmasters_row_boxed\">\n<div class=\"cmsmasters_row_outer_parent\">\n<div class=\"cmsmasters_row_outer\">\n<div class=\"cmsmasters_row_inner\">\n<div class=\"cmsmasters_row_margin\">\n<div id=\"cmsmasters_column_\" class=\"cmsmasters_column one_first\">\n<div class=\"cmsmasters_column_inner\">\n<div id=\"cmsmasters_row_0b15982d4a\" class=\"cmsmasters_row cmsmasters_color_scheme_default cmsmasters_row_top_default cmsmasters_row_bot_default cmsmasters_row_boxed\">\n<div class=\"cmsmasters_row_outer_parent\">\n<div class=\"cmsmasters_row_outer\">\n<div class=\"cmsmasters_row_inner\">\n<div class=\"cmsmasters_row_margin\">\n<\/div>\n<\/div>\n<\/div>\n<\/div>\n<\/div>\n<div id=\"cmsmasters_column_\" class=\"cmsmasters_column one_first\">\n<div class=\"cmsmasters_column_inner\"><\/div><\/div>\n<div id=\"cmsmasters_row_0b15982d4a\" class=\"cmsmasters_row cmsmasters_color_scheme_default cmsmasters_row_top_default cmsmasters_row_bot_default cmsmasters_row_boxed\">\n<div class=\"cmsmasters_row_outer_parent\">\n<div class=\"cmsmasters_row_outer\">\n<div class=\"cmsmasters_row_inner\">\n<div class=\"cmsmasters_row_margin\">\n<\/div>\n<\/div>\n<\/div>\n<\/div>\n<\/div>\n<div id=\"cmsmasters_column_\" class=\"cmsmasters_column one_first\">\n<div class=\"cmsmasters_column_inner\"><\/div><\/div>\n<\/div><\/div>\n<\/div>\n<\/div>\n<\/div>\n<\/div>\n<\/div>\n<div id=\"cmsmasters_row_a7b5b97877\" class=\"cmsmasters_row cmsmasters_color_scheme_default cmsmasters_row_top_default cmsmasters_row_bot_default cmsmasters_row_boxed\">\n<div class=\"cmsmasters_row_outer_parent\">\n<div class=\"cmsmasters_row_outer\">\n<div class=\"cmsmasters_row_inner\">\n<div class=\"cmsmasters_row_margin\">\n<div id=\"cmsmasters_column_\" class=\"cmsmasters_column one_third\">\n<div class=\"cmsmasters_column_inner\"><div id=\"cmsmasters_fb_11f5ca422b\" class=\"cmsmasters_featured_block\">\n<div class=\"featured_block_inner\">\n<div class=\"featured_block_text\">\n<p><img loading=\"lazy\" decoding=\"async\" class=\"alignnone wp-image-19087\" src=\"https:\/\/www.ufmg.br\/centrocultural\/wp-content\/uploads\/2022\/07\/32967745451_251415d181_c-600x400.jpg\" alt=\"\" width=\"300\" height=\"200\" srcset=\"https:\/\/www.ufmg.br\/centrocultural\/wp-content\/uploads\/2022\/07\/32967745451_251415d181_c-600x400.jpg 600w, https:\/\/www.ufmg.br\/centrocultural\/wp-content\/uploads\/2022\/07\/32967745451_251415d181_c-768x512.jpg 768w, https:\/\/www.ufmg.br\/centrocultural\/wp-content\/uploads\/2022\/07\/32967745451_251415d181_c-580x387.jpg 580w, https:\/\/www.ufmg.br\/centrocultural\/wp-content\/uploads\/2022\/07\/32967745451_251415d181_c.jpg 799w\" sizes=\"auto, (max-width: 300px) 100vw, 300px\" \/><\/p>\n<h2>Redes Sociais<\/h2>\n<p>O Centro Cultural UFMG compartilha com o p\u00fablico seus projetos, imagens e novidades em diversas plataformas sociais<\/p>\n<div id=\"cmsmasters_button_8e70d2fe81\" class=\"button_wrap\"><a href=\"https:\/\/www.ufmg.br\/centrocultural\/comunicacao\/redes-sociais\/\" class=\"cmsmasters_button\"><span>Acesse<\/span><\/a><\/div>\n\n<\/div>\n<\/div>\n<\/div>\n<\/div><\/div>\n<div id=\"cmsmasters_column_\" class=\"cmsmasters_column one_third\">\n<div class=\"cmsmasters_column_inner\"><div id=\"cmsmasters_fb_218a106595\" class=\"cmsmasters_featured_block\">\n<div class=\"featured_block_inner\">\n<div class=\"featured_block_text\">\n<p><img loading=\"lazy\" decoding=\"async\" class=\"alignnone wp-image-24760\" src=\"https:\/\/www.ufmg.br\/centrocultural\/wp-content\/uploads\/2023\/06\/marca-ccult-ufmg3-600x401.jpg\" alt=\"\" width=\"298\" height=\"199\" srcset=\"https:\/\/www.ufmg.br\/centrocultural\/wp-content\/uploads\/2023\/06\/marca-ccult-ufmg3-600x401.jpg 600w, https:\/\/www.ufmg.br\/centrocultural\/wp-content\/uploads\/2023\/06\/marca-ccult-ufmg3-1024x685.jpg 1024w, https:\/\/www.ufmg.br\/centrocultural\/wp-content\/uploads\/2023\/06\/marca-ccult-ufmg3-768x514.jpg 768w, https:\/\/www.ufmg.br\/centrocultural\/wp-content\/uploads\/2023\/06\/marca-ccult-ufmg3-1536x1027.jpg 1536w, https:\/\/www.ufmg.br\/centrocultural\/wp-content\/uploads\/2023\/06\/marca-ccult-ufmg3-860x575.jpg 860w, https:\/\/www.ufmg.br\/centrocultural\/wp-content\/uploads\/2023\/06\/marca-ccult-ufmg3-580x388.jpg 580w, https:\/\/www.ufmg.br\/centrocultural\/wp-content\/uploads\/2023\/06\/marca-ccult-ufmg3-1160x776.jpg 1160w, https:\/\/www.ufmg.br\/centrocultural\/wp-content\/uploads\/2023\/06\/marca-ccult-ufmg3.jpg 1975w\" sizes=\"auto, (max-width: 298px) 100vw, 298px\" \/><\/p>\n<h2>Uso da marca<\/h2>\n<p>Obtenha arquivos de nossa marca e refer\u00eancias t\u00e9cnicas de sua aplica\u00e7\u00e3o por meio de contato com o setor de Comunica\u00e7\u00e3o<\/p>\n<div id=\"cmsmasters_button_87ee1e2330\" class=\"button_wrap\"><a href=\"https:\/\/www.ufmg.br\/centrocultural\/o-centro\/contato\" class=\"cmsmasters_button\"><span>Acesse<\/span><\/a><\/div>\n\n<\/div>\n<\/div>\n<\/div>\n<\/div><\/div>\n<div id=\"cmsmasters_column_\" class=\"cmsmasters_column one_third\">\n<div class=\"cmsmasters_column_inner\"><div id=\"cmsmasters_fb_218a106595\" class=\"cmsmasters_featured_block\">\n<div class=\"featured_block_inner\">\n<div class=\"featured_block_text\">\n<h2><img loading=\"lazy\" decoding=\"async\" class=\"alignnone wp-image-19065\" src=\"https:\/\/www.ufmg.br\/centrocultural\/wp-content\/uploads\/2022\/07\/10041567703_f9948254c6_c-600x402.jpg\" alt=\"\" width=\"300\" height=\"201\" srcset=\"https:\/\/www.ufmg.br\/centrocultural\/wp-content\/uploads\/2022\/07\/10041567703_f9948254c6_c-600x402.jpg 600w, https:\/\/www.ufmg.br\/centrocultural\/wp-content\/uploads\/2022\/07\/10041567703_f9948254c6_c-768x515.jpg 768w, https:\/\/www.ufmg.br\/centrocultural\/wp-content\/uploads\/2022\/07\/10041567703_f9948254c6_c-580x389.jpg 580w, https:\/\/www.ufmg.br\/centrocultural\/wp-content\/uploads\/2022\/07\/10041567703_f9948254c6_c.jpg 800w\" sizes=\"auto, (max-width: 300px) 100vw, 300px\" \/><\/h2>\n<h2>Imprensa<\/h2>\n<p>Solicita\u00e7\u00f5es e d\u00favidas da imprensa sobre servi\u00e7os de Comunica\u00e7\u00e3o do CCult, use o formul\u00e1rio nesta p\u00e1gina ou fale com a nossa equipe<\/p>\n<div id=\"cmsmasters_button_87ee1e2330\" class=\"button_wrap\"><a href=\"https:\/\/www.ufmg.br\/centrocultural\/comunicacao\/imprensa\" class=\"cmsmasters_button\"><span>Acesse<\/span><\/a><\/div>\n\n<\/div>\n<\/div>\n<\/div>\n<\/div><\/div>\n<\/div>\n<\/div>\n<\/div>\n<\/div>\n<\/div>\n\n<p>&nbsp;<\/p>\n","protected":false},"excerpt":{"rendered":"<p>&nbsp;<\/p>\n","protected":false},"author":8,"featured_media":0,"parent":0,"menu_order":0,"comment_status":"closed","ping_status":"closed","template":"","meta":{"footnotes":""},"class_list":["post-16484","page","type-page","status-publish","hentry"],"_links":{"self":[{"href":"https:\/\/www.ufmg.br\/centrocultural\/wp-json\/wp\/v2\/pages\/16484","targetHints":{"allow":["GET"]}}],"collection":[{"href":"https:\/\/www.ufmg.br\/centrocultural\/wp-json\/wp\/v2\/pages"}],"about":[{"href":"https:\/\/www.ufmg.br\/centrocultural\/wp-json\/wp\/v2\/types\/page"}],"author":[{"embeddable":true,"href":"https:\/\/www.ufmg.br\/centrocultural\/wp-json\/wp\/v2\/users\/8"}],"replies":[{"embeddable":true,"href":"https:\/\/www.ufmg.br\/centrocultural\/wp-json\/wp\/v2\/comments?post=16484"}],"version-history":[{"count":112,"href":"https:\/\/www.ufmg.br\/centrocultural\/wp-json\/wp\/v2\/pages\/16484\/revisions"}],"predecessor-version":[{"id":26917,"href":"https:\/\/www.ufmg.br\/centrocultural\/wp-json\/wp\/v2\/pages\/16484\/revisions\/26917"}],"wp:attachment":[{"href":"https:\/\/www.ufmg.br\/centrocultural\/wp-json\/wp\/v2\/media?parent=16484"}],"curies":[{"name":"wp","href":"https:\/\/api.w.org\/{rel}","templated":true}]}}