{"id":23569,"date":"2023-05-22T10:18:30","date_gmt":"2023-05-22T13:18:30","guid":{"rendered":"https:\/\/www.ufmg.br\/centrocultural\/?page_id=23569"},"modified":"2026-03-17T11:25:56","modified_gmt":"2026-03-17T14:25:56","slug":"visite","status":"publish","type":"page","link":"https:\/\/www.ufmg.br\/centrocultural\/visite\/","title":{"rendered":"Visite"},"content":{"rendered":"<div id=\"cmsmasters_row_wyei44w7j6\" class=\"cmsmasters_row cmsmasters_color_scheme_default cmsmasters_row_top_default cmsmasters_row_bot_default cmsmasters_row_boxed\">\n<div class=\"cmsmasters_row_outer_parent\">\n<div class=\"cmsmasters_row_outer\">\n<div class=\"cmsmasters_row_inner\">\n<div class=\"cmsmasters_row_margin\">\n<div id=\"cmsmasters_column_dgy678zn78\" class=\"cmsmasters_column one_first\">\n<div class=\"cmsmasters_column_inner\"><div id=\"cmsmasters_heading_adn69w7or8\" class=\"cmsmasters_heading_wrap cmsmasters_heading_align_left\">\n\t<h5 class=\"cmsmasters_heading\">Para saber mais<\/h5>\n<\/div>\n<\/div><\/div>\n<\/div>\n<\/div>\n<\/div>\n<\/div>\n<\/div>\n<div id=\"cmsmasters_row_p5imvzg7gr\" class=\"cmsmasters_row cmsmasters_color_scheme_default cmsmasters_row_top_default cmsmasters_row_bot_default cmsmasters_row_boxed\">\n<div class=\"cmsmasters_row_outer_parent\">\n<div class=\"cmsmasters_row_outer\">\n<div class=\"cmsmasters_row_inner\">\n<div class=\"cmsmasters_row_margin\">\n<div id=\"cmsmasters_column_hi5wcqg0h6\" class=\"cmsmasters_column one_first\">\n<div class=\"cmsmasters_column_inner\"><div id=\"cmsmasters_heading_qw2z5r521\" class=\"cmsmasters_heading_wrap cmsmasters_heading_align_left\">\n\t<h2 class=\"cmsmasters_heading\">Visite o CCult<\/h2>\n<\/div>\n<\/div><\/div>\n<\/div>\n<\/div>\n<\/div>\n<\/div>\n<\/div>\n<div id=\"cmsmasters_row_\" class=\"cmsmasters_row cmsmasters_color_scheme_default cmsmasters_row_top_default cmsmasters_row_bot_default cmsmasters_row_boxed\">\n<div class=\"cmsmasters_row_outer_parent\">\n<div class=\"cmsmasters_row_outer\">\n<div class=\"cmsmasters_row_inner\">\n<div class=\"cmsmasters_row_margin\">\n<div id=\"cmsmasters_column_\" class=\"cmsmasters_column one_first\">\n<div class=\"cmsmasters_column_inner\"><div class=\"cmsmasters_text\">\n<\/div>\n<div id=\"cmsmasters_row_0b15982d4a\" class=\"cmsmasters_row cmsmasters_color_scheme_default cmsmasters_row_top_default cmsmasters_row_bot_default cmsmasters_row_boxed\">\n<div class=\"cmsmasters_row_outer_parent\">\n<div class=\"cmsmasters_row_outer\">\n<div class=\"cmsmasters_row_inner\">\n<div class=\"cmsmasters_row_margin\">\n<\/div>\n<\/div>\n<\/div>\n<\/div>\n<\/div>\n<div id=\"cmsmasters_column_\" class=\"cmsmasters_column one_first\">\n<div class=\"cmsmasters_column_inner\"><\/div><\/div>\n<\/div><\/div>\n<\/div>\n<\/div>\n<\/div>\n<\/div>\n<\/div>\n<div id=\"cmsmasters_row_a7b5b97877\" class=\"cmsmasters_row cmsmasters_color_scheme_default cmsmasters_row_top_default cmsmasters_row_bot_default cmsmasters_row_boxed\">\n<div class=\"cmsmasters_row_outer_parent\">\n<div class=\"cmsmasters_row_outer\">\n<div class=\"cmsmasters_row_inner\">\n<div class=\"cmsmasters_row_margin\">\n<div id=\"cmsmasters_column_\" class=\"cmsmasters_column one_half\">\n<div class=\"cmsmasters_column_inner\"><div id=\"cmsmasters_fb_11f5ca422b\" class=\"cmsmasters_featured_block\">\n<div class=\"featured_block_inner\">\n<div class=\"featured_block_text\">\n<p><img loading=\"lazy\" decoding=\"async\" class=\"alignnone wp-image-24120\" src=\"https:\/\/www.ufmg.br\/centrocultural\/wp-content\/uploads\/2023\/06\/ccult-fachada2-lucas-braga-ufmg-600x400.jpg\" alt=\"\" width=\"300\" height=\"200\" srcset=\"https:\/\/www.ufmg.br\/centrocultural\/wp-content\/uploads\/2023\/06\/ccult-fachada2-lucas-braga-ufmg-600x400.jpg 600w, https:\/\/www.ufmg.br\/centrocultural\/wp-content\/uploads\/2023\/06\/ccult-fachada2-lucas-braga-ufmg-1024x682.jpg 1024w, https:\/\/www.ufmg.br\/centrocultural\/wp-content\/uploads\/2023\/06\/ccult-fachada2-lucas-braga-ufmg-768x512.jpg 768w, https:\/\/www.ufmg.br\/centrocultural\/wp-content\/uploads\/2023\/06\/ccult-fachada2-lucas-braga-ufmg-1536x1024.jpg 1536w, https:\/\/www.ufmg.br\/centrocultural\/wp-content\/uploads\/2023\/06\/ccult-fachada2-lucas-braga-ufmg-860x573.jpg 860w, https:\/\/www.ufmg.br\/centrocultural\/wp-content\/uploads\/2023\/06\/ccult-fachada2-lucas-braga-ufmg-580x387.jpg 580w, https:\/\/www.ufmg.br\/centrocultural\/wp-content\/uploads\/2023\/06\/ccult-fachada2-lucas-braga-ufmg-1160x773.jpg 1160w, https:\/\/www.ufmg.br\/centrocultural\/wp-content\/uploads\/2023\/06\/ccult-fachada2-lucas-braga-ufmg.jpg 2000w\" sizes=\"auto, (max-width: 300px) 100vw, 300px\" \/><\/p>\n<h2>Saiba antes de chegar<\/h2>\n<p>Nesta p\u00e1gina contendo dicas e orienta\u00e7\u00f5es, voc\u00ea tem acesso ao que precisa para aproveitar melhor sua visita ao Centro Cultural UFMG:<\/p>\n<div id=\"cmsmasters_button_8e70d2fe81\" class=\"button_wrap\"><a href=\"https:\/\/www.ufmg.br\/centrocultural\/saiba-antes-de-chegar\" class=\"cmsmasters_button\"><span>Acesse<\/span><\/a><\/div>\n\n<\/div>\n<\/div>\n<\/div>\n<\/div><\/div>\n<div id=\"cmsmasters_column_\" class=\"cmsmasters_column one_half\">\n<div class=\"cmsmasters_column_inner\"><div id=\"cmsmasters_fb_218a106595\" class=\"cmsmasters_featured_block\">\n<div class=\"featured_block_inner\">\n<div class=\"featured_block_text\">\n<p><img loading=\"lazy\" decoding=\"async\" class=\"alignnone wp-image-24457\" src=\"https:\/\/www.ufmg.br\/centrocultural\/wp-content\/uploads\/2023\/06\/visita-mediada-cp-2022.jpg\" alt=\"\" width=\"301\" height=\"200\" srcset=\"https:\/\/www.ufmg.br\/centrocultural\/wp-content\/uploads\/2023\/06\/visita-mediada-cp-2022.jpg 599w, https:\/\/www.ufmg.br\/centrocultural\/wp-content\/uploads\/2023\/06\/visita-mediada-cp-2022-580x385.jpg 580w\" sizes=\"auto, (max-width: 301px) 100vw, 301px\" \/><\/p>\n<h2>Educativo<\/h2>\n<p>Agende sua visita em grupo e fique por dentro das atividades preparadas pelo CCult UFMG para escolas e outras organiza\u00e7\u00f5es da comunidade<\/p>\n<div id=\"cmsmasters_button_87ee1e2330\" class=\"button_wrap\"><a href=\"https:\/\/www.ufmg.br\/centrocultural\/educativo\" class=\"cmsmasters_button\"><span>Acesse<\/span><\/a><\/div>\n\n<\/div>\n<\/div>\n<\/div>\n<\/div><\/div>\n<\/div>\n<\/div>\n<\/div>\n<\/div>\n<\/div>\n<div id=\"cmsmasters_row_4ecf7b3e9f\" class=\"cmsmasters_row cmsmasters_color_scheme_default cmsmasters_row_top_default cmsmasters_row_bot_default cmsmasters_row_boxed\">\n<div class=\"cmsmasters_row_outer_parent\">\n<div class=\"cmsmasters_row_outer\">\n<div class=\"cmsmasters_row_inner\">\n<div class=\"cmsmasters_row_margin\">\n<\/div>\n<\/div>\n<\/div>\n<\/div>\n<\/div>\n<div id=\"cmsmasters_column_\" class=\"cmsmasters_column one_first\">\n<div class=\"cmsmasters_column_inner\"><\/div><\/div>\n<\/p>\n<p>&nbsp;<\/p>\n<p>&nbsp;<\/p>\n","protected":false},"excerpt":{"rendered":"<p>&nbsp; &nbsp;<\/p>\n","protected":false},"author":8,"featured_media":0,"parent":0,"menu_order":0,"comment_status":"closed","ping_status":"closed","template":"","meta":{"footnotes":""},"class_list":["post-23569","page","type-page","status-publish","hentry"],"_links":{"self":[{"href":"https:\/\/www.ufmg.br\/centrocultural\/wp-json\/wp\/v2\/pages\/23569","targetHints":{"allow":["GET"]}}],"collection":[{"href":"https:\/\/www.ufmg.br\/centrocultural\/wp-json\/wp\/v2\/pages"}],"about":[{"href":"https:\/\/www.ufmg.br\/centrocultural\/wp-json\/wp\/v2\/types\/page"}],"author":[{"embeddable":true,"href":"https:\/\/www.ufmg.br\/centrocultural\/wp-json\/wp\/v2\/users\/8"}],"replies":[{"embeddable":true,"href":"https:\/\/www.ufmg.br\/centrocultural\/wp-json\/wp\/v2\/comments?post=23569"}],"version-history":[{"count":55,"href":"https:\/\/www.ufmg.br\/centrocultural\/wp-json\/wp\/v2\/pages\/23569\/revisions"}],"predecessor-version":[{"id":26918,"href":"https:\/\/www.ufmg.br\/centrocultural\/wp-json\/wp\/v2\/pages\/23569\/revisions\/26918"}],"wp:attachment":[{"href":"https:\/\/www.ufmg.br\/centrocultural\/wp-json\/wp\/v2\/media?parent=23569"}],"curies":[{"name":"wp","href":"https:\/\/api.w.org\/{rel}","templated":true}]}}