{"id":15249,"date":"2019-08-07T16:01:16","date_gmt":"2019-08-07T19:01:16","guid":{"rendered":"https:\/\/www.ufmg.br\/centrocultural\/?post_type=tribe_events&#038;p=15249"},"modified":"2019-08-07T16:01:16","modified_gmt":"2019-08-07T19:01:16","slug":"espetaculo-somos-todas-simone-de-beauvoir","status":"publish","type":"tribe_events","link":"https:\/\/www.ufmg.br\/centrocultural\/evento\/espetaculo-somos-todas-simone-de-beauvoir\/","title":{"rendered":"Espet\u00e1culo: &#8220;Somos todas Simone de Beauvoir&#8221;"},"content":{"rendered":"<p>Espet\u00e1culo-manifesto sobre o feminismo ter\u00e1 apresenta\u00e7\u00e3o no Centro Cultural UFMG<\/p>\n<p>Na pr\u00f3xima quarta-feira, dia 14 de agosto de 2019, \u00e0s 19h30, o Centro Cultural UFMG recebe as artistas Fernanda Botelho, Ivana Andr\u00e9s e K\u00e1tia Assis para a apresenta\u00e7\u00e3o do espet\u00e1culo teatral \u201cSomos todas Simone de Beauvoir\u201d. O texto \u00e9 de Ivana Andr\u00e9s e Luciano Luppi, que tamb\u00e9m dirige a pe\u00e7a. A entrada \u00e9 gratuita e integra a programa\u00e7\u00e3o do projeto Recitais. Classifica\u00e7\u00e3o: 14 anos.<\/p>\n<p>Manifesta\u00e7\u00f5es de mulheres em pa\u00edses e \u00e9pocas distintas homenageiam Simone de Beauvoir, a grande pensadora e romancista que serviu como refer\u00eancia para a luta pelos direitos das mulheres.<\/p>\n<p>V\u00e1rias mulheres, algumas conhecidas e outras an\u00f4nimas, aparecem, uma a uma, vindas detr\u00e1s de um tapume com grafites alusivos \u00e0 luta feminista e fazem uma contundente confiss\u00e3o, um depoimento franco ou um protesto radical.<\/p>\n<p>As personagens contracenam com a plateia de acordo com o seu contexto e o p\u00fablico ser\u00e1 provocado pelas falas da burguesa arrependida, K\u00e4the Kollwitz, trans, Malala Yousafzai, Monica Lewinsky, Rosa de Luxemburgo, Rosa Parks, Lis\u00edstrata, Frida Kahlo, Maria de Penha e Simone de Beauvoir. No final, a celebra\u00e7\u00e3o atrav\u00e9s de um bloco de carnaval com samba enredo alusivo \u00e0 grande escritora francesa.<\/p>\n<p>Um espet\u00e1culo direto, pol\u00edtico, brechtiano, que prop\u00f5e provocar a reflex\u00e3o atrav\u00e9s de confiss\u00f5es contundentes e abertas. Algumas m\u00fasicas fazem o coment\u00e1rio l\u00fadico do tema exposto, como Brecht costumava usar em suas montagens. Ilumina\u00e7\u00e3o e trilha sonora fazem a liga\u00e7\u00e3o entre as diversas cenas.<\/p>\n<p>Ficha t\u00e9cnica<br \/>\nTexto: Luciano Luppi e Ivana Andr\u00e9s<br \/>\nDire\u00e7\u00e3o: Luciano Luppi<br \/>\nElenco: Fernanda Botelho, K\u00e1tia Assis e Ivana Andr\u00e9s<br \/>\nCenografia: Ivana Andr\u00e9s e Luciano Luppi<br \/>\nFigurino: Ivana Andr\u00e9s, K\u00e1tia Assis e Fernanda Botelho<br \/>\nIlumina\u00e7\u00e3o e opera\u00e7\u00e3o de luz: Luciano Luppi<br \/>\nTrilha sonora original: Evaldo Nogueira<br \/>\nAssistente de dire\u00e7\u00e3o e opera\u00e7\u00e3o de som: Marluce Cerqueira<br \/>\nAssistente de produ\u00e7\u00e3o: Cec\u00edlia Fernandes<br \/>\nPrograma\u00e7\u00e3o visual: Bodonni Design<br \/>\nDivulga\u00e7\u00e3o: Fernanda Botelho<br \/>\nProdu\u00e7\u00e3o: Luciano Luppi e Ivana Andr\u00e9s<\/p>\n<p>Projeto Recitais<br \/>\nO projeto Recitais, aberto a toda comunidade, oferece ao p\u00fablico momentos diferenciados de lazer e frui\u00e7\u00e3o. Voltado para apresenta\u00e7\u00f5es art\u00edsticas, liter\u00e1rias e c\u00eanicas musicais, este \u00e9 um espa\u00e7o vasto \u00e0s experimenta\u00e7\u00f5es das artes verbais e perform\u00e1ticas. Localizado no hall superior do Centro Cultural UFMG, o projeto acontece todas as quartas-feiras, \u00e0s 19h30. Um convite especial a um momento de lirismo, poesia e sensibilidade ao entardecer em um espa\u00e7o f\u00edsico privilegiado &#8211; intimista e delicado. As apresenta\u00e7\u00f5es t\u00eam por objetivo divulgar trabalhos in\u00e9ditos ou ainda pouco conhecidos de poetas, m\u00fasicos, atores ou daqueles que transitam por linguagens h\u00edbridas e inovadoras nos campos sonoros e express\u00f5es corporais. Escutar, sentir e participar tamb\u00e9m faz parte da constru\u00e7\u00e3o dessa tessitura expressiva e po\u00e9tica. O espa\u00e7o, as janelas e as portas est\u00e3o abertos a esse momento de sentimento e emo\u00e7\u00e3o. Sejam bem-vindos!<\/p>\n<p>Servi\u00e7o<br \/>\nCentro Cultural UFMG<br \/>\nAv. Santos Dumont, 174 \u2013 Centro<br \/>\nBelo Horizonte \u2013 MG<br \/>\n(31)3409-8290<\/p>\n","protected":false},"excerpt":{"rendered":"<p>Espet\u00e1culo-manifesto sobre o feminismo ter\u00e1 apresenta\u00e7\u00e3o no Centro Cultural UFMG Na pr\u00f3xima quarta-feira, dia 14 de agosto de 2019, \u00e0s 19h30, o Centro Cultural UFMG recebe as artistas Fernanda Botelho,&#8230;<\/p>\n","protected":false},"author":7,"featured_media":15250,"template":"","meta":{"_tribe_events_status":"","_tribe_events_status_reason":"","footnotes":""},"tags":[],"tribe_events_cat":[50],"class_list":["post-15249","tribe_events","type-tribe_events","status-publish","has-post-thumbnail","hentry","tribe_events_cat-recitais","cat_recitais"],"_links":{"self":[{"href":"https:\/\/www.ufmg.br\/centrocultural\/wp-json\/wp\/v2\/tribe_events\/15249","targetHints":{"allow":["GET"]}}],"collection":[{"href":"https:\/\/www.ufmg.br\/centrocultural\/wp-json\/wp\/v2\/tribe_events"}],"about":[{"href":"https:\/\/www.ufmg.br\/centrocultural\/wp-json\/wp\/v2\/types\/tribe_events"}],"author":[{"embeddable":true,"href":"https:\/\/www.ufmg.br\/centrocultural\/wp-json\/wp\/v2\/users\/7"}],"version-history":[{"count":1,"href":"https:\/\/www.ufmg.br\/centrocultural\/wp-json\/wp\/v2\/tribe_events\/15249\/revisions"}],"predecessor-version":[{"id":15251,"href":"https:\/\/www.ufmg.br\/centrocultural\/wp-json\/wp\/v2\/tribe_events\/15249\/revisions\/15251"}],"wp:featuredmedia":[{"embeddable":true,"href":"https:\/\/www.ufmg.br\/centrocultural\/wp-json\/wp\/v2\/media\/15250"}],"wp:attachment":[{"href":"https:\/\/www.ufmg.br\/centrocultural\/wp-json\/wp\/v2\/media?parent=15249"}],"wp:term":[{"taxonomy":"post_tag","embeddable":true,"href":"https:\/\/www.ufmg.br\/centrocultural\/wp-json\/wp\/v2\/tags?post=15249"},{"taxonomy":"tribe_events_cat","embeddable":true,"href":"https:\/\/www.ufmg.br\/centrocultural\/wp-json\/wp\/v2\/tribe_events_cat?post=15249"}],"curies":[{"name":"wp","href":"https:\/\/api.w.org\/{rel}","templated":true}]}}

Espetáculo: &#8220;Somos todas Simone de Beauvoir&#8221;

<p>Espetáculo-manifesto sobre o feminismo terá apresentação no Centro Cultural UFMG</p>
<p>Na próxima quarta-feira, dia 14 de agosto de 2019, às 19h30, o Centro Cultural UFMG recebe as artistas Fernanda Botelho, Ivana Andrés e Kátia Assis para a apresentação do espetáculo teatral “Somos todas Simone de Beauvoir”. O texto é de Ivana Andrés e Luciano Luppi, que também dirige a peça. A entrada é gratuita e integra a programação do projeto Recitais. Classificação: 14 anos.</p>
<p>Manifestações de mulheres em países e épocas distintas homenageiam Simone de Beauvoir, a grande pensadora e romancista que serviu como referência para a luta pelos direitos das mulheres.</p>
<p>Várias mulheres, algumas conhecidas e outras anônimas, aparecem, uma a uma, vindas detrás de um tapume com grafites alusivos à luta feminista e fazem uma contundente confissão, um depoimento franco ou um protesto radical.</p>
<p>As personagens contracenam com a plateia de acordo com o seu contexto e o público será provocado pelas falas da burguesa arrependida, Käthe Kollwitz, trans, Malala Yousafzai, Monica Lewinsky, Rosa de Luxemburgo, Rosa Parks, Lisístrata, Frida Kahlo, Maria de Penha e Simone de Beauvoir. No final, a celebração através de um bloco de carnaval com samba enredo alusivo à grande escritora francesa.</p>
<p>Um espetáculo direto, político, brechtiano, que propõe provocar a reflexão através de confissões contundentes e abertas. Algumas músicas fazem o comentário lúdico do tema exposto, como Brecht costumava usar em suas montagens. Iluminação e trilha sonora fazem a ligação entre as diversas cenas.</p>
<p>Ficha técnica<br />
Texto: Luciano Luppi e Ivana Andrés<br />
Direção: Luciano Luppi<br />
Elenco: Fernanda Botelho, Kátia Assis e Ivana Andrés<br />
Cenografia: Ivana Andrés e Luciano Luppi<br />
Figurino: Ivana Andrés, Kátia Assis e Fernanda Botelho<br />
Iluminação e operação de luz: Luciano Luppi<br />
Trilha sonora original: Evaldo Nogueira<br />
Assistente de direção e operação de som: Marluce Cerqueira<br />
Assistente de produção: Cecília Fernandes<br />
Programação visual: Bodonni Design<br />
Divulgação: Fernanda Botelho<br />
Produção: Luciano Luppi e Ivana Andrés</p>
<p>Projeto Recitais<br />
O projeto Recitais, aberto a toda comunidade, oferece ao público momentos diferenciados de lazer e fruição. Voltado para apresentações artísticas, literárias e cênicas musicais, este é um espaço vasto às experimentações das artes verbais e performáticas. Localizado no hall superior do Centro Cultural UFMG, o projeto acontece todas as quartas-feiras, às 19h30. Um convite especial a um momento de lirismo, poesia e sensibilidade ao entardecer em um espaço físico privilegiado &#8211; intimista e delicado. As apresentações têm por objetivo divulgar trabalhos inéditos ou ainda pouco conhecidos de poetas, músicos, atores ou daqueles que transitam por linguagens híbridas e inovadoras nos campos sonoros e expressões corporais. Escutar, sentir e participar também faz parte da construção dessa tessitura expressiva e poética. O espaço, as janelas e as portas estão abertos a esse momento de sentimento e emoção. Sejam bem-vindos!</p>
<p>Serviço<br />
Centro Cultural UFMG<br />
Av. Santos Dumont, 174 – Centro<br />
Belo Horizonte – MG<br />
(31)3409-8290</p>

<p>Espetáculo-manifesto sobre o feminismo terá apresentação no Centro Cultural UFMG Na próxima quarta-feira, dia 14 de agosto de 2019, às 19h30, o Centro Cultural UFMG recebe as artistas Fernanda Botelho,&#8230;</p>
