{"id":15262,"date":"2019-09-03T17:16:22","date_gmt":"2019-09-03T20:16:22","guid":{"rendered":"https:\/\/www.ufmg.br\/centrocultural\/?post_type=tribe_events&#038;p=15262"},"modified":"2019-09-03T17:16:22","modified_gmt":"2019-09-03T20:16:22","slug":"recitais-esqueca-a-cortesia-rasgue-a-poesia-marcos-sandalia-meia","status":"publish","type":"tribe_events","link":"https:\/\/www.ufmg.br\/centrocultural\/evento\/recitais-esqueca-a-cortesia-rasgue-a-poesia-marcos-sandalia-meia\/","title":{"rendered":"Recitais: &#8220;Esque\u00e7a a cortesia, rasgue a poesia&#8221; &#8211; Marcos Sand\u00e1lia &#038; Meia"},"content":{"rendered":"<p>Cantor e compositor mineiro Marcos Sand\u00e1lia &amp; Meia lan\u00e7a can\u00e7\u00f5es de terceiro EP no Centro Cultural UFMG<\/p>\n<p>Na quarta-feira, dia 04 de setembro de 2019, \u00e0s 19h30, o Centro Cultural UFMG recebe o cantor e compositor Marcos Sand\u00e1lia &amp; Meia para o show de lan\u00e7amento das can\u00e7\u00f5es de seu terceiro EP, intitulado Esque\u00e7a a cortesia, rasgue a poesia. A entrada \u00e9 gratuita e integra a programa\u00e7\u00e3o do projeto Recitais.<\/p>\n<p>Com uma linguagem simples, leve e espirituosa, que a cr\u00edtica definiu como \u201cbrega-rock-jovem-guardista-conceitual\u201d, Esque\u00e7a a cortesia, rasgue a poesia refina a proposta do primeiro compacto do artista, Teimoso, Vaidoso e Outros Defeitos Mais.<\/p>\n<p>A apresenta\u00e7\u00e3o ser\u00e1 no formato voz e viol\u00e3o, mesclando can\u00e7\u00f5es de seus EPs anteriores e as m\u00fasicas do pr\u00f3ximo trabalho. Baladas rom\u00e2nticas, grooves emocionais, blues cafajeste, folk-rock, bossa\/jazz e tra\u00e7os de experimenta\u00e7\u00e3o, tudo isso \u00e9 poss\u00edvel identificar em um show totalmente autoral, simples, sem ser banal.<\/p>\n<p>Marcos Sand\u00e1lia &amp; Meia<br \/>\nExpoente da vanguarda ipatinguense, Marcos S&amp;M se considera \u201cr\u00fastico transado\/d\u00e9mod\u00e9 futurista\u201d. Tem 33 anos, \u00e9 jornalista e tamb\u00e9m violonista, contrabaixista e produtor musical. \u00c9 vocalista e cavaquinista do bloco de carnaval Tchanzinho Zona Norte, sendo o compositor do hino do bloco, destaque entre os foli\u00f5es de BH desde 2013.<\/p>\n<p>Projeto Recitais<br \/>\nO projeto Recitais, aberto a toda comunidade, oferece ao p\u00fablico momentos diferenciados de lazer e frui\u00e7\u00e3o. Voltado para apresenta\u00e7\u00f5es art\u00edsticas, liter\u00e1rias e c\u00eanicas musicais, este \u00e9 um espa\u00e7o vasto \u00e0s experimenta\u00e7\u00f5es das artes verbais e perform\u00e1ticas. Localizado no hall superior do Centro Cultural UFMG, o projeto acontece todas as quartas-feiras, \u00e0s 19h30. Um convite especial a um momento de lirismo, poesia e sensibilidade ao entardecer em um espa\u00e7o f\u00edsico privilegiado &#8211; intimista e delicado. As apresenta\u00e7\u00f5es t\u00eam por objetivo divulgar trabalhos in\u00e9ditos ou ainda pouco conhecidos de poetas, m\u00fasicos, atores ou daqueles que transitam por linguagens h\u00edbridas e inovadoras nos campos sonoros e express\u00f5es corporais. Escutar, sentir e participar tamb\u00e9m faz parte da constru\u00e7\u00e3o dessa tessitura expressiva e po\u00e9tica. O espa\u00e7o, as janelas e as portas est\u00e3o abertos a esse momento de sentimento e emo\u00e7\u00e3o. Sejam bem-vindos!<\/p>\n<p>Servi\u00e7o<br \/>\nCentro Cultural UFMG<br \/>\nAv. Santos Dumont, 174 \u2013 Centro<br \/>\nBelo Horizonte \u2013 MG<br \/>\n(31)3409-8290<\/p>\n","protected":false},"excerpt":{"rendered":"<p>Cantor e compositor mineiro Marcos Sand\u00e1lia &amp; Meia lan\u00e7a can\u00e7\u00f5es de terceiro EP no Centro Cultural UFMG Na quarta-feira, dia 04 de setembro de 2019, \u00e0s 19h30, o Centro Cultural&#8230;<\/p>\n","protected":false},"author":7,"featured_media":15263,"template":"","meta":{"_tribe_events_status":"","_tribe_events_status_reason":"","footnotes":""},"tags":[],"tribe_events_cat":[50],"class_list":["post-15262","tribe_events","type-tribe_events","status-publish","has-post-thumbnail","hentry","tribe_events_cat-recitais","cat_recitais"],"_links":{"self":[{"href":"https:\/\/www.ufmg.br\/centrocultural\/wp-json\/wp\/v2\/tribe_events\/15262","targetHints":{"allow":["GET"]}}],"collection":[{"href":"https:\/\/www.ufmg.br\/centrocultural\/wp-json\/wp\/v2\/tribe_events"}],"about":[{"href":"https:\/\/www.ufmg.br\/centrocultural\/wp-json\/wp\/v2\/types\/tribe_events"}],"author":[{"embeddable":true,"href":"https:\/\/www.ufmg.br\/centrocultural\/wp-json\/wp\/v2\/users\/7"}],"version-history":[{"count":1,"href":"https:\/\/www.ufmg.br\/centrocultural\/wp-json\/wp\/v2\/tribe_events\/15262\/revisions"}],"predecessor-version":[{"id":15264,"href":"https:\/\/www.ufmg.br\/centrocultural\/wp-json\/wp\/v2\/tribe_events\/15262\/revisions\/15264"}],"wp:featuredmedia":[{"embeddable":true,"href":"https:\/\/www.ufmg.br\/centrocultural\/wp-json\/wp\/v2\/media\/15263"}],"wp:attachment":[{"href":"https:\/\/www.ufmg.br\/centrocultural\/wp-json\/wp\/v2\/media?parent=15262"}],"wp:term":[{"taxonomy":"post_tag","embeddable":true,"href":"https:\/\/www.ufmg.br\/centrocultural\/wp-json\/wp\/v2\/tags?post=15262"},{"taxonomy":"tribe_events_cat","embeddable":true,"href":"https:\/\/www.ufmg.br\/centrocultural\/wp-json\/wp\/v2\/tribe_events_cat?post=15262"}],"curies":[{"name":"wp","href":"https:\/\/api.w.org\/{rel}","templated":true}]}}

Recitais: &#8220;Esqueça a cortesia, rasgue a poesia&#8221; &#8211; Marcos Sandália &#038; Meia

<p>Cantor e compositor mineiro Marcos Sandália &amp; Meia lança canções de terceiro EP no Centro Cultural UFMG</p>
<p>Na quarta-feira, dia 04 de setembro de 2019, às 19h30, o Centro Cultural UFMG recebe o cantor e compositor Marcos Sandália &amp; Meia para o show de lançamento das canções de seu terceiro EP, intitulado Esqueça a cortesia, rasgue a poesia. A entrada é gratuita e integra a programação do projeto Recitais.</p>
<p>Com uma linguagem simples, leve e espirituosa, que a crítica definiu como “brega-rock-jovem-guardista-conceitual”, Esqueça a cortesia, rasgue a poesia refina a proposta do primeiro compacto do artista, Teimoso, Vaidoso e Outros Defeitos Mais.</p>
<p>A apresentação será no formato voz e violão, mesclando canções de seus EPs anteriores e as músicas do próximo trabalho. Baladas românticas, grooves emocionais, blues cafajeste, folk-rock, bossa/jazz e traços de experimentação, tudo isso é possível identificar em um show totalmente autoral, simples, sem ser banal.</p>
<p>Marcos Sandália &amp; Meia<br />
Expoente da vanguarda ipatinguense, Marcos S&amp;M se considera “rústico transado/démodé futurista”. Tem 33 anos, é jornalista e também violonista, contrabaixista e produtor musical. É vocalista e cavaquinista do bloco de carnaval Tchanzinho Zona Norte, sendo o compositor do hino do bloco, destaque entre os foliões de BH desde 2013.</p>
<p>Projeto Recitais<br />
O projeto Recitais, aberto a toda comunidade, oferece ao público momentos diferenciados de lazer e fruição. Voltado para apresentações artísticas, literárias e cênicas musicais, este é um espaço vasto às experimentações das artes verbais e performáticas. Localizado no hall superior do Centro Cultural UFMG, o projeto acontece todas as quartas-feiras, às 19h30. Um convite especial a um momento de lirismo, poesia e sensibilidade ao entardecer em um espaço físico privilegiado &#8211; intimista e delicado. As apresentações têm por objetivo divulgar trabalhos inéditos ou ainda pouco conhecidos de poetas, músicos, atores ou daqueles que transitam por linguagens híbridas e inovadoras nos campos sonoros e expressões corporais. Escutar, sentir e participar também faz parte da construção dessa tessitura expressiva e poética. O espaço, as janelas e as portas estão abertos a esse momento de sentimento e emoção. Sejam bem-vindos!</p>
<p>Serviço<br />
Centro Cultural UFMG<br />
Av. Santos Dumont, 174 – Centro<br />
Belo Horizonte – MG<br />
(31)3409-8290</p>

<p>Cantor e compositor mineiro Marcos Sandália &amp; Meia lança canções de terceiro EP no Centro Cultural UFMG Na quarta-feira, dia 04 de setembro de 2019, às 19h30, o Centro Cultural&#8230;</p>
