{"id":15265,"date":"2019-09-03T17:21:08","date_gmt":"2019-09-03T20:21:08","guid":{"rendered":"https:\/\/www.ufmg.br\/centrocultural\/?post_type=tribe_events&#038;p=15265"},"modified":"2019-09-03T17:21:08","modified_gmt":"2019-09-03T20:21:08","slug":"exposicao-intermitencias","status":"publish","type":"tribe_events","link":"https:\/\/www.ufmg.br\/centrocultural\/evento\/exposicao-intermitencias\/","title":{"rendered":"Exposi\u00e7\u00e3o: &#8220;Intermit\u00eancias&#8221;"},"content":{"rendered":"<p>S\u00edlvia Junqueira abre exposi\u00e7\u00e3o de fotografias no Centro Cultural UFMG<\/p>\n<p>Centro Cultural UFMG convida para a abertura da exposi\u00e7\u00e3o \u201cIntermit\u00eancias\u201d, da artista S\u00edlvia Junqueira, na pr\u00f3xima sexta-feira, dia 06 de setembro de 2019, \u00e0s 19 horas. A mostra re\u00fane 20 fotografias capturadas atrav\u00e9s de um dispositivo celular, impressas em azulejos e 24 fotografias feitas por c\u00e2mera profissional, anal\u00f3gica e celular. A curadoria \u00e9 do professor Alexandre Rodrigues da Costa, da Escola Guignard. As obras poder\u00e3o ser vistas at\u00e9 o dia 03 de novembro de 2019. Entrada gratuita.<\/p>\n<p>Cercada pelo que conhece, S\u00edlvia Junqueira busca o desconhecido. O t\u00edtulo de sua s\u00e9rie de fotografias, Intermit\u00eancias, funciona como na brincadeira infantil na qual, ao ouvir a palavra \u2018est\u00e1tua\u2019, todos devem ficar im\u00f3veis. Joga com a interrup\u00e7\u00e3o como forma de lidar com situa\u00e7\u00f5es em que o olhar revela aquilo que at\u00e9 ent\u00e3o permanecia escondido. Intermit\u00eancia \u00e9 o que cessa e recome\u00e7a por intervalos, e, assim como na brincadeira, as fotografias de Junqueira possuem uma alegria t\u00edpica dos jogos infantis, que parecem nunca ter fim \u2013 como o desejo da crian\u00e7a, sempre a recome\u00e7ar. Por isso, em suas imagens, a encena\u00e7\u00e3o e a espontaneidade se confundem, uma vez que seu olhar se nutre cotidianamente daquilo que tem de mais simples e complexo. \u00c9 nesse sentido que suas fotografias se aproximam do conceito que Bataille inscreveu ao riso, aquilo que se torna \u201ca chave do fundo dos mundos\u201d. \u00c9 por meio desse riso que S\u00edlvia Junqueira exerce sua vis\u00e3o sobre o mundo e sobre sua pr\u00f3pria fotografia, j\u00e1 que, diante da aus\u00eancia de respostas, o que n\u00e3o pode ser explicado leva ao riso. Por essa via, essas fotografias oferecem n\u00e3o respostas, mas questionamentos sobre o que a realidade esconde, a partir de um olhar cr\u00edtico que parece decompor os gestos e as rela\u00e7\u00f5es, como se fossem vistos pela primeira vez, e, portanto, com o riso t\u00edpico de quem se diverte com um jogo. Que, no caso, \u00e9 a pr\u00f3pria fotografia.<\/p>\n<p>Alexandre Rodrigues da Costa<\/p>\n<p>S\u00edlvia Junqueira \u00e9 bacharel em Jornalismo e p\u00f3s-graduada em Artes Pl\u00e1sticas e Contemporaneidade pela Escola Guignard. Trabalha com fotografia desde 2013, quando concluiu seu curso de fotografia profissionalizante pela Escola de Imagem. Desde ent\u00e3o, dedica-se exclusivamente a esta pr\u00e1tica, produzindo fotos para o site de vendas coletivas Peixe Urbano e para o projeto Di\u00e1logos, do Di\u00e1rio do Com\u00e9rcio. No mesmo ano de 2013 teve sua fotografia selecionada em um concurso realizado pelo Caf\u00e9 com Letras, em Belo Horizonte. Em 2015 contribuiu com seu material para a Revista Viva Bem, da cidade de Vi\u00e7osa, Minas Gerais. Em novembro de 2018 sua fotografia foi selecionada pelo festival Co-Fluir, na categoria Imagem \u00danica, exposta no Espa\u00e7o Cento e Quatro, em Belo Horizonte. Em 2019 participou, com dois v\u00eddeos, de duas exposi\u00e7\u00f5es coletivas montadas na galeria da Escola Guignard e no Viaduto das Artes.<\/p>\n<p>Exposi\u00e7\u00e3o \u201cIntermit\u00eancias\u201d<br \/>\nAbertura: 06 de setembro de 2019 | \u00e0s 19 horas<br \/>\nVisita\u00e7\u00e3o: at\u00e9 o dia 03\/11\/2019<br \/>\nTer\u00e7as a sextas de 10h \u00e0s 21h<br \/>\nS\u00e1bados e domingos de 10h \u00e0s 18h<br \/>\nSala Experimenta\u00e7\u00e3o da Imagem<br \/>\nEntrada gratuita<\/p>\n<p>Servi\u00e7o<br \/>\nCentro Cultural UFMG<br \/>\nAv. Santos Dumont, 174 \u2013 Centro<br \/>\nBelo Horizonte \u2013 MG<br \/>\n(31)3409-8290<br \/>\n<a href=\"https:\/\/l.facebook.com\/l.php?u=http%3A%2F%2Fwww.ufmg.br%2Fcentrocultural%3Ffbclid%3DIwAR1rgOCBUTO4oA_LJnyHiz-SEc37EgRa-ZNw0Mb-RDI9vc1lYjyTJDznQNk&amp;h=AT2Q0fEunJyqwoKX_ghUbGG281RX5ArRbV6C9NhcDx2wTR5SJJzhuLw-DaqRsd7WQ7u67V9mafhh7Q7VYVb77cj-pShUgBtPaQqmubsouk9FWZtGhGx8yrn4R3Gk2TEeHv_S\" target=\"_blank\" rel=\"nofollow noopener\" data-lynx-mode=\"hover\">www.ufmg.br\/centrocultural<\/a><\/p>\n","protected":false},"excerpt":{"rendered":"<p>S\u00edlvia Junqueira abre exposi\u00e7\u00e3o de fotografias no Centro Cultural UFMG Centro Cultural UFMG convida para a abertura da exposi\u00e7\u00e3o \u201cIntermit\u00eancias\u201d, da artista S\u00edlvia Junqueira, na pr\u00f3xima sexta-feira, dia 06 de&#8230;<\/p>\n","protected":false},"author":7,"featured_media":15266,"template":"","meta":{"_tribe_events_status":"","_tribe_events_status_reason":"","footnotes":""},"tags":[],"tribe_events_cat":[32],"class_list":["post-15265","tribe_events","type-tribe_events","status-publish","has-post-thumbnail","hentry","tribe_events_cat-exposicoes","cat_exposicoes"],"_links":{"self":[{"href":"https:\/\/www.ufmg.br\/centrocultural\/wp-json\/wp\/v2\/tribe_events\/15265","targetHints":{"allow":["GET"]}}],"collection":[{"href":"https:\/\/www.ufmg.br\/centrocultural\/wp-json\/wp\/v2\/tribe_events"}],"about":[{"href":"https:\/\/www.ufmg.br\/centrocultural\/wp-json\/wp\/v2\/types\/tribe_events"}],"author":[{"embeddable":true,"href":"https:\/\/www.ufmg.br\/centrocultural\/wp-json\/wp\/v2\/users\/7"}],"version-history":[{"count":1,"href":"https:\/\/www.ufmg.br\/centrocultural\/wp-json\/wp\/v2\/tribe_events\/15265\/revisions"}],"predecessor-version":[{"id":15267,"href":"https:\/\/www.ufmg.br\/centrocultural\/wp-json\/wp\/v2\/tribe_events\/15265\/revisions\/15267"}],"wp:featuredmedia":[{"embeddable":true,"href":"https:\/\/www.ufmg.br\/centrocultural\/wp-json\/wp\/v2\/media\/15266"}],"wp:attachment":[{"href":"https:\/\/www.ufmg.br\/centrocultural\/wp-json\/wp\/v2\/media?parent=15265"}],"wp:term":[{"taxonomy":"post_tag","embeddable":true,"href":"https:\/\/www.ufmg.br\/centrocultural\/wp-json\/wp\/v2\/tags?post=15265"},{"taxonomy":"tribe_events_cat","embeddable":true,"href":"https:\/\/www.ufmg.br\/centrocultural\/wp-json\/wp\/v2\/tribe_events_cat?post=15265"}],"curies":[{"name":"wp","href":"https:\/\/api.w.org\/{rel}","templated":true}]}}

Exposição: &#8220;Intermitências&#8221;

<p>Sílvia Junqueira abre exposição de fotografias no Centro Cultural UFMG</p>
<p>Centro Cultural UFMG convida para a abertura da exposição “Intermitências”, da artista Sílvia Junqueira, na próxima sexta-feira, dia 06 de setembro de 2019, às 19 horas. A mostra reúne 20 fotografias capturadas através de um dispositivo celular, impressas em azulejos e 24 fotografias feitas por câmera profissional, analógica e celular. A curadoria é do professor Alexandre Rodrigues da Costa, da Escola Guignard. As obras poderão ser vistas até o dia 03 de novembro de 2019. Entrada gratuita.</p>
<p>Cercada pelo que conhece, Sílvia Junqueira busca o desconhecido. O título de sua série de fotografias, Intermitências, funciona como na brincadeira infantil na qual, ao ouvir a palavra ‘estátua’, todos devem ficar imóveis. Joga com a interrupção como forma de lidar com situações em que o olhar revela aquilo que até então permanecia escondido. Intermitência é o que cessa e recomeça por intervalos, e, assim como na brincadeira, as fotografias de Junqueira possuem uma alegria típica dos jogos infantis, que parecem nunca ter fim – como o desejo da criança, sempre a recomeçar. Por isso, em suas imagens, a encenação e a espontaneidade se confundem, uma vez que seu olhar se nutre cotidianamente daquilo que tem de mais simples e complexo. É nesse sentido que suas fotografias se aproximam do conceito que Bataille inscreveu ao riso, aquilo que se torna “a chave do fundo dos mundos”. É por meio desse riso que Sílvia Junqueira exerce sua visão sobre o mundo e sobre sua própria fotografia, já que, diante da ausência de respostas, o que não pode ser explicado leva ao riso. Por essa via, essas fotografias oferecem não respostas, mas questionamentos sobre o que a realidade esconde, a partir de um olhar crítico que parece decompor os gestos e as relações, como se fossem vistos pela primeira vez, e, portanto, com o riso típico de quem se diverte com um jogo. Que, no caso, é a própria fotografia.</p>
<p>Alexandre Rodrigues da Costa</p>
<p>Sílvia Junqueira é bacharel em Jornalismo e pós-graduada em Artes Plásticas e Contemporaneidade pela Escola Guignard. Trabalha com fotografia desde 2013, quando concluiu seu curso de fotografia profissionalizante pela Escola de Imagem. Desde então, dedica-se exclusivamente a esta prática, produzindo fotos para o site de vendas coletivas Peixe Urbano e para o projeto Diálogos, do Diário do Comércio. No mesmo ano de 2013 teve sua fotografia selecionada em um concurso realizado pelo Café com Letras, em Belo Horizonte. Em 2015 contribuiu com seu material para a Revista Viva Bem, da cidade de Viçosa, Minas Gerais. Em novembro de 2018 sua fotografia foi selecionada pelo festival Co-Fluir, na categoria Imagem Única, exposta no Espaço Cento e Quatro, em Belo Horizonte. Em 2019 participou, com dois vídeos, de duas exposições coletivas montadas na galeria da Escola Guignard e no Viaduto das Artes.</p>
<p>Exposição “Intermitências”<br />
Abertura: 06 de setembro de 2019 | às 19 horas<br />
Visitação: até o dia 03/11/2019<br />
Terças a sextas de 10h às 21h<br />
Sábados e domingos de 10h às 18h<br />
Sala Experimentação da Imagem<br />
Entrada gratuita</p>
<p>Serviço<br />
Centro Cultural UFMG<br />
Av. Santos Dumont, 174 – Centro<br />
Belo Horizonte – MG<br />
(31)3409-8290<br />
<a href="https://l.facebook.com/l.php?u=http%3A%2F%2Fwww.ufmg.br%2Fcentrocultural%3Ffbclid%3DIwAR1rgOCBUTO4oA_LJnyHiz-SEc37EgRa-ZNw0Mb-RDI9vc1lYjyTJDznQNk&amp;h=AT2Q0fEunJyqwoKX_ghUbGG281RX5ArRbV6C9NhcDx2wTR5SJJzhuLw-DaqRsd7WQ7u67V9mafhh7Q7VYVb77cj-pShUgBtPaQqmubsouk9FWZtGhGx8yrn4R3Gk2TEeHv_S" target="_blank" rel="nofollow noopener" data-lynx-mode="hover">www.ufmg.br/centrocultural</a></p>

<p>Sílvia Junqueira abre exposição de fotografias no Centro Cultural UFMG Centro Cultural UFMG convida para a abertura da exposição “Intermitências”, da artista Sílvia Junqueira, na próxima sexta-feira, dia 06 de&#8230;</p>
