{"id":15303,"date":"2019-09-19T16:06:56","date_gmt":"2019-09-19T19:06:56","guid":{"rendered":"https:\/\/www.ufmg.br\/centrocultural\/?post_type=tribe_events&#038;p=15303"},"modified":"2019-09-19T16:06:56","modified_gmt":"2019-09-19T19:06:56","slug":"traga-sua-caneca-encontros-nao-descartaveis","status":"publish","type":"tribe_events","link":"https:\/\/www.ufmg.br\/centrocultural\/evento\/traga-sua-caneca-encontros-nao-descartaveis\/","title":{"rendered":"&#8220;Traga sua caneca: encontros n\u00e3o-descart\u00e1veis&#8221;"},"content":{"rendered":"<p>Primeiro da s\u00e9rie dos encontros n\u00e3o-descart\u00e1veis a serem realizados pelo escotoma \u2013 grupo de estudos das imagens-passagens no segundo semestre de 2019, o Traga sua caneca de setembro receber\u00e1 Maria Carolina Fenati, editora das Edi\u00e7\u00f5es Ch\u00e3o da Feira, para uma conversa sobre a Literatura no M\u00e9todo.<\/p>\n<p>Desde 2018, os artistas-pesquisadores do escotoma v\u00eam se debru\u00e7ando sobre a leitura do &#8220;Atlas do Corpo e da Imagina\u00e7\u00e3o \u2013 teoria e fragmentos&#8221;, do portugu\u00eas Gon\u00e7alo M. Tavares. Ao texto base do livro, resultante da tese de doutoramento do autor apresentada \u00e0 Faculdade de Motricidade da Universidade de Lisboa, somou-se um vasto repert\u00f3rio de imagens produzidas pelo coletivo de arquitetos e artistas &#8220;Os Espacialistas&#8221;. A montagem editorial do &#8220;Atlas do corpo e da Imagina\u00e7\u00e3o&#8221; confluiu em um arranjo generoso das vizinhan\u00e7as e contamina\u00e7\u00f5es entre texto e imagem, teoria e fragmentos, filosofia e literatura. O corpo \u00e9 o eixo que sustenta e articula os quatro cap\u00edtulos, escrita de um pensamento fisiol\u00f3gico.<\/p>\n<p>No dia 26 de setembro, o Traga sua caneca tratar\u00e1 do &#8220;Cap\u00edtulo 1 \u2013 O corpo no m\u00e9todo&#8221;. Os integrantes do escotoma ir\u00e3o prop\u00f4r um exerc\u00edcio inicial de gestos de coreografias liter\u00e1rias, seguido de uma conversa com Maria Carolina Fenati entorno de uma mesa posta.<\/p>\n<p>A proposi\u00e7\u00e3o Traga sua caneca \u2013 encontros n\u00e3o descart\u00e1veis \u00e9 parte das a\u00e7\u00f5es desenvolvidas pelo escotoma dentro do Programa de Resid\u00eancias Art\u00edsticas \u2013 Ateli\u00ea Aberto, do Centro Cultural UFMG. O evento \u00e9 gratuito e aberto ao p\u00fablico.<\/p>\n<p>Criado em 2018 pelo artista e professor da EBA\/UFMG, Rodrigo Borges, o escotoma \u2013 grupo de estudos das imagens-passagens, re\u00fane artistas-pesquisadores comprometidos com a pesquisa sobre o surgimento e desaparecimento de formas e imagens, bem como de suas narrativas, decorrentes de hesita\u00e7\u00f5es e espantos, promotores de d\u00favidas e inquieta\u00e7\u00f5es. O grupo \u00e9 atualmente formado por Clarice G. Lacerda, Bruno Rios, Eduardo Hargreaves, Izabel Stewart, Louren\u00e7o Martins Marques, Maira P\u00fablio, Matheus Ferreira, Nat\u00e1lia Rezende, Nina Horikawa e Olivia Guimar\u00e3es.<br \/>\n________<\/p>\n<p>servi\u00e7o<br \/>\nTraga sua caneca \u2013 encontro n\u00e3o descart\u00e1veis: A literatura no m\u00e9todo<br \/>\n(a partir do &#8220;cap\u00edtulo 1 \u2013 O corpo no m\u00e9todo&#8221; \/ &#8220;Atlas do Corpo e da Imagina\u00e7\u00e3o&#8221; \u2013 Gon\u00e7alo M. Tavares.)<\/p>\n<p>escotoma convida:<br \/>\nMaria Carolina Fenati (Edi\u00e7\u00f5es Ch\u00e3o da Feira)<\/p>\n<p>26 Setembro 2019, quinta-feira, 19h30<br \/>\nateli\u00ea escotoma \u2013 sala 7 \/ Centro Cultural UFMG<br \/>\nAv. Santo Dumont 174 \u2013 Centro BH MG<br \/>\nEntrada gratuita<\/p>\n","protected":false},"excerpt":{"rendered":"<p>Primeiro da s\u00e9rie dos encontros n\u00e3o-descart\u00e1veis a serem realizados pelo escotoma \u2013 grupo de estudos das imagens-passagens no segundo semestre de 2019, o Traga sua caneca de setembro receber\u00e1 Maria&#8230;<\/p>\n","protected":false},"author":7,"featured_media":15304,"template":"","meta":{"_tribe_events_status":"","_tribe_events_status_reason":"","footnotes":""},"tags":[],"tribe_events_cat":[53],"class_list":["post-15303","tribe_events","type-tribe_events","status-publish","has-post-thumbnail","hentry","tribe_events_cat-encontros","cat_encontros"],"_links":{"self":[{"href":"https:\/\/www.ufmg.br\/centrocultural\/wp-json\/wp\/v2\/tribe_events\/15303","targetHints":{"allow":["GET"]}}],"collection":[{"href":"https:\/\/www.ufmg.br\/centrocultural\/wp-json\/wp\/v2\/tribe_events"}],"about":[{"href":"https:\/\/www.ufmg.br\/centrocultural\/wp-json\/wp\/v2\/types\/tribe_events"}],"author":[{"embeddable":true,"href":"https:\/\/www.ufmg.br\/centrocultural\/wp-json\/wp\/v2\/users\/7"}],"version-history":[{"count":1,"href":"https:\/\/www.ufmg.br\/centrocultural\/wp-json\/wp\/v2\/tribe_events\/15303\/revisions"}],"predecessor-version":[{"id":15305,"href":"https:\/\/www.ufmg.br\/centrocultural\/wp-json\/wp\/v2\/tribe_events\/15303\/revisions\/15305"}],"wp:featuredmedia":[{"embeddable":true,"href":"https:\/\/www.ufmg.br\/centrocultural\/wp-json\/wp\/v2\/media\/15304"}],"wp:attachment":[{"href":"https:\/\/www.ufmg.br\/centrocultural\/wp-json\/wp\/v2\/media?parent=15303"}],"wp:term":[{"taxonomy":"post_tag","embeddable":true,"href":"https:\/\/www.ufmg.br\/centrocultural\/wp-json\/wp\/v2\/tags?post=15303"},{"taxonomy":"tribe_events_cat","embeddable":true,"href":"https:\/\/www.ufmg.br\/centrocultural\/wp-json\/wp\/v2\/tribe_events_cat?post=15303"}],"curies":[{"name":"wp","href":"https:\/\/api.w.org\/{rel}","templated":true}]}}

&#8220;Traga sua caneca: encontros não-descartáveis&#8221;

<p>Primeiro da série dos encontros não-descartáveis a serem realizados pelo escotoma – grupo de estudos das imagens-passagens no segundo semestre de 2019, o Traga sua caneca de setembro receberá Maria Carolina Fenati, editora das Edições Chão da Feira, para uma conversa sobre a Literatura no Método.</p>
<p>Desde 2018, os artistas-pesquisadores do escotoma vêm se debruçando sobre a leitura do &#8220;Atlas do Corpo e da Imaginação – teoria e fragmentos&#8221;, do português Gonçalo M. Tavares. Ao texto base do livro, resultante da tese de doutoramento do autor apresentada à Faculdade de Motricidade da Universidade de Lisboa, somou-se um vasto repertório de imagens produzidas pelo coletivo de arquitetos e artistas &#8220;Os Espacialistas&#8221;. A montagem editorial do &#8220;Atlas do corpo e da Imaginação&#8221; confluiu em um arranjo generoso das vizinhanças e contaminações entre texto e imagem, teoria e fragmentos, filosofia e literatura. O corpo é o eixo que sustenta e articula os quatro capítulos, escrita de um pensamento fisiológico.</p>
<p>No dia 26 de setembro, o Traga sua caneca tratará do &#8220;Capítulo 1 – O corpo no método&#8221;. Os integrantes do escotoma irão propôr um exercício inicial de gestos de coreografias literárias, seguido de uma conversa com Maria Carolina Fenati entorno de uma mesa posta.</p>
<p>A proposição Traga sua caneca – encontros não descartáveis é parte das ações desenvolvidas pelo escotoma dentro do Programa de Residências Artísticas – Ateliê Aberto, do Centro Cultural UFMG. O evento é gratuito e aberto ao público.</p>
<p>Criado em 2018 pelo artista e professor da EBA/UFMG, Rodrigo Borges, o escotoma – grupo de estudos das imagens-passagens, reúne artistas-pesquisadores comprometidos com a pesquisa sobre o surgimento e desaparecimento de formas e imagens, bem como de suas narrativas, decorrentes de hesitações e espantos, promotores de dúvidas e inquietações. O grupo é atualmente formado por Clarice G. Lacerda, Bruno Rios, Eduardo Hargreaves, Izabel Stewart, Lourenço Martins Marques, Maira Públio, Matheus Ferreira, Natália Rezende, Nina Horikawa e Olivia Guimarães.<br />
________</p>
<p>serviço<br />
Traga sua caneca – encontro não descartáveis: A literatura no método<br />
(a partir do &#8220;capítulo 1 – O corpo no método&#8221; / &#8220;Atlas do Corpo e da Imaginação&#8221; – Gonçalo M. Tavares.)</p>
<p>escotoma convida:<br />
Maria Carolina Fenati (Edições Chão da Feira)</p>
<p>26 Setembro 2019, quinta-feira, 19h30<br />
ateliê escotoma – sala 7 / Centro Cultural UFMG<br />
Av. Santo Dumont 174 – Centro BH MG<br />
Entrada gratuita</p>

<p>Primeiro da série dos encontros não-descartáveis a serem realizados pelo escotoma – grupo de estudos das imagens-passagens no segundo semestre de 2019, o Traga sua caneca de setembro receberá Maria&#8230;</p>
