{"id":15327,"date":"2019-10-21T13:33:13","date_gmt":"2019-10-21T16:33:13","guid":{"rendered":"https:\/\/www.ufmg.br\/centrocultural\/?post_type=tribe_events&#038;p=15327"},"modified":"2019-10-21T13:34:25","modified_gmt":"2019-10-21T16:34:25","slug":"recitais-coral-andorinhas","status":"publish","type":"tribe_events","link":"https:\/\/www.ufmg.br\/centrocultural\/evento\/recitais-coral-andorinhas\/","title":{"rendered":"Recitais: &#8220;Coral Andorinhas&#8221;"},"content":{"rendered":"<p>Centro Cultural UFMG recebe apresenta\u00e7\u00e3o de coral de Sete Lagoas<\/p>\n<p>Na pr\u00f3xima quarta-feira, dia 23 de outubro de 2019, \u00e0s 19h30, o Centro Cultural UFMG recebe o coral Andorinhas para um concerto musical. A entrada \u00e9 gratuita e integra a programa\u00e7\u00e3o do projeto Recitais.<\/p>\n<p>Dividido em dois coros, um titular e um postulante, o coral recebeu o nome de Andorinhas em refer\u00eancia a ave de canto singelo e quase impercept\u00edvel, mas que quando est\u00e1 em bando emociona ouvir e admirar a beleza. Assim \u00e9 o coral, \u201cuma andorinha sozinha n\u00e3o faz can\u00e7\u00e3o\u201d, diz Thallys Jos\u00e9 Rodrigues de Oliveira, regente do grupo.<\/p>\n<p>O coral Andorinhas foi fundado em 2014, na Escola Estadual Doutor Arthur Bernardes, em Sete Lagoas, Minas Gerais. No ano da funda\u00e7\u00e3o, os hor\u00e1rios nas institui\u00e7\u00f5es estaduais de ensino foram alterados, as aulas, que come\u00e7avam \u00e0s 12h30, passaram a ter in\u00edcio \u00e0s 13h e os alunos ficavam um per\u00edodo maior em frente \u00e0 escola. Preocupadas com a seguran\u00e7a dos estudantes, a diretora V\u00e2nia Siqueira e a vice-diretora Maria da Concei\u00e7\u00e3o Cardoso Rachid procuraram Thallys Jos\u00e9 Rodrigues de Oliveira, aluno da escola h\u00e1 dez anos, para uma conversa sobre essa situa\u00e7\u00e3o. Thallys prop\u00f4s a retomada de um coral para tentar solucionar o problema, em lembran\u00e7a ao coral de \u201cTia Querida\u201d, antiga professora de Canto Orfe\u00f4nico da escola e fundadora do extinto Coral Arthur Bernardes, que regressaria com um nome diferente.<\/p>\n<p>Desde o primeiro ensaio do coral, em 23 de julho de 2014, no sal\u00e3o nobre da escola, a ideia cresceu e acabou tomando propor\u00e7\u00f5es curiosas. Em menos de seis meses o coral foi convidado pela Secretaria Municipal de Cultura de Sete Lagoas para participar do Festival Zacarias, que homenageava o humorista. Nesse mesmo ano surgiram v\u00e1rios outros convites, como a participa\u00e7\u00e3o no Ser\u00e3o Po\u00e9tico do Jubileu de Ouro do Clube de Letras de Sete Lagoas, o Recital de Natal da Prefeitura da cidade e a missa de natal da Lagoa de Santo Ant\u00f4nio, em Jequitib\u00e1. Hoje, cinco anos ap\u00f3s sua funda\u00e7\u00e3o e agora com quatro vozes mistas, muitos se dizem encantados com a singularidade do coral, que hoje \u00e9 conhecido em muitos lugares do Brasil.<\/p>\n<p>O coral Andorinhas j\u00e1 participou de tr\u00eas Festivais Internacional de Corais (FIC), quatro Recitais de Natal da Prefeitura de Sete Lagoas e, regularmente, apresenta concertos gratuitos em espa\u00e7os culturais da cidade e arredores.<\/p>\n<p><a href=\"https:\/\/www.facebook.com\/coralandorinhas\/\" target=\"_blank\" rel=\"noopener\">Andorinhas de Sete Lagoas<\/a><\/p>\n<p>Projeto Recitais<br \/>\nO projeto Recitais, aberto a toda comunidade, oferece ao p\u00fablico momentos diferenciados de lazer e frui\u00e7\u00e3o. Voltado para apresenta\u00e7\u00f5es art\u00edsticas, liter\u00e1rias e c\u00eanicas musicais, este \u00e9 um espa\u00e7o vasto \u00e0s experimenta\u00e7\u00f5es das artes verbais e perform\u00e1ticas. Localizado no hall superior do Centro Cultural UFMG, o projeto acontece todas as quartas-feiras, \u00e0s 19h30. Um convite especial a um momento de lirismo, poesia e sensibilidade ao entardecer em um espa\u00e7o f\u00edsico privilegiado &#8211; intimista e delicado. As apresenta\u00e7\u00f5es t\u00eam por objetivo divulgar trabalhos in\u00e9ditos ou ainda pouco conhecidos de poetas, m\u00fasicos, atores ou daqueles que transitam por linguagens h\u00edbridas e inovadoras nos campos sonoros e express\u00f5es corporais. Escutar, sentir e participar tamb\u00e9m faz parte da constru\u00e7\u00e3o dessa tessitura expressiva e po\u00e9tica. O espa\u00e7o, as janelas e as portas est\u00e3o abertos a esse momento de sentimento e emo\u00e7\u00e3o. Sejam bem-vindos!<\/p>\n<p>Servi\u00e7o<br \/>\nCentro Cultural UFMG<br \/>\nAv. Santos Dumont, 174 \u2013 Centro<br \/>\nBelo Horizonte \u2013 MG<br \/>\n(31)3409-8290<br \/>\n<a href=\"https:\/\/l.facebook.com\/l.php?u=http%3A%2F%2Fwww.ufmg.br%2Fcentrocultural%3Ffbclid%3DIwAR0HmjXwz6Gfu9r0EhfNb8Pk92Vx5Zj0j-wqD-t57uFJgjYozfNeNwmOJts&amp;h=AT33KaKMTLFchizHjM4qm_i0cIurqD2QM636nNWlVB-tjzuOVYRO640YgfH76lKtOJ9o7nbIoN3lROcskD7En6lxqnMRxGuCm1dXgXRgHKv8Nggv2cLT4VAl4CvoFqZnjDX2\" target=\"_blank\" rel=\"nofollow noopener\" data-lynx-mode=\"hover\">www.ufmg.br\/centrocultural<\/a><\/p>\n","protected":false},"excerpt":{"rendered":"<p>Centro Cultural UFMG recebe apresenta\u00e7\u00e3o de coral de Sete Lagoas Na pr\u00f3xima quarta-feira, dia 23 de outubro de 2019, \u00e0s 19h30, o Centro Cultural UFMG recebe o coral Andorinhas para&#8230;<\/p>\n","protected":false},"author":7,"featured_media":15328,"template":"","meta":{"_tribe_events_status":"","_tribe_events_status_reason":"","footnotes":""},"tags":[],"tribe_events_cat":[50],"class_list":["post-15327","tribe_events","type-tribe_events","status-publish","has-post-thumbnail","hentry","tribe_events_cat-recitais","cat_recitais"],"_links":{"self":[{"href":"https:\/\/www.ufmg.br\/centrocultural\/wp-json\/wp\/v2\/tribe_events\/15327","targetHints":{"allow":["GET"]}}],"collection":[{"href":"https:\/\/www.ufmg.br\/centrocultural\/wp-json\/wp\/v2\/tribe_events"}],"about":[{"href":"https:\/\/www.ufmg.br\/centrocultural\/wp-json\/wp\/v2\/types\/tribe_events"}],"author":[{"embeddable":true,"href":"https:\/\/www.ufmg.br\/centrocultural\/wp-json\/wp\/v2\/users\/7"}],"version-history":[{"count":1,"href":"https:\/\/www.ufmg.br\/centrocultural\/wp-json\/wp\/v2\/tribe_events\/15327\/revisions"}],"predecessor-version":[{"id":15329,"href":"https:\/\/www.ufmg.br\/centrocultural\/wp-json\/wp\/v2\/tribe_events\/15327\/revisions\/15329"}],"wp:featuredmedia":[{"embeddable":true,"href":"https:\/\/www.ufmg.br\/centrocultural\/wp-json\/wp\/v2\/media\/15328"}],"wp:attachment":[{"href":"https:\/\/www.ufmg.br\/centrocultural\/wp-json\/wp\/v2\/media?parent=15327"}],"wp:term":[{"taxonomy":"post_tag","embeddable":true,"href":"https:\/\/www.ufmg.br\/centrocultural\/wp-json\/wp\/v2\/tags?post=15327"},{"taxonomy":"tribe_events_cat","embeddable":true,"href":"https:\/\/www.ufmg.br\/centrocultural\/wp-json\/wp\/v2\/tribe_events_cat?post=15327"}],"curies":[{"name":"wp","href":"https:\/\/api.w.org\/{rel}","templated":true}]}}

<p>Centro Cultural UFMG recebe apresentação de coral de Sete Lagoas</p>
<p>Na próxima quarta-feira, dia 23 de outubro de 2019, às 19h30, o Centro Cultural UFMG recebe o coral Andorinhas para um concerto musical. A entrada é gratuita e integra a programação do projeto Recitais.</p>
<p>Dividido em dois coros, um titular e um postulante, o coral recebeu o nome de Andorinhas em referência a ave de canto singelo e quase imperceptível, mas que quando está em bando emociona ouvir e admirar a beleza. Assim é o coral, “uma andorinha sozinha não faz canção”, diz Thallys José Rodrigues de Oliveira, regente do grupo.</p>
<p>O coral Andorinhas foi fundado em 2014, na Escola Estadual Doutor Arthur Bernardes, em Sete Lagoas, Minas Gerais. No ano da fundação, os horários nas instituições estaduais de ensino foram alterados, as aulas, que começavam às 12h30, passaram a ter início às 13h e os alunos ficavam um período maior em frente à escola. Preocupadas com a segurança dos estudantes, a diretora Vânia Siqueira e a vice-diretora Maria da Conceição Cardoso Rachid procuraram Thallys José Rodrigues de Oliveira, aluno da escola há dez anos, para uma conversa sobre essa situação. Thallys propôs a retomada de um coral para tentar solucionar o problema, em lembrança ao coral de “Tia Querida”, antiga professora de Canto Orfeônico da escola e fundadora do extinto Coral Arthur Bernardes, que regressaria com um nome diferente.</p>
<p>Desde o primeiro ensaio do coral, em 23 de julho de 2014, no salão nobre da escola, a ideia cresceu e acabou tomando proporções curiosas. Em menos de seis meses o coral foi convidado pela Secretaria Municipal de Cultura de Sete Lagoas para participar do Festival Zacarias, que homenageava o humorista. Nesse mesmo ano surgiram vários outros convites, como a participação no Serão Poético do Jubileu de Ouro do Clube de Letras de Sete Lagoas, o Recital de Natal da Prefeitura da cidade e a missa de natal da Lagoa de Santo Antônio, em Jequitibá. Hoje, cinco anos após sua fundação e agora com quatro vozes mistas, muitos se dizem encantados com a singularidade do coral, que hoje é conhecido em muitos lugares do Brasil.</p>
<p>O coral Andorinhas já participou de três Festivais Internacional de Corais (FIC), quatro Recitais de Natal da Prefeitura de Sete Lagoas e, regularmente, apresenta concertos gratuitos em espaços culturais da cidade e arredores.</p>
<p><a href="https://www.facebook.com/coralandorinhas/" target="_blank" rel="noopener">Andorinhas de Sete Lagoas</a></p>
<p>Projeto Recitais<br />
O projeto Recitais, aberto a toda comunidade, oferece ao público momentos diferenciados de lazer e fruição. Voltado para apresentações artísticas, literárias e cênicas musicais, este é um espaço vasto às experimentações das artes verbais e performáticas. Localizado no hall superior do Centro Cultural UFMG, o projeto acontece todas as quartas-feiras, às 19h30. Um convite especial a um momento de lirismo, poesia e sensibilidade ao entardecer em um espaço físico privilegiado &#8211; intimista e delicado. As apresentações têm por objetivo divulgar trabalhos inéditos ou ainda pouco conhecidos de poetas, músicos, atores ou daqueles que transitam por linguagens híbridas e inovadoras nos campos sonoros e expressões corporais. Escutar, sentir e participar também faz parte da construção dessa tessitura expressiva e poética. O espaço, as janelas e as portas estão abertos a esse momento de sentimento e emoção. Sejam bem-vindos!</p>
<p>Serviço<br />
Centro Cultural UFMG<br />
Av. Santos Dumont, 174 – Centro<br />
Belo Horizonte – MG<br />
(31)3409-8290<br />
<a href="https://l.facebook.com/l.php?u=http%3A%2F%2Fwww.ufmg.br%2Fcentrocultural%3Ffbclid%3DIwAR0HmjXwz6Gfu9r0EhfNb8Pk92Vx5Zj0j-wqD-t57uFJgjYozfNeNwmOJts&amp;h=AT33KaKMTLFchizHjM4qm_i0cIurqD2QM636nNWlVB-tjzuOVYRO640YgfH76lKtOJ9o7nbIoN3lROcskD7En6lxqnMRxGuCm1dXgXRgHKv8Nggv2cLT4VAl4CvoFqZnjDX2" target="_blank" rel="nofollow noopener" data-lynx-mode="hover">www.ufmg.br/centrocultural</a></p>

<p>Centro Cultural UFMG recebe apresentação de coral de Sete Lagoas Na próxima quarta-feira, dia 23 de outubro de 2019, às 19h30, o Centro Cultural UFMG recebe o coral Andorinhas para&#8230;</p>
