{"id":16575,"date":"2022-02-09T14:12:30","date_gmt":"2022-02-09T17:12:30","guid":{"rendered":"https:\/\/www.ufmg.br\/centrocultural\/?post_type=tribe_events&#038;p=16575"},"modified":"2022-02-09T14:51:10","modified_gmt":"2022-02-09T17:51:10","slug":"16575","status":"publish","type":"tribe_events","link":"https:\/\/www.ufmg.br\/centrocultural\/evento\/16575\/","title":{"rendered":"16\u00ba Festival de Ver\u00e3o UFMG"},"content":{"rendered":"<h5>Programa\u00e7\u00e3o do dia<\/h5>\n<p>Tema: <em>Saberes em transe<\/em><\/p>\n<p><strong>18h<\/strong> &#8211; <a href=\"https:\/\/www.ufmg.br\/festivaldeverao\/2022\/prog\/saberes-em-transe\/\">Palestra Sobre beleza e possibilidades de salvar o mundo<\/a><br \/>\nMaur\u00edcio Campomori<\/p>\n<p><strong>19h<\/strong> &#8211; <a href=\"https:\/\/www.ufmg.br\/festivaldeverao\/2022\/prog\/roda-de-conversa-com-cesar-guimaraes-edgar-kanayko-e-sonia-queiroz\/\">Roda de conversa<\/a><br \/>\nC\u00e9sar Guimar\u00e3es, Edgar Kanayk\u00f5, Luis Alberto Brand\u00e3o e S\u00f4nia Queiroz<\/p>\n<p><strong>20h30<\/strong> &#8211; <a href=\"https:\/\/www.ufmg.br\/festivaldeverao\/2022\/prog\/video-documentario-mec-movimento-em-cena\/\">V\u00eddeo-document\u00e1rio MEC \u2013 MOVIMENTO EM CENA<\/a><\/p>\n<p>Todas as atividades s\u00e3o gratuitas, on-line e oferecem certificado.<br \/>\nTransmiss\u00e3o pelo <a href=\"https:\/\/www.youtube.com\/culturaufmg\">canal Cultura UFMG<\/a><\/p>\n","protected":false},"excerpt":{"rendered":"<p>Programa\u00e7\u00e3o do dia Tema: Saberes em transe 18h &#8211; Palestra Sobre beleza e possibilidades de salvar o mundo Maur\u00edcio Campomori 19h &#8211; Roda de conversa C\u00e9sar Guimar\u00e3es, Edgar Kanayk\u00f5, Luis&#8230;<\/p>\n","protected":false},"author":8,"featured_media":16586,"template":"","meta":{"_tribe_events_status":"","_tribe_events_status_reason":"","footnotes":""},"tags":[96,98],"tribe_events_cat":[95],"class_list":["post-16575","tribe_events","type-tribe_events","status-publish","has-post-thumbnail","hentry","tag-festivaldeverao","tag-filmes","tribe_events_cat-festival-de-verao-ufmg","cat_festival-de-verao-ufmg"],"_links":{"self":[{"href":"https:\/\/www.ufmg.br\/centrocultural\/wp-json\/wp\/v2\/tribe_events\/16575","targetHints":{"allow":["GET"]}}],"collection":[{"href":"https:\/\/www.ufmg.br\/centrocultural\/wp-json\/wp\/v2\/tribe_events"}],"about":[{"href":"https:\/\/www.ufmg.br\/centrocultural\/wp-json\/wp\/v2\/types\/tribe_events"}],"author":[{"embeddable":true,"href":"https:\/\/www.ufmg.br\/centrocultural\/wp-json\/wp\/v2\/users\/8"}],"version-history":[{"count":7,"href":"https:\/\/www.ufmg.br\/centrocultural\/wp-json\/wp\/v2\/tribe_events\/16575\/revisions"}],"predecessor-version":[{"id":16589,"href":"https:\/\/www.ufmg.br\/centrocultural\/wp-json\/wp\/v2\/tribe_events\/16575\/revisions\/16589"}],"wp:featuredmedia":[{"embeddable":true,"href":"https:\/\/www.ufmg.br\/centrocultural\/wp-json\/wp\/v2\/media\/16586"}],"wp:attachment":[{"href":"https:\/\/www.ufmg.br\/centrocultural\/wp-json\/wp\/v2\/media?parent=16575"}],"wp:term":[{"taxonomy":"post_tag","embeddable":true,"href":"https:\/\/www.ufmg.br\/centrocultural\/wp-json\/wp\/v2\/tags?post=16575"},{"taxonomy":"tribe_events_cat","embeddable":true,"href":"https:\/\/www.ufmg.br\/centrocultural\/wp-json\/wp\/v2\/tribe_events_cat?post=16575"}],"curies":[{"name":"wp","href":"https:\/\/api.w.org\/{rel}","templated":true}]}}

16º Festival de Verão UFMG

<h5>Programação do dia</h5>
<p>Tema: <em>Saberes em transe</em></p>
<p><strong>18h</strong> &#8211; <a href="https://www.ufmg.br/festivaldeverao/2022/prog/saberes-em-transe/">Palestra Sobre beleza e possibilidades de salvar o mundo</a><br />
Maurício Campomori</p>
<p><strong>19h</strong> &#8211; <a href="https://www.ufmg.br/festivaldeverao/2022/prog/roda-de-conversa-com-cesar-guimaraes-edgar-kanayko-e-sonia-queiroz/">Roda de conversa</a><br />
César Guimarães, Edgar Kanaykõ, Luis Alberto Brandão e Sônia Queiroz</p>
<p><strong>20h30</strong> &#8211; <a href="https://www.ufmg.br/festivaldeverao/2022/prog/video-documentario-mec-movimento-em-cena/">Vídeo-documentário MEC – MOVIMENTO EM CENA</a></p>
<p>Todas as atividades são gratuitas, on-line e oferecem certificado.<br />
Transmissão pelo <a href="https://www.youtube.com/culturaufmg">canal Cultura UFMG</a></p>

<p>Programação do dia Tema: Saberes em transe 18h &#8211; Palestra Sobre beleza e possibilidades de salvar o mundo Maurício Campomori 19h &#8211; Roda de conversa César Guimarães, Edgar Kanaykõ, Luis&#8230;</p>
