{"id":17501,"date":"2022-04-28T12:34:07","date_gmt":"2022-04-28T15:34:07","guid":{"rendered":"https:\/\/www.ufmg.br\/centrocultural\/?post_type=tribe_events&#038;p=17501"},"modified":"2022-05-25T11:40:51","modified_gmt":"2022-05-25T14:40:51","slug":"exposicao-seres","status":"publish","type":"tribe_events","link":"https:\/\/www.ufmg.br\/centrocultural\/evento\/exposicao-seres\/","title":{"rendered":"Exposi\u00e7\u00e3o &#8216;Seres&#8217;"},"content":{"rendered":"<div id=\"cmsmasters_row_4xlakn79d5\" class=\"cmsmasters_row cmsmasters_color_scheme_default cmsmasters_row_top_default cmsmasters_row_bot_default cmsmasters_row_boxed\">\n<div class=\"cmsmasters_row_outer_parent\">\n<div class=\"cmsmasters_row_outer\">\n<div class=\"cmsmasters_row_inner\">\n<div class=\"cmsmasters_row_margin\">\n<div id=\"cmsmasters_column_92chlvxoj8\" class=\"cmsmasters_column one_first\">\n<div class=\"cmsmasters_column_inner\">\n<div class=\"cmsmasters_sharing\">\n<div class=\"share_wrap\">\n<a href=\"https:\/\/twitter.com\/intent\/tweet?text=Check+out+%27Exposi%C3%A7%C3%A3o+%E2%80%98Seres%E2%80%99%27+on+Centro+Cultural++UFMG+website&url=https%3A%2F%2Fwww.ufmg.br%2Fcentrocultural%2Fevento%2Fexposicao-seres%2F\" class=\"button cmsmasters-icon-twitter\">Twitter<\/a>\n<\/div>\n<div class=\"share_wrap\">\n<a href=\"https:\/\/www.facebook.com\/sharer\/sharer.php?display=popup&u=https%3A%2F%2Fwww.ufmg.br%2Fcentrocultural%2Fevento%2Fexposicao-seres%2F\" class=\"button cmsmasters-icon-facebook\">Facebook<\/a>\n<\/div>\n<\/div>\n<\/div><\/div>\n<\/div>\n<\/div>\n<\/div>\n<\/div>\n<\/div>\n<div id=\"cmsmasters_row_\" class=\"cmsmasters_row cmsmasters_color_scheme_default cmsmasters_row_top_default cmsmasters_row_bot_default cmsmasters_row_boxed\">\n<div class=\"cmsmasters_row_outer_parent\">\n<div class=\"cmsmasters_row_outer\">\n<div class=\"cmsmasters_row_inner\">\n<div class=\"cmsmasters_row_margin\">\n<div id=\"cmsmasters_column_\" class=\"cmsmasters_column one_first\">\n<div class=\"cmsmasters_column_inner\"><div class=\"cmsmasters_text\">\n<p><strong>Exposi\u00e7\u00e3o &#8216;Seres&#8217;<\/strong><br \/>\n<strong>T\u00e2mara Sardinha Moreira<\/strong><\/p>\n<p>Abertura: 9 de novembro de 2022<br \/>\nVisita\u00e7\u00e3o: at\u00e9 o dia 11\/12\/2022<br \/>\nTer\u00e7as a sextas: 9h \u00e0s 20h<br \/>\nS\u00e1bados, domingos e feriados: 9h \u00e0s 17h<br \/>\nSala Ana Horta<br \/>\nEntrada gratuita<\/p>\n<p>Consulte <span style=\"color: #00ccff;\"><a style=\"color: #00ccff;\" href=\"https:\/\/www.google.com.br\/maps\/dir\/\/Av.+Santos+Dumont,+174+-+Centro,+Belo+Horizonte+-+MG,+30111-040\/@-19.9170546,-43.9360151,17z\/data=!4m6!4m5!1m0!1m2!1m1!1s0xa699fbd5aaae01:0xab4780c129fa0883!3e0\">rotas e meios de transporte<\/a><\/span> para chegar ao Centro Cultural UFMG<\/p>\n<p><em>Aten\u00e7\u00e3o:aguarde novas informa\u00e7\u00f5es.<\/em><\/p>\n<\/div>\n<\/div><\/div>\n<\/div>\n<\/div>\n<\/div>\n<\/div>\n<\/div>\n<div id=\"cmsmasters_row_7xwnztviwc\" class=\"cmsmasters_row cmsmasters_color_scheme_default cmsmasters_row_top_default cmsmasters_row_bot_default cmsmasters_row_boxed\">\n<div class=\"cmsmasters_row_outer_parent\">\n<div class=\"cmsmasters_row_outer\">\n<div class=\"cmsmasters_row_inner\">\n<div class=\"cmsmasters_row_margin\">\n<div id=\"cmsmasters_column_i3oqej8gwl\" class=\"cmsmasters_column three_fourth\">\n<div class=\"cmsmasters_column_inner\"><div id=\"cmsmasters_notice_5k2mj69chw\" class=\"cmsmasters_notice cmsmasters_notice_warning cmsmasters-icon-check-1\">\n<a href=\"#\" class=\"notice_close cmsmasters_theme_icon_cancel\"><\/a><div class=\"notice_content\">\n<p>Lembre-se: \u00e9 necess\u00e1rio o uso de m\u00e1scara nos espa\u00e7os do Centro Cultural UFMG mesmo para imunizados<\/p>\n<\/div>\n<\/div>\n<\/div><\/div>\n<div id=\"cmsmasters_column_7w77uc9z2p\" class=\"cmsmasters_column one_fourth\">\n<div class=\"cmsmasters_column_inner\"><\/div><\/div>\n<\/div>\n<\/div>\n<\/div>\n<\/div>\n<\/div>\n\n","protected":false},"excerpt":{"rendered":"","protected":false},"author":8,"featured_media":0,"template":"","meta":{"_tribe_events_status":"","_tribe_events_status_reason":"","footnotes":""},"tags":[163,122,201],"tribe_events_cat":[32],"class_list":["post-17501","tribe_events","type-tribe_events","status-publish","hentry","tag-arte","tag-exposicao","tag-tamarasardinhamoreira","tribe_events_cat-exposicoes","cat_exposicoes"],"_links":{"self":[{"href":"https:\/\/www.ufmg.br\/centrocultural\/wp-json\/wp\/v2\/tribe_events\/17501","targetHints":{"allow":["GET"]}}],"collection":[{"href":"https:\/\/www.ufmg.br\/centrocultural\/wp-json\/wp\/v2\/tribe_events"}],"about":[{"href":"https:\/\/www.ufmg.br\/centrocultural\/wp-json\/wp\/v2\/types\/tribe_events"}],"author":[{"embeddable":true,"href":"https:\/\/www.ufmg.br\/centrocultural\/wp-json\/wp\/v2\/users\/8"}],"version-history":[{"count":4,"href":"https:\/\/www.ufmg.br\/centrocultural\/wp-json\/wp\/v2\/tribe_events\/17501\/revisions"}],"predecessor-version":[{"id":18272,"href":"https:\/\/www.ufmg.br\/centrocultural\/wp-json\/wp\/v2\/tribe_events\/17501\/revisions\/18272"}],"wp:attachment":[{"href":"https:\/\/www.ufmg.br\/centrocultural\/wp-json\/wp\/v2\/media?parent=17501"}],"wp:term":[{"taxonomy":"post_tag","embeddable":true,"href":"https:\/\/www.ufmg.br\/centrocultural\/wp-json\/wp\/v2\/tags?post=17501"},{"taxonomy":"tribe_events_cat","embeddable":true,"href":"https:\/\/www.ufmg.br\/centrocultural\/wp-json\/wp\/v2\/tribe_events_cat?post=17501"}],"curies":[{"name":"wp","href":"https:\/\/api.w.org\/{rel}","templated":true}]}}

Exposição &#8216;Seres&#8217;

<div id="cmsmasters_row_4xlakn79d5" class="cmsmasters_row cmsmasters_color_scheme_default cmsmasters_row_top_default cmsmasters_row_bot_default cmsmasters_row_boxed">
<div class="cmsmasters_row_outer_parent">
<div class="cmsmasters_row_outer">
<div class="cmsmasters_row_inner">
<div class="cmsmasters_row_margin">
<div id="cmsmasters_column_92chlvxoj8" class="cmsmasters_column one_first">
<div class="cmsmasters_column_inner">
<div class="cmsmasters_sharing">
<div class="share_wrap">
<a href="https://twitter.com/intent/tweet?text=Check+out+%27Exposi%C3%A7%C3%A3o+%E2%80%98Seres%E2%80%99%27+on+Centro+Cultural++UFMG+website&url=https%3A%2F%2Fwww.ufmg.br%2Fcentrocultural%2Fevento%2Fexposicao-seres%2F" class="button cmsmasters-icon-twitter">Twitter</a>
</div>
<div class="share_wrap">
<a href="https://www.facebook.com/sharer/sharer.php?display=popup&u=https%3A%2F%2Fwww.ufmg.br%2Fcentrocultural%2Fevento%2Fexposicao-seres%2F" class="button cmsmasters-icon-facebook">Facebook</a>
</div>
</div>
</div></div>
</div>
</div>
</div>
</div>
</div>
<div id="cmsmasters_row_" class="cmsmasters_row cmsmasters_color_scheme_default cmsmasters_row_top_default cmsmasters_row_bot_default cmsmasters_row_boxed">
<div class="cmsmasters_row_outer_parent">
<div class="cmsmasters_row_outer">
<div class="cmsmasters_row_inner">
<div class="cmsmasters_row_margin">
<div id="cmsmasters_column_" class="cmsmasters_column one_first">
<div class="cmsmasters_column_inner"><div class="cmsmasters_text">
<p><strong>Exposição &#8216;Seres&#8217;</strong><br />
<strong>Tâmara Sardinha Moreira</strong></p>
<p>Abertura: 9 de novembro de 2022<br />
Visitação: até o dia 11/12/2022<br />
Terças a sextas: 9h às 20h<br />
Sábados, domingos e feriados: 9h às 17h<br />
Sala Ana Horta<br />
Entrada gratuita</p>
<p>Consulte <span style="color: #00ccff;"><a style="color: #00ccff;" href="https://www.google.com.br/maps/dir//Av.+Santos+Dumont,+174+-+Centro,+Belo+Horizonte+-+MG,+30111-040/@-19.9170546,-43.9360151,17z/data=!4m6!4m5!1m0!1m2!1m1!1s0xa699fbd5aaae01:0xab4780c129fa0883!3e0">rotas e meios de transporte</a></span> para chegar ao Centro Cultural UFMG</p>
<p><em>Atenção:aguarde novas informações.</em></p>
</div>
</div></div>
</div>
</div>
</div>
</div>
</div>
<div id="cmsmasters_row_7xwnztviwc" class="cmsmasters_row cmsmasters_color_scheme_default cmsmasters_row_top_default cmsmasters_row_bot_default cmsmasters_row_boxed">
<div class="cmsmasters_row_outer_parent">
<div class="cmsmasters_row_outer">
<div class="cmsmasters_row_inner">
<div class="cmsmasters_row_margin">
<div id="cmsmasters_column_i3oqej8gwl" class="cmsmasters_column three_fourth">
<div class="cmsmasters_column_inner"><div id="cmsmasters_notice_5k2mj69chw" class="cmsmasters_notice cmsmasters_notice_warning cmsmasters-icon-check-1">
<a href="#" class="notice_close cmsmasters_theme_icon_cancel"></a><div class="notice_content">
<p>Lembre-se: é necessário o uso de máscara nos espaços do Centro Cultural UFMG mesmo para imunizados</p>
</div>
</div>
</div></div>
<div id="cmsmasters_column_7w77uc9z2p" class="cmsmasters_column one_fourth">
<div class="cmsmasters_column_inner"></div></div>
</div>
</div>
</div>
</div>
</div>
