{"id":18331,"date":"2022-05-26T11:51:35","date_gmt":"2022-05-26T14:51:35","guid":{"rendered":"https:\/\/www.ufmg.br\/centrocultural\/?post_type=tribe_events&#038;p=18331"},"modified":"2022-06-10T20:54:13","modified_gmt":"2022-06-10T23:54:13","slug":"poesia-arte-e-espaco-em-poemateria","status":"publish","type":"tribe_events","link":"https:\/\/www.ufmg.br\/centrocultural\/evento\/poesia-arte-e-espaco-em-poemateria\/","title":{"rendered":"Poesia, arte e espa\u00e7o em Poemat\u00e9ria"},"content":{"rendered":"<div id=\"cmsmasters_row_mqtmt5v6tq\" class=\"cmsmasters_row cmsmasters_color_scheme_default cmsmasters_row_top_default cmsmasters_row_bot_default cmsmasters_row_boxed\">\n<div class=\"cmsmasters_row_outer_parent\">\n<div class=\"cmsmasters_row_outer\">\n<div class=\"cmsmasters_row_inner\">\n<div class=\"cmsmasters_row_margin\">\n<div id=\"cmsmasters_column_wwecszx19g\" class=\"cmsmasters_column one_first\">\n<div class=\"cmsmasters_column_inner\">\n<div class=\"cmsmasters_sharing\">\n<div class=\"share_wrap\">\n<a href=\"https:\/\/twitter.com\/intent\/tweet?text=Check+out+%27Poesia%2C+arte+e+espa%C3%A7o+em+Poemat%C3%A9ria%27+on+Centro+Cultural++UFMG+website&url=https%3A%2F%2Fwww.ufmg.br%2Fcentrocultural%2Fevento%2Fpoesia-arte-e-espaco-em-poemateria%2F\" class=\"button cmsmasters-icon-twitter\">Twitter<\/a>\n<\/div>\n<div class=\"share_wrap\">\n<a href=\"https:\/\/www.facebook.com\/sharer\/sharer.php?display=popup&u=https%3A%2F%2Fwww.ufmg.br%2Fcentrocultural%2Fevento%2Fpoesia-arte-e-espaco-em-poemateria%2F\" class=\"button cmsmasters-icon-facebook\">Facebook<\/a>\n<\/div>\n<\/div>\n<\/div><\/div>\n<\/div>\n<\/div>\n<\/div>\n<\/div>\n<\/div>\n<div id=\"cmsmasters_row_\" class=\"cmsmasters_row cmsmasters_color_scheme_default cmsmasters_row_top_default cmsmasters_row_bot_default cmsmasters_row_boxed\">\n<div class=\"cmsmasters_row_outer_parent\">\n<div class=\"cmsmasters_row_outer\">\n<div class=\"cmsmasters_row_inner\">\n<div class=\"cmsmasters_row_margin\">\n<div id=\"cmsmasters_column_\" class=\"cmsmasters_column one_first\">\n<div class=\"cmsmasters_column_inner\"><div class=\"cmsmasters_text\">\n<p><strong>Poesia, arte e espa\u00e7o em Poemat\u00e9ria<\/strong><\/p>\n<p>Bate-papo e performance com os poetas, professores, arquitetos e artistas visuais Andrea Dario, Anelito de Oliveira, Celina Lage, Bel Diniz, Jo\u00e3o Diniz e Mar\u00edlia Andr\u00e9s. Evento integra as atividades programadas da <span style=\"color: #00ccff;\"><a style=\"color: #00ccff;\" href=\"https:\/\/www.ufmg.br\/centrocultural\/?p=17642\">mostra Poemat\u00e9ria: Arquitetura da palavra<\/a><\/span>, de autoria do arquiteto Jo\u00e3o Diniz, em exibi\u00e7\u00e3o no Centro Cultural UFMG, de 19 de maio a 26 de junho de 2022.<\/p>\n<p>Data: 15 de junho<br \/>\nHor\u00e1rio: 19h \u00e0s 21h<br \/>\nLocal: Grande Galeria<br \/>\nEntrada gratuita<br \/>\nClassifica\u00e7\u00e3o: livre<\/p>\n<p>Consulte <span style=\"color: #00ccff;\"><a style=\"color: #00ccff;\" href=\"https:\/\/www.google.com.br\/maps\/dir\/\/Av.+Santos+Dumont,+174+-+Centro,+Belo+Horizonte+-+MG,+30111-040\/@-19.9170546,-43.9360151,17z\/data=!4m6!4m5!1m0!1m2!1m1!1s0xa699fbd5aaae01:0xab4780c129fa0883!3e0\">rotas e meios de transporte<\/a><\/span> para chegar ao Centro Cultural UFMG<\/p>\n<ul>\n<li><span style=\"color: #00ccff;\">Compartilhe pelo WhatsApp<\/span><\/li>\n<li><span style=\"color: #00ccff;\"><a style=\"color: #00ccff;\" href=\"https:\/\/telegram.me\/share\/url?url=https:\/\/www.ufmg.br\/centrocultural\/?tribe_events=poesia-arte-e-espaco-em-poemateria\">Compartilhe pelo Telegram<\/a><\/span><\/li>\n<\/ul>\n<\/div>\n<\/div><\/div>\n<\/div>\n<\/div>\n<\/div>\n<\/div>\n<\/div>\n<div id=\"cmsmasters_row_mxm0rg7qhf\" class=\"cmsmasters_row cmsmasters_color_scheme_default cmsmasters_row_top_default cmsmasters_row_bot_default cmsmasters_row_boxed\">\n<div class=\"cmsmasters_row_outer_parent\">\n<div class=\"cmsmasters_row_outer\">\n<div class=\"cmsmasters_row_inner\">\n<div class=\"cmsmasters_row_margin\">\n<div id=\"cmsmasters_column_wtakgf8ssm\" class=\"cmsmasters_column three_fourth\">\n<div class=\"cmsmasters_column_inner\"><div id=\"cmsmasters_notice_69l9brt3np\" class=\"cmsmasters_notice cmsmasters_notice_warning cmsmasters-icon-check-1\">\n<a href=\"#\" class=\"notice_close cmsmasters_theme_icon_cancel\"><\/a><div class=\"notice_content\">\n<p>Lembre-se: \u00e9 necess\u00e1rio o uso de m\u00e1scara nos espa\u00e7os do Centro Cultural UFMG mesmo para imunizados<\/p>\n<\/div>\n<\/div>\n<\/div><\/div>\n<div id=\"cmsmasters_column_2xur2low7i\" class=\"cmsmasters_column one_fourth\">\n<div class=\"cmsmasters_column_inner\"><\/div><\/div>\n<\/div>\n<\/div>\n<\/div>\n<\/div>\n<\/div>\n<div id=\"cmsmasters_row_k4jv86g9rv\" class=\"cmsmasters_row cmsmasters_color_scheme_default cmsmasters_row_top_default cmsmasters_row_bot_default cmsmasters_row_boxed\">\n<div class=\"cmsmasters_row_outer_parent\">\n<div class=\"cmsmasters_row_outer\">\n<div class=\"cmsmasters_row_inner\">\n<div class=\"cmsmasters_row_margin\">\n<div id=\"cmsmasters_column_wllot5hjmq\" class=\"cmsmasters_column one_first\">\n<div class=\"cmsmasters_column_inner\"><div class=\"cmsmasters_img  cmsmasters_image_n with_caption\"><img decoding=\"async\" src=\"https:\/\/www.ufmg.br\/centrocultural\/wp-content\/uploads\/2022\/05\/Programacao-dos-eventos-durante-a-expo-1-600x600.jpg\" \/><p class=\"cmsmasters_img_caption\">Arte: Comunica\u00e7\u00e3o\/Centro Cultural UFMG<\/p><\/div>\n<\/div><\/div>\n<\/div>\n<\/div>\n<\/div>\n<\/div>\n<\/div>\n\n","protected":false},"excerpt":{"rendered":"","protected":false},"author":8,"featured_media":18334,"template":"","meta":{"_tribe_events_status":"","_tribe_events_status_reason":"","footnotes":""},"tags":[279,278,281,275,243,162,277,272,274],"tribe_events_cat":[53,32],"class_list":["post-18331","tribe_events","type-tribe_events","status-publish","has-post-thumbnail","hentry","tag-andreadario","tag-anelitodeoliveira","tag-beldiniz","tag-celinalage","tag-debates","tag-joaodiniz","tag-mariliaandres","tag-performances","tag-poemateria","tribe_events_cat-encontros","tribe_events_cat-exposicoes","cat_encontros","cat_exposicoes"],"_links":{"self":[{"href":"https:\/\/www.ufmg.br\/centrocultural\/wp-json\/wp\/v2\/tribe_events\/18331","targetHints":{"allow":["GET"]}}],"collection":[{"href":"https:\/\/www.ufmg.br\/centrocultural\/wp-json\/wp\/v2\/tribe_events"}],"about":[{"href":"https:\/\/www.ufmg.br\/centrocultural\/wp-json\/wp\/v2\/types\/tribe_events"}],"author":[{"embeddable":true,"href":"https:\/\/www.ufmg.br\/centrocultural\/wp-json\/wp\/v2\/users\/8"}],"version-history":[{"count":6,"href":"https:\/\/www.ufmg.br\/centrocultural\/wp-json\/wp\/v2\/tribe_events\/18331\/revisions"}],"predecessor-version":[{"id":18409,"href":"https:\/\/www.ufmg.br\/centrocultural\/wp-json\/wp\/v2\/tribe_events\/18331\/revisions\/18409"}],"wp:featuredmedia":[{"embeddable":true,"href":"https:\/\/www.ufmg.br\/centrocultural\/wp-json\/wp\/v2\/media\/18334"}],"wp:attachment":[{"href":"https:\/\/www.ufmg.br\/centrocultural\/wp-json\/wp\/v2\/media?parent=18331"}],"wp:term":[{"taxonomy":"post_tag","embeddable":true,"href":"https:\/\/www.ufmg.br\/centrocultural\/wp-json\/wp\/v2\/tags?post=18331"},{"taxonomy":"tribe_events_cat","embeddable":true,"href":"https:\/\/www.ufmg.br\/centrocultural\/wp-json\/wp\/v2\/tribe_events_cat?post=18331"}],"curies":[{"name":"wp","href":"https:\/\/api.w.org\/{rel}","templated":true}]}}

Poesia, arte e espaço em Poematéria

<div id="cmsmasters_row_mqtmt5v6tq" class="cmsmasters_row cmsmasters_color_scheme_default cmsmasters_row_top_default cmsmasters_row_bot_default cmsmasters_row_boxed">
<div class="cmsmasters_row_outer_parent">
<div class="cmsmasters_row_outer">
<div class="cmsmasters_row_inner">
<div class="cmsmasters_row_margin">
<div id="cmsmasters_column_wwecszx19g" class="cmsmasters_column one_first">
<div class="cmsmasters_column_inner">
<div class="cmsmasters_sharing">
<div class="share_wrap">
<a href="https://twitter.com/intent/tweet?text=Check+out+%27Poesia%2C+arte+e+espa%C3%A7o+em+Poemat%C3%A9ria%27+on+Centro+Cultural++UFMG+website&url=https%3A%2F%2Fwww.ufmg.br%2Fcentrocultural%2Fevento%2Fpoesia-arte-e-espaco-em-poemateria%2F" class="button cmsmasters-icon-twitter">Twitter</a>
</div>
<div class="share_wrap">
<a href="https://www.facebook.com/sharer/sharer.php?display=popup&u=https%3A%2F%2Fwww.ufmg.br%2Fcentrocultural%2Fevento%2Fpoesia-arte-e-espaco-em-poemateria%2F" class="button cmsmasters-icon-facebook">Facebook</a>
</div>
</div>
</div></div>
</div>
</div>
</div>
</div>
</div>
<div id="cmsmasters_row_" class="cmsmasters_row cmsmasters_color_scheme_default cmsmasters_row_top_default cmsmasters_row_bot_default cmsmasters_row_boxed">
<div class="cmsmasters_row_outer_parent">
<div class="cmsmasters_row_outer">
<div class="cmsmasters_row_inner">
<div class="cmsmasters_row_margin">
<div id="cmsmasters_column_" class="cmsmasters_column one_first">
<div class="cmsmasters_column_inner"><div class="cmsmasters_text">
<p><strong>Poesia, arte e espaço em Poematéria</strong></p>
<p>Bate-papo e performance com os poetas, professores, arquitetos e artistas visuais Andrea Dario, Anelito de Oliveira, Celina Lage, Bel Diniz, João Diniz e Marília Andrés. Evento integra as atividades programadas da <span style="color: #00ccff;"><a style="color: #00ccff;" href="https://www.ufmg.br/centrocultural/?p=17642">mostra Poematéria: Arquitetura da palavra</a></span>, de autoria do arquiteto João Diniz, em exibição no Centro Cultural UFMG, de 19 de maio a 26 de junho de 2022.</p>
<p>Data: 15 de junho<br />
Horário: 19h às 21h<br />
Local: Grande Galeria<br />
Entrada gratuita<br />
Classificação: livre</p>
<p>Consulte <span style="color: #00ccff;"><a style="color: #00ccff;" href="https://www.google.com.br/maps/dir//Av.+Santos+Dumont,+174+-+Centro,+Belo+Horizonte+-+MG,+30111-040/@-19.9170546,-43.9360151,17z/data=!4m6!4m5!1m0!1m2!1m1!1s0xa699fbd5aaae01:0xab4780c129fa0883!3e0">rotas e meios de transporte</a></span> para chegar ao Centro Cultural UFMG</p>
<ul>
<li><span style="color: #00ccff;">Compartilhe pelo WhatsApp</span></li>
<li><span style="color: #00ccff;"><a style="color: #00ccff;" href="https://telegram.me/share/url?url=https://www.ufmg.br/centrocultural/?tribe_events=poesia-arte-e-espaco-em-poemateria">Compartilhe pelo Telegram</a></span></li>
</ul>
</div>
</div></div>
</div>
</div>
</div>
</div>
</div>
<div id="cmsmasters_row_mxm0rg7qhf" class="cmsmasters_row cmsmasters_color_scheme_default cmsmasters_row_top_default cmsmasters_row_bot_default cmsmasters_row_boxed">
<div class="cmsmasters_row_outer_parent">
<div class="cmsmasters_row_outer">
<div class="cmsmasters_row_inner">
<div class="cmsmasters_row_margin">
<div id="cmsmasters_column_wtakgf8ssm" class="cmsmasters_column three_fourth">
<div class="cmsmasters_column_inner"><div id="cmsmasters_notice_69l9brt3np" class="cmsmasters_notice cmsmasters_notice_warning cmsmasters-icon-check-1">
<a href="#" class="notice_close cmsmasters_theme_icon_cancel"></a><div class="notice_content">
<p>Lembre-se: é necessário o uso de máscara nos espaços do Centro Cultural UFMG mesmo para imunizados</p>
</div>
</div>
</div></div>
<div id="cmsmasters_column_2xur2low7i" class="cmsmasters_column one_fourth">
<div class="cmsmasters_column_inner"></div></div>
</div>
</div>
</div>
</div>
</div>
<div id="cmsmasters_row_k4jv86g9rv" class="cmsmasters_row cmsmasters_color_scheme_default cmsmasters_row_top_default cmsmasters_row_bot_default cmsmasters_row_boxed">
<div class="cmsmasters_row_outer_parent">
<div class="cmsmasters_row_outer">
<div class="cmsmasters_row_inner">
<div class="cmsmasters_row_margin">
<div id="cmsmasters_column_wllot5hjmq" class="cmsmasters_column one_first">
<div class="cmsmasters_column_inner"><div class="cmsmasters_img  cmsmasters_image_n with_caption"><img decoding="async" src="https://www.ufmg.br/centrocultural/wp-content/uploads/2022/05/Programacao-dos-eventos-durante-a-expo-1-600x600.jpg" /><p class="cmsmasters_img_caption">Arte: Comunicação/Centro Cultural UFMG</p></div>
</div></div>
</div>
</div>
</div>
</div>
</div>
