{"id":18994,"date":"2022-07-13T14:12:00","date_gmt":"2022-07-13T17:12:00","guid":{"rendered":"https:\/\/www.ufmg.br\/centrocultural\/?post_type=tribe_events&#038;p=18994"},"modified":"2022-07-13T14:18:54","modified_gmt":"2022-07-13T17:18:54","slug":"happening-cultural-na-exposicao-poemateria","status":"publish","type":"tribe_events","link":"https:\/\/www.ufmg.br\/centrocultural\/evento\/happening-cultural-na-exposicao-poemateria\/","title":{"rendered":"Happening cultural na exposi\u00e7\u00e3o Poemat\u00e9ria"},"content":{"rendered":"<div id=\"cmsmasters_row_28dp6284md\" class=\"cmsmasters_row cmsmasters_color_scheme_default cmsmasters_row_top_default cmsmasters_row_bot_default cmsmasters_row_boxed\">\n<div class=\"cmsmasters_row_outer_parent\">\n<div class=\"cmsmasters_row_outer\">\n<div class=\"cmsmasters_row_inner\">\n<div class=\"cmsmasters_row_margin\">\n<div id=\"cmsmasters_column_guh8k9zgdp\" class=\"cmsmasters_column one_first\">\n<div class=\"cmsmasters_column_inner\">\n<div class=\"cmsmasters_sharing\">\n<div class=\"share_wrap\">\n<a href=\"https:\/\/twitter.com\/intent\/tweet?text=Check+out+%27Happening+cultural+na+exposi%C3%A7%C3%A3o+Poemat%C3%A9ria%27+on+Centro+Cultural++UFMG+website&url=https%3A%2F%2Fwww.ufmg.br%2Fcentrocultural%2Fevento%2Fhappening-cultural-na-exposicao-poemateria%2F\" class=\"button cmsmasters-icon-twitter\">Twitter<\/a>\n<\/div>\n<div class=\"share_wrap\">\n<a href=\"https:\/\/www.facebook.com\/sharer\/sharer.php?display=popup&u=https%3A%2F%2Fwww.ufmg.br%2Fcentrocultural%2Fevento%2Fhappening-cultural-na-exposicao-poemateria%2F\" class=\"button cmsmasters-icon-facebook\">Facebook<\/a>\n<\/div>\n<\/div>\n<\/div><\/div>\n<\/div>\n<\/div>\n<\/div>\n<\/div>\n<\/div>\n<div id=\"cmsmasters_row_\" class=\"cmsmasters_row cmsmasters_color_scheme_default cmsmasters_row_top_default cmsmasters_row_bot_default cmsmasters_row_boxed\">\n<div class=\"cmsmasters_row_outer_parent\">\n<div class=\"cmsmasters_row_outer\">\n<div class=\"cmsmasters_row_inner\">\n<div class=\"cmsmasters_row_margin\">\n<div id=\"cmsmasters_column_\" class=\"cmsmasters_column one_first\">\n<div class=\"cmsmasters_column_inner\"><div class=\"cmsmasters_text\">\n<p><strong>Happening cultural em Poemat\u00e9ria<\/strong><br \/>\n<em>Confer\u00eancia, interlocu\u00e7\u00f5es, leituras, apresenta\u00e7\u00e3o da Revista Digital Sphera e lan\u00e7amentos de livros na programa\u00e7\u00e3o da exposi\u00e7\u00e3o <span style=\"color: #99ccff;\"><a style=\"color: #99ccff;\" href=\"https:\/\/www.ufmg.br\/centrocultural\/?p=18188\">Poemat\u00e9ria<\/a><\/span>, de Jo\u00e3o Diniz<\/em><\/p>\n<p>Data: 14 de julho de 2022<br \/>\nHor\u00e1rio: 16h \u00e0s 21h<br \/>\nEntrada gratuita<br \/>\nClassifica\u00e7\u00e3o livre<br \/>\nLocal: Centro Cultural UFMG<br \/>\nEndere\u00e7o: Av. Santos Dumont 174 &#8211; Belo Horizonte &#8211; MG<br \/>\nConsulte <span style=\"color: #99ccff;\"><a style=\"color: #99ccff;\" href=\"https:\/\/www.google.com.br\/maps\/dir\/\/Av.+Santos+Dumont,+174+-+Centro,+Belo+Horizonte+-+MG,+30111-040\/@-19.9170546,-43.9360151,17z\/data=!4m6!4m5!1m0!1m2!1m1!1s0xa699fbd5aaae01:0xab4780c129fa0883!3e0\">rotas e meios<\/a><\/span> de transporte para chegar<\/p>\n<p>&nbsp;<\/p>\n<\/div>\n<\/div><\/div>\n<\/div>\n<\/div>\n<\/div>\n<\/div>\n<\/div>\n<div id=\"cmsmasters_row_px3trha7c\" class=\"cmsmasters_row cmsmasters_color_scheme_default cmsmasters_row_top_default cmsmasters_row_bot_default cmsmasters_row_boxed\">\n<div class=\"cmsmasters_row_outer_parent\">\n<div class=\"cmsmasters_row_outer\">\n<div class=\"cmsmasters_row_inner\">\n<div class=\"cmsmasters_row_margin\">\n<div id=\"cmsmasters_column_k9zzp49lsj\" class=\"cmsmasters_column one_first\">\n<div class=\"cmsmasters_column_inner\"><div class=\"cmsmasters_text\">\n<h4>Programa\u00e7\u00e3o<\/h4>\n<p>16h \u2013 Mat\u00e9ria\/met\u00e1fora: reflex\u00f5es sobre a Poemat\u00e9ria de Jo\u00e3o Diniz \u2013 Anelito de Oliveira<br \/>\n18h \u2013 Apresenta\u00e7\u00e3o da Revista Sphera: Habita\u00e7\u00f5es do Encantado \u2013 Anelito de Oliveira<br \/>\n18h30 \u2013 Apresenta\u00e7\u00e3o da Cole\u00e7\u00e3o Atravessamentos Imposs\u00edveis \u2013 Inmensa Editorial<br \/>\n19h \u2013 A gruta da inveja: interpreta\u00e7\u00e3o e tradu\u00e7\u00e3o de poesia latina cl\u00e1ssica \u2013 Raimundo Carvalho<br \/>\nA mem\u00f3ria selvagem: Lima Barreto e Roberto Arlt \u2013 Fernando Salomon Bezerra<br \/>\n20h \u2013 O desgra\u00e7ado Sr. Humano &amp; Outros poemas antic\u00ednicos (Lobo Azul, 2022) \u2013 Anelito de Oliveira<\/p>\n<ul>\n<li><span style=\"color: #99ccff;\"><a style=\"color: #99ccff;\" href=\"https:\/\/api.whatsapp.com\/send?text=https:\/\/www.ufmg.br\/centrocultural\/?tribe_events=happening-cultural-na-exposicao-poemateria\">Compartilhe no WhatsApp<\/a><\/span><\/li>\n<li><a href=\"https:\/\/telegram.me\/share\/url?url=https:\/\/www.ufmg.br\/centrocultural\/?tribe_events=happening-cultural-na-exposicao-poemateria\"><span style=\"color: #99ccff;\">Compartilhe no Telegram<\/span><\/a><\/li>\n<\/ul>\n<\/div>\n<\/div><\/div>\n<\/div>\n<\/div>\n<\/div>\n<\/div>\n<\/div>\n<div id=\"cmsmasters_row_2gmfozaroo\" class=\"cmsmasters_row cmsmasters_color_scheme_default cmsmasters_row_top_default cmsmasters_row_bot_default cmsmasters_row_boxed\">\n<div class=\"cmsmasters_row_outer_parent\">\n<div class=\"cmsmasters_row_outer\">\n<div class=\"cmsmasters_row_inner\">\n<div class=\"cmsmasters_row_margin\">\n<div id=\"cmsmasters_column_yjt7uzqi6g\" class=\"cmsmasters_column three_fourth\">\n<div class=\"cmsmasters_column_inner\"><div id=\"cmsmasters_notice_mjkuxgz7d\" class=\"cmsmasters_notice cmsmasters_notice_warning cmsmasters-icon-check-1\">\n<a href=\"#\" class=\"notice_close cmsmasters_theme_icon_cancel\"><\/a><div class=\"notice_content\">\n<p>Lembre-se: \u00e9 necess\u00e1rio o uso de m\u00e1scara nos espa\u00e7os do Centro Cultural UFMG mesmo para imunizados<\/p>\n<\/div>\n<\/div>\n<\/div><\/div>\n<div id=\"cmsmasters_column_6eby918wva\" class=\"cmsmasters_column one_fourth\">\n<div class=\"cmsmasters_column_inner\"><\/div><\/div>\n<\/div>\n<\/div>\n<\/div>\n<\/div>\n<\/div>\n<div id=\"cmsmasters_row_z45loeemo8\" class=\"cmsmasters_row cmsmasters_color_scheme_default cmsmasters_row_top_default cmsmasters_row_bot_default cmsmasters_row_boxed\">\n<div class=\"cmsmasters_row_outer_parent\">\n<div class=\"cmsmasters_row_outer\">\n<div class=\"cmsmasters_row_inner\">\n<div class=\"cmsmasters_row_margin\">\n<div id=\"cmsmasters_column_e18l53gi6f\" class=\"cmsmasters_column one_first\">\n<div class=\"cmsmasters_column_inner\"><div class=\"cmsmasters_img  cmsmasters_image_n with_caption\"><img decoding=\"async\" src=\"https:\/\/www.ufmg.br\/centrocultural\/wp-content\/uploads\/2022\/07\/Happening-cultural-Joao-Diniz-600x600.jpg\" \/><p class=\"cmsmasters_img_caption\">Arte: Comunica\u00e7\u00e3o\/Centro Cultural UFMG<\/p><\/div>\n<\/div><\/div>\n<\/div>\n<\/div>\n<\/div>\n<\/div>\n<\/div>\n\n","protected":false},"excerpt":{"rendered":"","protected":false},"author":8,"featured_media":18996,"template":"","meta":{"_tribe_events_status":"","_tribe_events_status_reason":"","footnotes":""},"tags":[310,312,311,162,305,274,313],"tribe_events_cat":[53,32],"class_list":["post-18994","tribe_events","type-tribe_events","status-publish","has-post-thumbnail","hentry","tag-anelitooliveira","tag-encontros","tag-happening","tag-joaodiniz","tag-lancamentos","tag-poemateria","tag-revistadigitalsphera","tribe_events_cat-encontros","tribe_events_cat-exposicoes","cat_encontros","cat_exposicoes"],"_links":{"self":[{"href":"https:\/\/www.ufmg.br\/centrocultural\/wp-json\/wp\/v2\/tribe_events\/18994","targetHints":{"allow":["GET"]}}],"collection":[{"href":"https:\/\/www.ufmg.br\/centrocultural\/wp-json\/wp\/v2\/tribe_events"}],"about":[{"href":"https:\/\/www.ufmg.br\/centrocultural\/wp-json\/wp\/v2\/types\/tribe_events"}],"author":[{"embeddable":true,"href":"https:\/\/www.ufmg.br\/centrocultural\/wp-json\/wp\/v2\/users\/8"}],"version-history":[{"count":5,"href":"https:\/\/www.ufmg.br\/centrocultural\/wp-json\/wp\/v2\/tribe_events\/18994\/revisions"}],"predecessor-version":[{"id":19000,"href":"https:\/\/www.ufmg.br\/centrocultural\/wp-json\/wp\/v2\/tribe_events\/18994\/revisions\/19000"}],"wp:featuredmedia":[{"embeddable":true,"href":"https:\/\/www.ufmg.br\/centrocultural\/wp-json\/wp\/v2\/media\/18996"}],"wp:attachment":[{"href":"https:\/\/www.ufmg.br\/centrocultural\/wp-json\/wp\/v2\/media?parent=18994"}],"wp:term":[{"taxonomy":"post_tag","embeddable":true,"href":"https:\/\/www.ufmg.br\/centrocultural\/wp-json\/wp\/v2\/tags?post=18994"},{"taxonomy":"tribe_events_cat","embeddable":true,"href":"https:\/\/www.ufmg.br\/centrocultural\/wp-json\/wp\/v2\/tribe_events_cat?post=18994"}],"curies":[{"name":"wp","href":"https:\/\/api.w.org\/{rel}","templated":true}]}}

Happening cultural na exposição Poematéria

<div id="cmsmasters_row_28dp6284md" class="cmsmasters_row cmsmasters_color_scheme_default cmsmasters_row_top_default cmsmasters_row_bot_default cmsmasters_row_boxed">
<div class="cmsmasters_row_outer_parent">
<div class="cmsmasters_row_outer">
<div class="cmsmasters_row_inner">
<div class="cmsmasters_row_margin">
<div id="cmsmasters_column_guh8k9zgdp" class="cmsmasters_column one_first">
<div class="cmsmasters_column_inner">
<div class="cmsmasters_sharing">
<div class="share_wrap">
<a href="https://twitter.com/intent/tweet?text=Check+out+%27Happening+cultural+na+exposi%C3%A7%C3%A3o+Poemat%C3%A9ria%27+on+Centro+Cultural++UFMG+website&url=https%3A%2F%2Fwww.ufmg.br%2Fcentrocultural%2Fevento%2Fhappening-cultural-na-exposicao-poemateria%2F" class="button cmsmasters-icon-twitter">Twitter</a>
</div>
<div class="share_wrap">
<a href="https://www.facebook.com/sharer/sharer.php?display=popup&u=https%3A%2F%2Fwww.ufmg.br%2Fcentrocultural%2Fevento%2Fhappening-cultural-na-exposicao-poemateria%2F" class="button cmsmasters-icon-facebook">Facebook</a>
</div>
</div>
</div></div>
</div>
</div>
</div>
</div>
</div>
<div id="cmsmasters_row_" class="cmsmasters_row cmsmasters_color_scheme_default cmsmasters_row_top_default cmsmasters_row_bot_default cmsmasters_row_boxed">
<div class="cmsmasters_row_outer_parent">
<div class="cmsmasters_row_outer">
<div class="cmsmasters_row_inner">
<div class="cmsmasters_row_margin">
<div id="cmsmasters_column_" class="cmsmasters_column one_first">
<div class="cmsmasters_column_inner"><div class="cmsmasters_text">
<p><strong>Happening cultural em Poematéria</strong><br />
<em>Conferência, interlocuções, leituras, apresentação da Revista Digital Sphera e lançamentos de livros na programação da exposição <span style="color: #99ccff;"><a style="color: #99ccff;" href="https://www.ufmg.br/centrocultural/?p=18188">Poematéria</a></span>, de João Diniz</em></p>
<p>Data: 14 de julho de 2022<br />
Horário: 16h às 21h<br />
Entrada gratuita<br />
Classificação livre<br />
Local: Centro Cultural UFMG<br />
Endereço: Av. Santos Dumont 174 &#8211; Belo Horizonte &#8211; MG<br />
Consulte <span style="color: #99ccff;"><a style="color: #99ccff;" href="https://www.google.com.br/maps/dir//Av.+Santos+Dumont,+174+-+Centro,+Belo+Horizonte+-+MG,+30111-040/@-19.9170546,-43.9360151,17z/data=!4m6!4m5!1m0!1m2!1m1!1s0xa699fbd5aaae01:0xab4780c129fa0883!3e0">rotas e meios</a></span> de transporte para chegar</p>
<p>&nbsp;</p>
</div>
</div></div>
</div>
</div>
</div>
</div>
</div>
<div id="cmsmasters_row_px3trha7c" class="cmsmasters_row cmsmasters_color_scheme_default cmsmasters_row_top_default cmsmasters_row_bot_default cmsmasters_row_boxed">
<div class="cmsmasters_row_outer_parent">
<div class="cmsmasters_row_outer">
<div class="cmsmasters_row_inner">
<div class="cmsmasters_row_margin">
<div id="cmsmasters_column_k9zzp49lsj" class="cmsmasters_column one_first">
<div class="cmsmasters_column_inner"><div class="cmsmasters_text">
<h4>Programação</h4>
<p>16h – Matéria/metáfora: reflexões sobre a Poematéria de João Diniz – Anelito de Oliveira<br />
18h – Apresentação da Revista Sphera: Habitações do Encantado – Anelito de Oliveira<br />
18h30 – Apresentação da Coleção Atravessamentos Impossíveis – Inmensa Editorial<br />
19h – A gruta da inveja: interpretação e tradução de poesia latina clássica – Raimundo Carvalho<br />
A memória selvagem: Lima Barreto e Roberto Arlt – Fernando Salomon Bezerra<br />
20h – O desgraçado Sr. Humano &amp; Outros poemas anticínicos (Lobo Azul, 2022) – Anelito de Oliveira</p>
<ul>
<li><span style="color: #99ccff;"><a style="color: #99ccff;" href="https://api.whatsapp.com/send?text=https://www.ufmg.br/centrocultural/?tribe_events=happening-cultural-na-exposicao-poemateria">Compartilhe no WhatsApp</a></span></li>
<li><a href="https://telegram.me/share/url?url=https://www.ufmg.br/centrocultural/?tribe_events=happening-cultural-na-exposicao-poemateria"><span style="color: #99ccff;">Compartilhe no Telegram</span></a></li>
</ul>
</div>
</div></div>
</div>
</div>
</div>
</div>
</div>
<div id="cmsmasters_row_2gmfozaroo" class="cmsmasters_row cmsmasters_color_scheme_default cmsmasters_row_top_default cmsmasters_row_bot_default cmsmasters_row_boxed">
<div class="cmsmasters_row_outer_parent">
<div class="cmsmasters_row_outer">
<div class="cmsmasters_row_inner">
<div class="cmsmasters_row_margin">
<div id="cmsmasters_column_yjt7uzqi6g" class="cmsmasters_column three_fourth">
<div class="cmsmasters_column_inner"><div id="cmsmasters_notice_mjkuxgz7d" class="cmsmasters_notice cmsmasters_notice_warning cmsmasters-icon-check-1">
<a href="#" class="notice_close cmsmasters_theme_icon_cancel"></a><div class="notice_content">
<p>Lembre-se: é necessário o uso de máscara nos espaços do Centro Cultural UFMG mesmo para imunizados</p>
</div>
</div>
</div></div>
<div id="cmsmasters_column_6eby918wva" class="cmsmasters_column one_fourth">
<div class="cmsmasters_column_inner"></div></div>
</div>
</div>
</div>
</div>
</div>
<div id="cmsmasters_row_z45loeemo8" class="cmsmasters_row cmsmasters_color_scheme_default cmsmasters_row_top_default cmsmasters_row_bot_default cmsmasters_row_boxed">
<div class="cmsmasters_row_outer_parent">
<div class="cmsmasters_row_outer">
<div class="cmsmasters_row_inner">
<div class="cmsmasters_row_margin">
<div id="cmsmasters_column_e18l53gi6f" class="cmsmasters_column one_first">
<div class="cmsmasters_column_inner"><div class="cmsmasters_img  cmsmasters_image_n with_caption"><img decoding="async" src="https://www.ufmg.br/centrocultural/wp-content/uploads/2022/07/Happening-cultural-Joao-Diniz-600x600.jpg" /><p class="cmsmasters_img_caption">Arte: Comunicação/Centro Cultural UFMG</p></div>
</div></div>
</div>
</div>
</div>
</div>
</div>
