{"id":21845,"date":"2023-02-09T12:11:35","date_gmt":"2023-02-09T14:11:35","guid":{"rendered":"https:\/\/www.ufmg.br\/centrocultural\/?post_type=tribe_events&#038;p=21845"},"modified":"2023-11-03T10:22:37","modified_gmt":"2023-11-03T13:22:37","slug":"21845","status":"publish","type":"tribe_events","link":"https:\/\/www.ufmg.br\/centrocultural\/evento\/21845\/","title":{"rendered":"Exposi\u00e7\u00e3o &#8216;O tempo da dura\u00e7\u00e3o&#8217;"},"content":{"rendered":"<div id=\"cmsmasters_row_t6k42680c\" class=\"cmsmasters_row cmsmasters_color_scheme_default cmsmasters_row_top_default cmsmasters_row_bot_default cmsmasters_row_boxed\">\n<div class=\"cmsmasters_row_outer_parent\">\n<div class=\"cmsmasters_row_outer\">\n<div class=\"cmsmasters_row_inner\">\n<div class=\"cmsmasters_row_margin\">\n<div id=\"cmsmasters_column_wbzcr18zee\" class=\"cmsmasters_column one_first\">\n<div class=\"cmsmasters_column_inner\">\n<div class=\"cmsmasters_sharing\">\n<div class=\"share_wrap\">\n<a href=\"https:\/\/twitter.com\/intent\/tweet?text=Check+out+%27Exposi%C3%A7%C3%A3o+%E2%80%98O+tempo+da+dura%C3%A7%C3%A3o%E2%80%99%27+on+Centro+Cultural++UFMG+website&url=https%3A%2F%2Fwww.ufmg.br%2Fcentrocultural%2Fevento%2F21845%2F\" class=\"button cmsmasters-icon-twitter\">Twitter<\/a>\n<\/div>\n<div class=\"share_wrap\">\n<a href=\"https:\/\/www.facebook.com\/sharer\/sharer.php?display=popup&u=https%3A%2F%2Fwww.ufmg.br%2Fcentrocultural%2Fevento%2F21845%2F\" class=\"button cmsmasters-icon-facebook\">Facebook<\/a>\n<\/div>\n<\/div>\n<\/div><\/div>\n<\/div>\n<\/div>\n<\/div>\n<\/div>\n<\/div>\n<div id=\"cmsmasters_row_\" class=\"cmsmasters_row cmsmasters_color_scheme_default cmsmasters_row_top_default cmsmasters_row_bot_default cmsmasters_row_boxed\">\n<div class=\"cmsmasters_row_outer_parent\">\n<div class=\"cmsmasters_row_outer\">\n<div class=\"cmsmasters_row_inner\">\n<div class=\"cmsmasters_row_margin\">\n<\/div>\n<\/div>\n<\/div>\n<\/div>\n<\/div>\n<div id=\"cmsmasters_column_\" class=\"cmsmasters_column one_first\">\n<div class=\"cmsmasters_column_inner\"><\/div><\/div>\n<div class=\"cmsmasters_text\">\n<\/div>\n<\/p>\n<p><strong>Exposi\u00e7\u00e3o&#8217;O tempo da dura\u00e7\u00e3o&#8217;<\/strong><br \/>\n<em>De Luiza Alc\u00e2ntara Cavalcante<\/em><\/p>\n<p>Abertura: 06 de outubro de 2023 | \u00e0s 19 horas<br \/>\nVisita\u00e7\u00e3o: at\u00e9 o dia 12\/11\/2023<br \/>\nTer\u00e7as a sextas: 9h \u00e0s 20h<br \/>\nS\u00e1bados, domingos e feriados: 9h \u00e0s 17h<br \/>\nEntrada gratuita<br \/>\nSala Celso Renato de Lima<br \/>\nEndere\u00e7o: Avenida Santos Dumont 174 \u2013 Centro \u2013 Belo Horizonte<\/p>\n<p><span style=\"color: #333399;\"><a style=\"color: #333399;\" href=\"https:\/\/www.google.com.br\/maps\/dir\/\/Av.+Santos+Dumont,+174+-+Centro,+Belo+Horizonte+-+MG,+30111-040\/@-19.9170546,-43.9360151,17z\/data=!4m6!4m5!1m0!1m2!1m1!1s0xa699fbd5aaae01:0xab4780c129fa0883!3e0\" target=\"_blank\" rel=\"noopener\">Consulte rotas e meios de transporte para chegar ao Centro Cultural UFMG<\/a><\/span><\/p>\n<div id=\"cmsmasters_button_s160gsd8u\" class=\"button_wrap\"><a href=\"https:\/\/www.ufmg.br\/centrocultural\/luiza-alcantara-aponta-para-as-relacoes-entre-corpo-e-desenho-em-exposicao\/\" class=\"cmsmasters_button cmsmasters_but_clear_styles cmsmasters_but_bg_hover\"><span>MAIS INFORMA\u00c7\u00d5ES<\/span><\/a><\/div>\n\n<p>&nbsp;<\/p>\n","protected":false},"excerpt":{"rendered":"<p>Exposi\u00e7\u00e3o&#8217;O tempo da dura\u00e7\u00e3o&#8217; De Luiza Alc\u00e2ntara Cavalcante Abertura: 06 de outubro de 2023 | \u00e0s 19 horas Visita\u00e7\u00e3o: at\u00e9 o dia 12\/11\/2023 Ter\u00e7as a sextas: 9h \u00e0s 20h S\u00e1bados,&#8230;<\/p>\n","protected":false},"author":8,"featured_media":25651,"template":"","meta":{"_tribe_events_status":"","_tribe_events_status_reason":"","footnotes":""},"tags":[163,122,449],"tribe_events_cat":[32],"class_list":["post-21845","tribe_events","type-tribe_events","status-publish","has-post-thumbnail","hentry","tag-arte","tag-exposicao","tag-luizaalcantaracavalcante","tribe_events_cat-exposicoes","cat_exposicoes"],"_links":{"self":[{"href":"https:\/\/www.ufmg.br\/centrocultural\/wp-json\/wp\/v2\/tribe_events\/21845","targetHints":{"allow":["GET"]}}],"collection":[{"href":"https:\/\/www.ufmg.br\/centrocultural\/wp-json\/wp\/v2\/tribe_events"}],"about":[{"href":"https:\/\/www.ufmg.br\/centrocultural\/wp-json\/wp\/v2\/types\/tribe_events"}],"author":[{"embeddable":true,"href":"https:\/\/www.ufmg.br\/centrocultural\/wp-json\/wp\/v2\/users\/8"}],"version-history":[{"count":9,"href":"https:\/\/www.ufmg.br\/centrocultural\/wp-json\/wp\/v2\/tribe_events\/21845\/revisions"}],"predecessor-version":[{"id":25650,"href":"https:\/\/www.ufmg.br\/centrocultural\/wp-json\/wp\/v2\/tribe_events\/21845\/revisions\/25650"}],"wp:featuredmedia":[{"embeddable":true,"href":"https:\/\/www.ufmg.br\/centrocultural\/wp-json\/wp\/v2\/media\/25651"}],"wp:attachment":[{"href":"https:\/\/www.ufmg.br\/centrocultural\/wp-json\/wp\/v2\/media?parent=21845"}],"wp:term":[{"taxonomy":"post_tag","embeddable":true,"href":"https:\/\/www.ufmg.br\/centrocultural\/wp-json\/wp\/v2\/tags?post=21845"},{"taxonomy":"tribe_events_cat","embeddable":true,"href":"https:\/\/www.ufmg.br\/centrocultural\/wp-json\/wp\/v2\/tribe_events_cat?post=21845"}],"curies":[{"name":"wp","href":"https:\/\/api.w.org\/{rel}","templated":true}]}}

Exposição &#8216;O tempo da duração&#8217;

<div id="cmsmasters_row_t6k42680c" class="cmsmasters_row cmsmasters_color_scheme_default cmsmasters_row_top_default cmsmasters_row_bot_default cmsmasters_row_boxed">
<div class="cmsmasters_row_outer_parent">
<div class="cmsmasters_row_outer">
<div class="cmsmasters_row_inner">
<div class="cmsmasters_row_margin">
<div id="cmsmasters_column_wbzcr18zee" class="cmsmasters_column one_first">
<div class="cmsmasters_column_inner">
<div class="cmsmasters_sharing">
<div class="share_wrap">
<a href="https://twitter.com/intent/tweet?text=Check+out+%27Exposi%C3%A7%C3%A3o+%E2%80%98O+tempo+da+dura%C3%A7%C3%A3o%E2%80%99%27+on+Centro+Cultural++UFMG+website&url=https%3A%2F%2Fwww.ufmg.br%2Fcentrocultural%2Fevento%2F21845%2F" class="button cmsmasters-icon-twitter">Twitter</a>
</div>
<div class="share_wrap">
<a href="https://www.facebook.com/sharer/sharer.php?display=popup&u=https%3A%2F%2Fwww.ufmg.br%2Fcentrocultural%2Fevento%2F21845%2F" class="button cmsmasters-icon-facebook">Facebook</a>
</div>
</div>
</div></div>
</div>
</div>
</div>
</div>
</div>
<div id="cmsmasters_row_" class="cmsmasters_row cmsmasters_color_scheme_default cmsmasters_row_top_default cmsmasters_row_bot_default cmsmasters_row_boxed">
<div class="cmsmasters_row_outer_parent">
<div class="cmsmasters_row_outer">
<div class="cmsmasters_row_inner">
<div class="cmsmasters_row_margin">
</div>
</div>
</div>
</div>
</div>
<div id="cmsmasters_column_" class="cmsmasters_column one_first">
<div class="cmsmasters_column_inner"></div></div>
<div class="cmsmasters_text">
</div>
</p>
<p><strong>Exposição&#8217;O tempo da duração&#8217;</strong><br />
<em>De Luiza Alcântara Cavalcante</em></p>
<p>Abertura: 06 de outubro de 2023 | às 19 horas<br />
Visitação: até o dia 12/11/2023<br />
Terças a sextas: 9h às 20h<br />
Sábados, domingos e feriados: 9h às 17h<br />
Entrada gratuita<br />
Sala Celso Renato de Lima<br />
Endereço: Avenida Santos Dumont 174 – Centro – Belo Horizonte</p>
<p><span style="color: #333399;"><a style="color: #333399;" href="https://www.google.com.br/maps/dir//Av.+Santos+Dumont,+174+-+Centro,+Belo+Horizonte+-+MG,+30111-040/@-19.9170546,-43.9360151,17z/data=!4m6!4m5!1m0!1m2!1m1!1s0xa699fbd5aaae01:0xab4780c129fa0883!3e0" target="_blank" rel="noopener">Consulte rotas e meios de transporte para chegar ao Centro Cultural UFMG</a></span></p>
<div id="cmsmasters_button_s160gsd8u" class="button_wrap"><a href="https://www.ufmg.br/centrocultural/luiza-alcantara-aponta-para-as-relacoes-entre-corpo-e-desenho-em-exposicao/" class="cmsmasters_button cmsmasters_but_clear_styles cmsmasters_but_bg_hover"><span>MAIS INFORMAÇÕES</span></a></div>

<p>&nbsp;</p>

<p>Exposição&#8217;O tempo da duração&#8217; De Luiza Alcântara Cavalcante Abertura: 06 de outubro de 2023 | às 19 horas Visitação: até o dia 12/11/2023 Terças a sextas: 9h às 20h Sábados,&#8230;</p>
