{"id":22260,"date":"2023-03-29T14:07:45","date_gmt":"2023-03-29T17:07:45","guid":{"rendered":"https:\/\/www.ufmg.br\/centrocultural\/?post_type=tribe_events&#038;p=22260"},"modified":"2023-03-29T14:07:45","modified_gmt":"2023-03-29T17:07:45","slug":"exposicao-embaraco","status":"publish","type":"tribe_events","link":"https:\/\/www.ufmg.br\/centrocultural\/evento\/exposicao-embaraco\/","title":{"rendered":"Exposi\u00e7\u00e3o &#8216;Embara\u00e7o&#8217;"},"content":{"rendered":"<div id=\"cmsmasters_row_t6k42680c\" class=\"cmsmasters_row cmsmasters_color_scheme_default cmsmasters_row_top_default cmsmasters_row_bot_default cmsmasters_row_boxed\">\n<div class=\"cmsmasters_row_outer_parent\">\n<div class=\"cmsmasters_row_outer\">\n<div class=\"cmsmasters_row_inner\">\n<div class=\"cmsmasters_row_margin\">\n<div id=\"cmsmasters_column_wbzcr18zee\" class=\"cmsmasters_column one_first\">\n<div class=\"cmsmasters_column_inner\">\n<div class=\"cmsmasters_sharing\">\n<div class=\"share_wrap\">\n<a href=\"https:\/\/twitter.com\/intent\/tweet?text=Check+out+%27Exposi%C3%A7%C3%A3o+%E2%80%98Embara%C3%A7o%E2%80%99%27+on+Centro+Cultural++UFMG+website&url=https%3A%2F%2Fwww.ufmg.br%2Fcentrocultural%2Fevento%2Fexposicao-embaraco%2F\" class=\"button cmsmasters-icon-twitter\">Twitter<\/a>\n<\/div>\n<div class=\"share_wrap\">\n<a href=\"https:\/\/www.facebook.com\/sharer\/sharer.php?display=popup&u=https%3A%2F%2Fwww.ufmg.br%2Fcentrocultural%2Fevento%2Fexposicao-embaraco%2F\" class=\"button cmsmasters-icon-facebook\">Facebook<\/a>\n<\/div>\n<\/div>\n<\/div><\/div>\n<\/div>\n<\/div>\n<\/div>\n<\/div>\n<\/div>\n<div id=\"cmsmasters_row_\" class=\"cmsmasters_row cmsmasters_color_scheme_default cmsmasters_row_top_default cmsmasters_row_bot_default cmsmasters_row_boxed\">\n<div class=\"cmsmasters_row_outer_parent\">\n<div class=\"cmsmasters_row_outer\">\n<div class=\"cmsmasters_row_inner\">\n<div class=\"cmsmasters_row_margin\">\n<div id=\"cmsmasters_column_\" class=\"cmsmasters_column one_first\">\n<div class=\"cmsmasters_column_inner\"><div class=\"cmsmasters_text\">\n<p><strong>Exposi\u00e7\u00e3o &#8216;Embara\u00e7o&#8217;<\/strong><br \/>\n<em>Sabrina Damas<\/em><\/p>\n<p>Per\u00edodo expositivo: 21\/03\/2023 a 23\/04\/2023<br \/>\nTer\u00e7as a sextas: 9h \u00e0s 20h<br \/>\nS\u00e1bados, domingos e feriados: 9h \u00e0s 17h<br \/>\nEspa\u00e7o Expositivo V\u00e3o da Escada<br \/>\nClassifica\u00e7\u00e3o: livre<br \/>\nEntrada gratuita<\/p>\n<p><span style=\"color: #333399;\"><a style=\"color: #333399;\" href=\"https:\/\/www.google.com.br\/maps\/dir\/\/Av.+Santos+Dumont,+174+-+Centro,+Belo+Horizonte+-+MG,+30111-040\/@-19.9170546,-43.9360151,17z\/data=!4m9!4m8!1m0!1m5!1m1!1s0xa699fbd5aaae01:0xab4780c129fa0883!2m2!1d-43.9353846!2d-19.916266!3e0\" target=\"_blank\" rel=\"noopener\">Consulte\u00a0rotas e meios de transporte\u00a0para chegar ao Centro Cultural UFMG<\/a><\/span><\/p>\n<div id=\"cmsmasters_button_s160gsd8u\" class=\"button_wrap\"><a href=\"https:\/\/www.ufmg.br\/centrocultural\/sabrina-damas\" class=\"cmsmasters_button cmsmasters_but_clear_styles cmsmasters_but_bg_hover\"><span>MAIS INFORMA\u00c7\u00d5ES<\/span><\/a><\/div>\n<\/div>\n<\/div><\/div>\n<\/div>\n<\/div>\n<\/div>\n<\/div>\n<\/div>\n<div id=\"cmsmasters_row_dafwpms9ax\" class=\"cmsmasters_row cmsmasters_color_scheme_default cmsmasters_row_top_default cmsmasters_row_bot_default cmsmasters_row_boxed\">\n<div class=\"cmsmasters_row_outer_parent\">\n<div class=\"cmsmasters_row_outer\">\n<div class=\"cmsmasters_row_inner\">\n<div class=\"cmsmasters_row_margin\">\n<div id=\"cmsmasters_column_qcwxg7ei1f\" class=\"cmsmasters_column three_fourth\">\n<div class=\"cmsmasters_column_inner\"><div id=\"cmsmasters_notice_hbxey5x8zg\" class=\"cmsmasters_notice cmsmasters_notice_warning cmsmasters-icon-check-1\">\n<a href=\"#\" class=\"notice_close cmsmasters_theme_icon_cancel\"><\/a><div class=\"notice_content\">\n<p>Lembre-se: \u00e9 recomend\u00e1vel o uso de m\u00e1scara nos espa\u00e7os do Centro Cultural UFMG mesmo para imunizados<\/p>\n<\/div>\n<\/div>\n<\/div><\/div>\n<div id=\"cmsmasters_column_hqxpe3dc5\" class=\"cmsmasters_column one_fourth\">\n<div class=\"cmsmasters_column_inner\"><\/div><\/div>\n<\/div>\n<\/div>\n<\/div>\n<\/div>\n<\/div>\n\n","protected":false},"excerpt":{"rendered":"","protected":false},"author":8,"featured_media":22262,"template":"","meta":{"_tribe_events_status":"","_tribe_events_status_reason":"","footnotes":""},"tags":[257,122,463],"tribe_events_cat":[32],"class_list":["post-22260","tribe_events","type-tribe_events","status-publish","has-post-thumbnail","hentry","tag-escultura","tag-exposicao","tag-sabrinadamas","tribe_events_cat-exposicoes","cat_exposicoes"],"_links":{"self":[{"href":"https:\/\/www.ufmg.br\/centrocultural\/wp-json\/wp\/v2\/tribe_events\/22260","targetHints":{"allow":["GET"]}}],"collection":[{"href":"https:\/\/www.ufmg.br\/centrocultural\/wp-json\/wp\/v2\/tribe_events"}],"about":[{"href":"https:\/\/www.ufmg.br\/centrocultural\/wp-json\/wp\/v2\/types\/tribe_events"}],"author":[{"embeddable":true,"href":"https:\/\/www.ufmg.br\/centrocultural\/wp-json\/wp\/v2\/users\/8"}],"version-history":[{"count":3,"href":"https:\/\/www.ufmg.br\/centrocultural\/wp-json\/wp\/v2\/tribe_events\/22260\/revisions"}],"predecessor-version":[{"id":22264,"href":"https:\/\/www.ufmg.br\/centrocultural\/wp-json\/wp\/v2\/tribe_events\/22260\/revisions\/22264"}],"wp:featuredmedia":[{"embeddable":true,"href":"https:\/\/www.ufmg.br\/centrocultural\/wp-json\/wp\/v2\/media\/22262"}],"wp:attachment":[{"href":"https:\/\/www.ufmg.br\/centrocultural\/wp-json\/wp\/v2\/media?parent=22260"}],"wp:term":[{"taxonomy":"post_tag","embeddable":true,"href":"https:\/\/www.ufmg.br\/centrocultural\/wp-json\/wp\/v2\/tags?post=22260"},{"taxonomy":"tribe_events_cat","embeddable":true,"href":"https:\/\/www.ufmg.br\/centrocultural\/wp-json\/wp\/v2\/tribe_events_cat?post=22260"}],"curies":[{"name":"wp","href":"https:\/\/api.w.org\/{rel}","templated":true}]}}

Exposição &#8216;Embaraço&#8217;

<div id="cmsmasters_row_t6k42680c" class="cmsmasters_row cmsmasters_color_scheme_default cmsmasters_row_top_default cmsmasters_row_bot_default cmsmasters_row_boxed">
<div class="cmsmasters_row_outer_parent">
<div class="cmsmasters_row_outer">
<div class="cmsmasters_row_inner">
<div class="cmsmasters_row_margin">
<div id="cmsmasters_column_wbzcr18zee" class="cmsmasters_column one_first">
<div class="cmsmasters_column_inner">
<div class="cmsmasters_sharing">
<div class="share_wrap">
<a href="https://twitter.com/intent/tweet?text=Check+out+%27Exposi%C3%A7%C3%A3o+%E2%80%98Embara%C3%A7o%E2%80%99%27+on+Centro+Cultural++UFMG+website&url=https%3A%2F%2Fwww.ufmg.br%2Fcentrocultural%2Fevento%2Fexposicao-embaraco%2F" class="button cmsmasters-icon-twitter">Twitter</a>
</div>
<div class="share_wrap">
<a href="https://www.facebook.com/sharer/sharer.php?display=popup&u=https%3A%2F%2Fwww.ufmg.br%2Fcentrocultural%2Fevento%2Fexposicao-embaraco%2F" class="button cmsmasters-icon-facebook">Facebook</a>
</div>
</div>
</div></div>
</div>
</div>
</div>
</div>
</div>
<div id="cmsmasters_row_" class="cmsmasters_row cmsmasters_color_scheme_default cmsmasters_row_top_default cmsmasters_row_bot_default cmsmasters_row_boxed">
<div class="cmsmasters_row_outer_parent">
<div class="cmsmasters_row_outer">
<div class="cmsmasters_row_inner">
<div class="cmsmasters_row_margin">
<div id="cmsmasters_column_" class="cmsmasters_column one_first">
<div class="cmsmasters_column_inner"><div class="cmsmasters_text">
<p><strong>Exposição &#8216;Embaraço&#8217;</strong><br />
<em>Sabrina Damas</em></p>
<p>Período expositivo: 21/03/2023 a 23/04/2023<br />
Terças a sextas: 9h às 20h<br />
Sábados, domingos e feriados: 9h às 17h<br />
Espaço Expositivo Vão da Escada<br />
Classificação: livre<br />
Entrada gratuita</p>
<p><span style="color: #333399;"><a style="color: #333399;" href="https://www.google.com.br/maps/dir//Av.+Santos+Dumont,+174+-+Centro,+Belo+Horizonte+-+MG,+30111-040/@-19.9170546,-43.9360151,17z/data=!4m9!4m8!1m0!1m5!1m1!1s0xa699fbd5aaae01:0xab4780c129fa0883!2m2!1d-43.9353846!2d-19.916266!3e0" target="_blank" rel="noopener">Consulte rotas e meios de transporte para chegar ao Centro Cultural UFMG</a></span></p>
<div id="cmsmasters_button_s160gsd8u" class="button_wrap"><a href="https://www.ufmg.br/centrocultural/sabrina-damas" class="cmsmasters_button cmsmasters_but_clear_styles cmsmasters_but_bg_hover"><span>MAIS INFORMAÇÕES</span></a></div>
</div>
</div></div>
</div>
</div>
</div>
</div>
</div>
<div id="cmsmasters_row_dafwpms9ax" class="cmsmasters_row cmsmasters_color_scheme_default cmsmasters_row_top_default cmsmasters_row_bot_default cmsmasters_row_boxed">
<div class="cmsmasters_row_outer_parent">
<div class="cmsmasters_row_outer">
<div class="cmsmasters_row_inner">
<div class="cmsmasters_row_margin">
<div id="cmsmasters_column_qcwxg7ei1f" class="cmsmasters_column three_fourth">
<div class="cmsmasters_column_inner"><div id="cmsmasters_notice_hbxey5x8zg" class="cmsmasters_notice cmsmasters_notice_warning cmsmasters-icon-check-1">
<a href="#" class="notice_close cmsmasters_theme_icon_cancel"></a><div class="notice_content">
<p>Lembre-se: é recomendável o uso de máscara nos espaços do Centro Cultural UFMG mesmo para imunizados</p>
</div>
</div>
</div></div>
<div id="cmsmasters_column_hqxpe3dc5" class="cmsmasters_column one_fourth">
<div class="cmsmasters_column_inner"></div></div>
</div>
</div>
</div>
</div>
</div>
