{"id":24785,"date":"2023-07-04T11:23:29","date_gmt":"2023-07-04T14:23:29","guid":{"rendered":"https:\/\/www.ufmg.br\/centrocultural\/?post_type=tribe_events&#038;p=24785"},"modified":"2023-07-11T10:48:24","modified_gmt":"2023-07-11T13:48:24","slug":"residencia-e-oficina-a-bordar-a-escrita","status":"publish","type":"tribe_events","link":"https:\/\/www.ufmg.br\/centrocultural\/evento\/residencia-e-oficina-a-bordar-a-escrita\/","title":{"rendered":"Oficina &#8216;(A) bordar a escrita&#8217;"},"content":{"rendered":"<div id=\"cmsmasters_row_t6k42680c\" class=\"cmsmasters_row cmsmasters_color_scheme_default cmsmasters_row_top_default cmsmasters_row_bot_default cmsmasters_row_boxed\">\n<div class=\"cmsmasters_row_outer_parent\">\n<div class=\"cmsmasters_row_outer\">\n<div class=\"cmsmasters_row_inner\">\n<div class=\"cmsmasters_row_margin\">\n<div id=\"cmsmasters_column_wbzcr18zee\" class=\"cmsmasters_column one_first\">\n<div class=\"cmsmasters_column_inner\">\n<div class=\"cmsmasters_sharing\">\n<div class=\"share_wrap\">\n<a href=\"https:\/\/twitter.com\/intent\/tweet?text=Check+out+%27Oficina+%E2%80%98%28A%29+bordar+a+escrita%E2%80%99%27+on+Centro+Cultural++UFMG+website&url=https%3A%2F%2Fwww.ufmg.br%2Fcentrocultural%2Fevento%2Fresidencia-e-oficina-a-bordar-a-escrita%2F\" class=\"button cmsmasters-icon-twitter\">Twitter<\/a>\n<\/div>\n<div class=\"share_wrap\">\n<a href=\"https:\/\/www.facebook.com\/sharer\/sharer.php?display=popup&u=https%3A%2F%2Fwww.ufmg.br%2Fcentrocultural%2Fevento%2Fresidencia-e-oficina-a-bordar-a-escrita%2F\" class=\"button cmsmasters-icon-facebook\">Facebook<\/a>\n<\/div>\n<\/div>\n<\/div><\/div>\n<\/div>\n<\/div>\n<\/div>\n<\/div>\n<\/div>\n<div id=\"cmsmasters_row_\" class=\"cmsmasters_row cmsmasters_color_scheme_default cmsmasters_row_top_default cmsmasters_row_bot_default cmsmasters_row_boxed\">\n<div class=\"cmsmasters_row_outer_parent\">\n<div class=\"cmsmasters_row_outer\">\n<div class=\"cmsmasters_row_inner\">\n<div class=\"cmsmasters_row_margin\">\n<div id=\"cmsmasters_column_\" class=\"cmsmasters_column one_first\">\n<div class=\"cmsmasters_column_inner\"><div class=\"cmsmasters_text\">\n<p><strong>Oficina &#8216;(A) bordar a escrita&#8217;<\/strong><br \/>\n<em>Angela Castelo Branco<\/em><\/p>\n<p>Evento do Festival de Inverno UFMG 2023<\/p>\n<p>Per\u00edodo: 24 a 26 de julho<br \/>\nHor\u00e1rio: 14h a 18h<br \/>\nVagas: 12<br \/>\nCarga hor\u00e1ria: 12h<br \/>\nIdade m\u00ednima: 18 anos<br \/>\nInscri\u00e7\u00e3o: <span style=\"color: #333399;\"><a style=\"color: #333399;\" href=\"https:\/\/docs.google.com\/forms\/d\/e\/1FAIpQLSdI8bQgfk9G8N79QRi2IhnO3nI_0Il2ruZh5kYYbP81cgeEnw\/closedform\" target=\"_blank\" rel=\"noopener\">acesse este link<\/a><\/span><br \/>\nLocal: Espa\u00e7o Experimenta\u00e7\u00e3o da Imagem<br \/>\nCentro Cultural UFMG<br \/>\nEndere\u00e7o: Avenida Santos Dumont 174 \u2013 Centro \u2013 Belo Horizonte<\/p>\n<div id=\"cmsmasters_button_s160gsd8u\" class=\"button_wrap\"><a href=\"https:\/\/www.google.com.br\/maps\/dir\/\/Av.+Santos+Dumont,+174+-+Centro,+Belo+Horizonte+-+MG,+30111-040\/@-19.9170546,-43.9360151,17z\/data=!4m6!4m5!1m0!1m2!1m1!1s0xa699fbd5aaae01:0xab4780c129fa0883!3e0\/\" class=\"cmsmasters_button cmsmasters_but_clear_styles cmsmasters_but_bg_hover\"><span>VER NO MAPA<\/span><\/a><\/div>\n<p>&nbsp;<\/p>\n<p><strong>Ementa<\/strong><\/p>\n<p>&#8220;Esta oficina comp\u00f5e a exposi\u00e7\u00e3o &#8220;Cartas aos escritores do meu ramo\u201d, que re\u00fane as cartas de Maria Gabriela Llansol para &#8216;Lucia Castello Branco e seus alunos&#8217; (Jo\u00e3o Rocha e Erick Gontijo). A proposta \u00e9 ler essas cartas e instaurar um ateli\u00ea permanente de cria\u00e7\u00e3o entre o bordado e a escrita. Escrever enquanto se borda e bordar enquanto se escreve. Os trabalhos produzidos na oficina ir\u00e3o tamb\u00e9m ocupar o espa\u00e7o expositivo. &#8221; (Angela Castelo Branco)<\/p>\n<p><strong>Angela Castelo Branco<\/strong><\/p>\n<p>Poeta e arte educadora. Doutora em Artes pelo Instituto de Artes da Unesp-SP. Fundadora d\u2019A Casa Tombada Lugar de Arte, Cultura, Educa\u00e7\u00e3o. Criadora do curso de p\u00f3s-gradua\u00e7\u00e3o Gestos de Escrita como pr\u00e1tica de risco. Desde 2011, realiza projetos de arte-educa\u00e7\u00e3o entre a literatura e as artes visuais. Autora do livro Epidermias, ProAc- Publica\u00e7\u00e3o de Livros, pela Secretaria de Cultura do Estado de S\u00e3o Paulo e do livro \u00c9 vermelho o in\u00edcio da \u00e1rvore, premiado pela Funarte, MinC, Bolsa de Cria\u00e7\u00e3o Liter\u00e1ria.<\/p>\n<p>&nbsp;<\/p>\n<ul>\n<li><span style=\"color: #333399;\"><a style=\"color: #333399;\" href=\"https:\/\/api.whatsapp.com\/send?text=https:\/\/www.ufmg.br\/centrocultural\/evento\/residencia-e-oficina-a-bordar-a-escrita\/\" target=\"_blank\" rel=\"noopener\">Compartilhe no WhatsApp<\/a><\/span><\/li>\n<li><span style=\"color: #333399;\"><a style=\"color: #333399;\" href=\"https:\/\/telegram.me\/share\/url?url=%20https:\/\/www.ufmg.br\/centrocultural\/evento\/residencia-e-oficina-a-bordar-a-escrita\/\" target=\"_blank\" rel=\"noopener\">Compartilhe no Telegram<\/a><\/span><\/li>\n<\/ul>\n<\/div>\n<\/div><\/div>\n<\/div>\n<\/div>\n<\/div>\n<\/div>\n<\/div>\n<div id=\"cmsmasters_row_dafwpms9ax\" class=\"cmsmasters_row cmsmasters_color_scheme_default cmsmasters_row_top_default cmsmasters_row_bot_default cmsmasters_row_boxed\">\n<div class=\"cmsmasters_row_outer_parent\">\n<div class=\"cmsmasters_row_outer\">\n<div class=\"cmsmasters_row_inner\">\n<div class=\"cmsmasters_row_margin\">\n<div id=\"cmsmasters_column_qcwxg7ei1f\" class=\"cmsmasters_column three_fourth\">\n<div class=\"cmsmasters_column_inner\"><div id=\"cmsmasters_notice_hbxey5x8zg\" class=\"cmsmasters_notice cmsmasters_notice_warning cmsmasters-icon-check-1\">\n<a href=\"#\" class=\"notice_close cmsmasters_theme_icon_cancel\"><\/a><div class=\"notice_content\">\n<p>Lembre-se: \u00e9 recomend\u00e1vel o uso de m\u00e1scara nos espa\u00e7os do Centro Cultural UFMG mesmo para imunizados<\/p>\n<\/div>\n<\/div>\n<\/div><\/div>\n<div id=\"cmsmasters_column_hqxpe3dc5\" class=\"cmsmasters_column \">\n<div class=\"cmsmasters_column_inner\"><\/div><\/div>\n<\/div>\n<\/div>\n<\/div>\n<\/div>\n<\/div>\n\n","protected":false},"excerpt":{"rendered":"","protected":false},"author":8,"featured_media":24788,"template":"","meta":{"_tribe_events_status":"","_tribe_events_status_reason":"","footnotes":""},"tags":[495,207,496,286],"tribe_events_cat":[139,521],"class_list":["post-24785","tribe_events","type-tribe_events","status-publish","has-post-thumbnail","hentry","tag-angelacastelobranco","tag-festivaldeinverno","tag-mariagabrielaliansol","tag-oficina","tribe_events_cat-festival-de-inverno-ufmg","tribe_events_cat-oficina","cat_festival-de-inverno-ufmg","cat_oficina"],"_links":{"self":[{"href":"https:\/\/www.ufmg.br\/centrocultural\/wp-json\/wp\/v2\/tribe_events\/24785","targetHints":{"allow":["GET"]}}],"collection":[{"href":"https:\/\/www.ufmg.br\/centrocultural\/wp-json\/wp\/v2\/tribe_events"}],"about":[{"href":"https:\/\/www.ufmg.br\/centrocultural\/wp-json\/wp\/v2\/types\/tribe_events"}],"author":[{"embeddable":true,"href":"https:\/\/www.ufmg.br\/centrocultural\/wp-json\/wp\/v2\/users\/8"}],"version-history":[{"count":9,"href":"https:\/\/www.ufmg.br\/centrocultural\/wp-json\/wp\/v2\/tribe_events\/24785\/revisions"}],"predecessor-version":[{"id":25001,"href":"https:\/\/www.ufmg.br\/centrocultural\/wp-json\/wp\/v2\/tribe_events\/24785\/revisions\/25001"}],"wp:featuredmedia":[{"embeddable":true,"href":"https:\/\/www.ufmg.br\/centrocultural\/wp-json\/wp\/v2\/media\/24788"}],"wp:attachment":[{"href":"https:\/\/www.ufmg.br\/centrocultural\/wp-json\/wp\/v2\/media?parent=24785"}],"wp:term":[{"taxonomy":"post_tag","embeddable":true,"href":"https:\/\/www.ufmg.br\/centrocultural\/wp-json\/wp\/v2\/tags?post=24785"},{"taxonomy":"tribe_events_cat","embeddable":true,"href":"https:\/\/www.ufmg.br\/centrocultural\/wp-json\/wp\/v2\/tribe_events_cat?post=24785"}],"curies":[{"name":"wp","href":"https:\/\/api.w.org\/{rel}","templated":true}]}}

<div id="cmsmasters_row_t6k42680c" class="cmsmasters_row cmsmasters_color_scheme_default cmsmasters_row_top_default cmsmasters_row_bot_default cmsmasters_row_boxed">
<div class="cmsmasters_row_outer_parent">
<div class="cmsmasters_row_outer">
<div class="cmsmasters_row_inner">
<div class="cmsmasters_row_margin">
<div id="cmsmasters_column_wbzcr18zee" class="cmsmasters_column one_first">
<div class="cmsmasters_column_inner">
<div class="cmsmasters_sharing">
<div class="share_wrap">
<a href="https://twitter.com/intent/tweet?text=Check+out+%27Oficina+%E2%80%98%28A%29+bordar+a+escrita%E2%80%99%27+on+Centro+Cultural++UFMG+website&url=https%3A%2F%2Fwww.ufmg.br%2Fcentrocultural%2Fevento%2Fresidencia-e-oficina-a-bordar-a-escrita%2F" class="button cmsmasters-icon-twitter">Twitter</a>
</div>
<div class="share_wrap">
<a href="https://www.facebook.com/sharer/sharer.php?display=popup&u=https%3A%2F%2Fwww.ufmg.br%2Fcentrocultural%2Fevento%2Fresidencia-e-oficina-a-bordar-a-escrita%2F" class="button cmsmasters-icon-facebook">Facebook</a>
</div>
</div>
</div></div>
</div>
</div>
</div>
</div>
</div>
<div id="cmsmasters_row_" class="cmsmasters_row cmsmasters_color_scheme_default cmsmasters_row_top_default cmsmasters_row_bot_default cmsmasters_row_boxed">
<div class="cmsmasters_row_outer_parent">
<div class="cmsmasters_row_outer">
<div class="cmsmasters_row_inner">
<div class="cmsmasters_row_margin">
<div id="cmsmasters_column_" class="cmsmasters_column one_first">
<div class="cmsmasters_column_inner"><div class="cmsmasters_text">
<p><strong>Oficina &#8216;(A) bordar a escrita&#8217;</strong><br />
<em>Angela Castelo Branco</em></p>
<p>Evento do Festival de Inverno UFMG 2023</p>
<p>Período: 24 a 26 de julho<br />
Horário: 14h a 18h<br />
Vagas: 12<br />
Carga horária: 12h<br />
Idade mínima: 18 anos<br />
Inscrição: <span style="color: #333399;"><a style="color: #333399;" href="https://docs.google.com/forms/d/e/1FAIpQLSdI8bQgfk9G8N79QRi2IhnO3nI_0Il2ruZh5kYYbP81cgeEnw/closedform" target="_blank" rel="noopener">acesse este link</a></span><br />
Local: Espaço Experimentação da Imagem<br />
Centro Cultural UFMG<br />
Endereço: Avenida Santos Dumont 174 – Centro – Belo Horizonte</p>
<div id="cmsmasters_button_s160gsd8u" class="button_wrap"><a href="https://www.google.com.br/maps/dir//Av.+Santos+Dumont,+174+-+Centro,+Belo+Horizonte+-+MG,+30111-040/@-19.9170546,-43.9360151,17z/data=!4m6!4m5!1m0!1m2!1m1!1s0xa699fbd5aaae01:0xab4780c129fa0883!3e0/" class="cmsmasters_button cmsmasters_but_clear_styles cmsmasters_but_bg_hover"><span>VER NO MAPA</span></a></div>
<p>&nbsp;</p>
<p><strong>Ementa</strong></p>
<p>&#8220;Esta oficina compõe a exposição &#8220;Cartas aos escritores do meu ramo”, que reúne as cartas de Maria Gabriela Llansol para &#8216;Lucia Castello Branco e seus alunos&#8217; (João Rocha e Erick Gontijo). A proposta é ler essas cartas e instaurar um ateliê permanente de criação entre o bordado e a escrita. Escrever enquanto se borda e bordar enquanto se escreve. Os trabalhos produzidos na oficina irão também ocupar o espaço expositivo. &#8221; (Angela Castelo Branco)</p>
<p><strong>Angela Castelo Branco</strong></p>
<p>Poeta e arte educadora. Doutora em Artes pelo Instituto de Artes da Unesp-SP. Fundadora d’A Casa Tombada Lugar de Arte, Cultura, Educação. Criadora do curso de pós-graduação Gestos de Escrita como prática de risco. Desde 2011, realiza projetos de arte-educação entre a literatura e as artes visuais. Autora do livro Epidermias, ProAc- Publicação de Livros, pela Secretaria de Cultura do Estado de São Paulo e do livro É vermelho o início da árvore, premiado pela Funarte, MinC, Bolsa de Criação Literária.</p>
<p>&nbsp;</p>
<ul>
<li><span style="color: #333399;"><a style="color: #333399;" href="https://api.whatsapp.com/send?text=https://www.ufmg.br/centrocultural/evento/residencia-e-oficina-a-bordar-a-escrita/" target="_blank" rel="noopener">Compartilhe no WhatsApp</a></span></li>
<li><span style="color: #333399;"><a style="color: #333399;" href="https://telegram.me/share/url?url=%20https://www.ufmg.br/centrocultural/evento/residencia-e-oficina-a-bordar-a-escrita/" target="_blank" rel="noopener">Compartilhe no Telegram</a></span></li>
</ul>
</div>
</div></div>
</div>
</div>
</div>
</div>
</div>
<div id="cmsmasters_row_dafwpms9ax" class="cmsmasters_row cmsmasters_color_scheme_default cmsmasters_row_top_default cmsmasters_row_bot_default cmsmasters_row_boxed">
<div class="cmsmasters_row_outer_parent">
<div class="cmsmasters_row_outer">
<div class="cmsmasters_row_inner">
<div class="cmsmasters_row_margin">
<div id="cmsmasters_column_qcwxg7ei1f" class="cmsmasters_column three_fourth">
<div class="cmsmasters_column_inner"><div id="cmsmasters_notice_hbxey5x8zg" class="cmsmasters_notice cmsmasters_notice_warning cmsmasters-icon-check-1">
<a href="#" class="notice_close cmsmasters_theme_icon_cancel"></a><div class="notice_content">
<p>Lembre-se: é recomendável o uso de máscara nos espaços do Centro Cultural UFMG mesmo para imunizados</p>
</div>
</div>
</div></div>
<div id="cmsmasters_column_hqxpe3dc5" class="cmsmasters_column ">
<div class="cmsmasters_column_inner"></div></div>
</div>
</div>
</div>
</div>
</div>
