{"id":24911,"date":"2023-07-06T13:03:39","date_gmt":"2023-07-06T16:03:39","guid":{"rendered":"https:\/\/www.ufmg.br\/centrocultural\/?post_type=tribe_events&#038;p=24911"},"modified":"2023-07-06T13:03:39","modified_gmt":"2023-07-06T16:03:39","slug":"show-com-dinnamarque-banda-mineira-de-heavy-metal","status":"publish","type":"tribe_events","link":"https:\/\/www.ufmg.br\/centrocultural\/evento\/show-com-dinnamarque-banda-mineira-de-heavy-metal\/","title":{"rendered":"Show com Dinnamarque, banda mineira de heavy metal"},"content":{"rendered":"<div id=\"cmsmasters_row_t6k42680c\" class=\"cmsmasters_row cmsmasters_color_scheme_default cmsmasters_row_top_default cmsmasters_row_bot_default cmsmasters_row_boxed\">\n<div class=\"cmsmasters_row_outer_parent\">\n<div class=\"cmsmasters_row_outer\">\n<div class=\"cmsmasters_row_inner\">\n<div class=\"cmsmasters_row_margin\">\n<div id=\"cmsmasters_column_wbzcr18zee\" class=\"cmsmasters_column one_first\">\n<div class=\"cmsmasters_column_inner\">\n<div class=\"cmsmasters_sharing\">\n<div class=\"share_wrap\">\n<a href=\"https:\/\/twitter.com\/intent\/tweet?text=Check+out+%27Show+com+Dinnamarque%2C+banda+mineira+de+heavy+metal%27+on+Centro+Cultural++UFMG+website&url=https%3A%2F%2Fwww.ufmg.br%2Fcentrocultural%2Fevento%2Fshow-com-dinnamarque-banda-mineira-de-heavy-metal%2F\" class=\"button cmsmasters-icon-twitter\">Twitter<\/a>\n<\/div>\n<div class=\"share_wrap\">\n<a href=\"https:\/\/www.facebook.com\/sharer\/sharer.php?display=popup&u=https%3A%2F%2Fwww.ufmg.br%2Fcentrocultural%2Fevento%2Fshow-com-dinnamarque-banda-mineira-de-heavy-metal%2F\" class=\"button cmsmasters-icon-facebook\">Facebook<\/a>\n<\/div>\n<\/div>\n<\/div><\/div>\n<\/div>\n<\/div>\n<\/div>\n<\/div>\n<\/div>\n<div id=\"cmsmasters_row_\" class=\"cmsmasters_row cmsmasters_color_scheme_default cmsmasters_row_top_default cmsmasters_row_bot_default cmsmasters_row_boxed\">\n<div class=\"cmsmasters_row_outer_parent\">\n<div class=\"cmsmasters_row_outer\">\n<div class=\"cmsmasters_row_inner\">\n<div class=\"cmsmasters_row_margin\">\n<div id=\"cmsmasters_column_\" class=\"cmsmasters_column one_first\">\n<div class=\"cmsmasters_column_inner\"><div class=\"cmsmasters_text\">\n<p><strong>Show da banda Dinnamarque<\/strong><br \/>\n<em>Evento comemorativo do Dia Mundial do Rock da mineira de heavy metal \u2018Dinnamarque\u2019. Show integra o projeto Baixo Centro En[cena], e a programa\u00e7\u00e3o do Circuito Cultural UFMG<\/em><\/p>\n<p>Data: 13 de julho de 2023 | quinta-feira<br \/>\nHor\u00e1rio: 19h30<br \/>\nEntrada gratuita<br \/>\nClassifica\u00e7\u00e3o livre<br \/>\nLocal: Centro Cultural UFMG<br \/>\nEndere\u00e7o: Avenida Santos Dumont 174 \u2013 Centro \u2013 Belo Horizonte<\/p>\n<div id=\"cmsmasters_button_s160gsd8u\" class=\"button_wrap\"><a href=\"https:\/\/www.google.com.br\/maps\/dir\/\/Av.+Santos+Dumont,+174+-+Centro,+Belo+Horizonte+-+MG,+30111-040\/@-19.9170546,-43.9360151,17z\/data=!4m6!4m5!1m0!1m2!1m1!1s0xa699fbd5aaae01:0xab4780c129fa0883!3e0\/\" class=\"cmsmasters_button cmsmasters_but_clear_styles cmsmasters_but_bg_hover\"><span>VER NO MAPA<\/span><\/a><\/div>\n<p>&nbsp;<\/p>\n<p>&nbsp;<\/p>\n<p><strong>A banda<\/strong><\/p>\n<p>A Dinnamarque \u00e9 uma banda mineira de heavy metal que nasceu em Belo Horizonte no ano de 2002, fundada pelo baixista e vocalista Rafael Dinnamarque, logo ap\u00f3s ter deixado os vocais da \u2018Broken Spell\u2019. Em 2005 se juntou ao baterista Riccardo Linassi, co-fundador da \u2018Ata D\u2019arc\u2019, e em 2006 aos guitarristas Maycon Oliveira e Regis Vital, iniciando as apresenta\u00e7\u00f5es ao vivo.<\/p>\n<div id=\"cmsmasters_button_s160gsd8u\" class=\"button_wrap\"><a href=\"https:\/\/www.ufmg.br\/centrocultural\/centro-cultural-ufmg-recebe-a-banda-dinnamarque-no-dia-mundial-do-rock\/\/\" class=\"cmsmasters_button cmsmasters_but_clear_styles cmsmasters_but_bg_hover\"><span>MAIS INFORMA\u00c7\u00d5ES<\/span><\/a><\/div>\n<p>&nbsp;<\/p>\n<p>&nbsp;<\/p>\n<ul>\n<li><span style=\"color: #333399;\"><a style=\"color: #333399;\" href=\"https:\/\/api.whatsapp.com\/send?text=https:\/\/www.ufmg.br\/centrocultural\/evento\/show-com-dinnamarque-banda-mineira-de-heavy-metal\" target=\"_blank\" rel=\"noopener\">Compartilhar no WhatsApp<\/a><\/span><\/li>\n<li><span style=\"color: #333399;\"><a style=\"color: #333399;\" href=\"https:\/\/telegram.me\/share\/url?url=%20https:\/\/www.ufmg.br\/centrocultural\/evento\/show-com-dinnamarque-banda-mineira-de-heavy-metal\" target=\"_blank\" rel=\"noopener\">Compartilhar no Telegram<\/a><\/span><\/li>\n<\/ul>\n<\/div>\n<\/div><\/div>\n<\/div>\n<\/div>\n<\/div>\n<\/div>\n<\/div>\n<div id=\"cmsmasters_row_dafwpms9ax\" class=\"cmsmasters_row cmsmasters_color_scheme_default cmsmasters_row_top_default cmsmasters_row_bot_default cmsmasters_row_boxed\">\n<div class=\"cmsmasters_row_outer_parent\">\n<div class=\"cmsmasters_row_outer\">\n<div class=\"cmsmasters_row_inner\">\n<div class=\"cmsmasters_row_margin\">\n<div id=\"cmsmasters_column_qcwxg7ei1f\" class=\"cmsmasters_column three_fourth\">\n<div class=\"cmsmasters_column_inner\"><div id=\"cmsmasters_notice_hbxey5x8zg\" class=\"cmsmasters_notice cmsmasters_notice_warning cmsmasters-icon-check-1\">\n<a href=\"#\" class=\"notice_close cmsmasters_theme_icon_cancel\"><\/a><div class=\"notice_content\">\n<p>Lembre-se: \u00e9 recomend\u00e1vel o uso de m\u00e1scara nos espa\u00e7os do Centro Cultural UFMG mesmo para imunizados<\/p>\n<\/div>\n<\/div>\n<\/div><\/div>\n<div id=\"cmsmasters_column_hqxpe3dc5\" class=\"cmsmasters_column \">\n<div class=\"cmsmasters_column_inner\"><\/div><\/div>\n<\/div>\n<\/div>\n<\/div>\n<\/div>\n<\/div>\n\n","protected":false},"excerpt":{"rendered":"","protected":false},"author":8,"featured_media":16166,"template":"","meta":{"_tribe_events_status":"","_tribe_events_status_reason":"","footnotes":""},"tags":[511,512,211,513,48],"tribe_events_cat":[21,52],"class_list":["post-24911","tribe_events","type-tribe_events","status-publish","has-post-thumbnail","hentry","tag-dinnamarque","tag-heavymetal","tag-musica","tag-rock","tag-show","tribe_events_cat-baixo-centro-encena","tribe_events_cat-espetaculos","cat_baixo-centro-encena","cat_espetaculos"],"_links":{"self":[{"href":"https:\/\/www.ufmg.br\/centrocultural\/wp-json\/wp\/v2\/tribe_events\/24911","targetHints":{"allow":["GET"]}}],"collection":[{"href":"https:\/\/www.ufmg.br\/centrocultural\/wp-json\/wp\/v2\/tribe_events"}],"about":[{"href":"https:\/\/www.ufmg.br\/centrocultural\/wp-json\/wp\/v2\/types\/tribe_events"}],"author":[{"embeddable":true,"href":"https:\/\/www.ufmg.br\/centrocultural\/wp-json\/wp\/v2\/users\/8"}],"version-history":[{"count":5,"href":"https:\/\/www.ufmg.br\/centrocultural\/wp-json\/wp\/v2\/tribe_events\/24911\/revisions"}],"predecessor-version":[{"id":24916,"href":"https:\/\/www.ufmg.br\/centrocultural\/wp-json\/wp\/v2\/tribe_events\/24911\/revisions\/24916"}],"wp:featuredmedia":[{"embeddable":true,"href":"https:\/\/www.ufmg.br\/centrocultural\/wp-json\/wp\/v2\/media\/16166"}],"wp:attachment":[{"href":"https:\/\/www.ufmg.br\/centrocultural\/wp-json\/wp\/v2\/media?parent=24911"}],"wp:term":[{"taxonomy":"post_tag","embeddable":true,"href":"https:\/\/www.ufmg.br\/centrocultural\/wp-json\/wp\/v2\/tags?post=24911"},{"taxonomy":"tribe_events_cat","embeddable":true,"href":"https:\/\/www.ufmg.br\/centrocultural\/wp-json\/wp\/v2\/tribe_events_cat?post=24911"}],"curies":[{"name":"wp","href":"https:\/\/api.w.org\/{rel}","templated":true}]}}

<div id="cmsmasters_row_t6k42680c" class="cmsmasters_row cmsmasters_color_scheme_default cmsmasters_row_top_default cmsmasters_row_bot_default cmsmasters_row_boxed">
<div class="cmsmasters_row_outer_parent">
<div class="cmsmasters_row_outer">
<div class="cmsmasters_row_inner">
<div class="cmsmasters_row_margin">
<div id="cmsmasters_column_wbzcr18zee" class="cmsmasters_column one_first">
<div class="cmsmasters_column_inner">
<div class="cmsmasters_sharing">
<div class="share_wrap">
<a href="https://twitter.com/intent/tweet?text=Check+out+%27Show+com+Dinnamarque%2C+banda+mineira+de+heavy+metal%27+on+Centro+Cultural++UFMG+website&url=https%3A%2F%2Fwww.ufmg.br%2Fcentrocultural%2Fevento%2Fshow-com-dinnamarque-banda-mineira-de-heavy-metal%2F" class="button cmsmasters-icon-twitter">Twitter</a>
</div>
<div class="share_wrap">
<a href="https://www.facebook.com/sharer/sharer.php?display=popup&u=https%3A%2F%2Fwww.ufmg.br%2Fcentrocultural%2Fevento%2Fshow-com-dinnamarque-banda-mineira-de-heavy-metal%2F" class="button cmsmasters-icon-facebook">Facebook</a>
</div>
</div>
</div></div>
</div>
</div>
</div>
</div>
</div>
<div id="cmsmasters_row_" class="cmsmasters_row cmsmasters_color_scheme_default cmsmasters_row_top_default cmsmasters_row_bot_default cmsmasters_row_boxed">
<div class="cmsmasters_row_outer_parent">
<div class="cmsmasters_row_outer">
<div class="cmsmasters_row_inner">
<div class="cmsmasters_row_margin">
<div id="cmsmasters_column_" class="cmsmasters_column one_first">
<div class="cmsmasters_column_inner"><div class="cmsmasters_text">
<p><strong>Show da banda Dinnamarque</strong><br />
<em>Evento comemorativo do Dia Mundial do Rock da mineira de heavy metal ‘Dinnamarque’. Show integra o projeto Baixo Centro En[cena], e a programação do Circuito Cultural UFMG</em></p>
<p>Data: 13 de julho de 2023 | quinta-feira<br />
Horário: 19h30<br />
Entrada gratuita<br />
Classificação livre<br />
Local: Centro Cultural UFMG<br />
Endereço: Avenida Santos Dumont 174 – Centro – Belo Horizonte</p>
<div id="cmsmasters_button_s160gsd8u" class="button_wrap"><a href="https://www.google.com.br/maps/dir//Av.+Santos+Dumont,+174+-+Centro,+Belo+Horizonte+-+MG,+30111-040/@-19.9170546,-43.9360151,17z/data=!4m6!4m5!1m0!1m2!1m1!1s0xa699fbd5aaae01:0xab4780c129fa0883!3e0/" class="cmsmasters_button cmsmasters_but_clear_styles cmsmasters_but_bg_hover"><span>VER NO MAPA</span></a></div>
<p>&nbsp;</p>
<p>&nbsp;</p>
<p><strong>A banda</strong></p>
<p>A Dinnamarque é uma banda mineira de heavy metal que nasceu em Belo Horizonte no ano de 2002, fundada pelo baixista e vocalista Rafael Dinnamarque, logo após ter deixado os vocais da ‘Broken Spell’. Em 2005 se juntou ao baterista Riccardo Linassi, co-fundador da ‘Ata D’arc’, e em 2006 aos guitarristas Maycon Oliveira e Regis Vital, iniciando as apresentações ao vivo.</p>
<div id="cmsmasters_button_s160gsd8u" class="button_wrap"><a href="https://www.ufmg.br/centrocultural/centro-cultural-ufmg-recebe-a-banda-dinnamarque-no-dia-mundial-do-rock//" class="cmsmasters_button cmsmasters_but_clear_styles cmsmasters_but_bg_hover"><span>MAIS INFORMAÇÕES</span></a></div>
<p>&nbsp;</p>
<p>&nbsp;</p>
<ul>
<li><span style="color: #333399;"><a style="color: #333399;" href="https://api.whatsapp.com/send?text=https://www.ufmg.br/centrocultural/evento/show-com-dinnamarque-banda-mineira-de-heavy-metal" target="_blank" rel="noopener">Compartilhar no WhatsApp</a></span></li>
<li><span style="color: #333399;"><a style="color: #333399;" href="https://telegram.me/share/url?url=%20https://www.ufmg.br/centrocultural/evento/show-com-dinnamarque-banda-mineira-de-heavy-metal" target="_blank" rel="noopener">Compartilhar no Telegram</a></span></li>
</ul>
</div>
</div></div>
</div>
</div>
</div>
</div>
</div>
<div id="cmsmasters_row_dafwpms9ax" class="cmsmasters_row cmsmasters_color_scheme_default cmsmasters_row_top_default cmsmasters_row_bot_default cmsmasters_row_boxed">
<div class="cmsmasters_row_outer_parent">
<div class="cmsmasters_row_outer">
<div class="cmsmasters_row_inner">
<div class="cmsmasters_row_margin">
<div id="cmsmasters_column_qcwxg7ei1f" class="cmsmasters_column three_fourth">
<div class="cmsmasters_column_inner"><div id="cmsmasters_notice_hbxey5x8zg" class="cmsmasters_notice cmsmasters_notice_warning cmsmasters-icon-check-1">
<a href="#" class="notice_close cmsmasters_theme_icon_cancel"></a><div class="notice_content">
<p>Lembre-se: é recomendável o uso de máscara nos espaços do Centro Cultural UFMG mesmo para imunizados</p>
</div>
</div>
</div></div>
<div id="cmsmasters_column_hqxpe3dc5" class="cmsmasters_column ">
<div class="cmsmasters_column_inner"></div></div>
</div>
</div>
</div>
</div>
</div>
