{"id":175,"date":"2025-09-07T11:48:54","date_gmt":"2025-09-07T14:48:54","guid":{"rendered":"https:\/\/www.ufmg.br\/cogecom2025\/?page_id=175"},"modified":"2025-09-15T08:38:11","modified_gmt":"2025-09-15T11:38:11","slug":"sobre-a-ufmg","status":"publish","type":"page","link":"https:\/\/www.ufmg.br\/cogecom2025\/sobre-a-ufmg\/","title":{"rendered":"Sobre a UFMG"},"content":{"rendered":"\n<p>Localizada na Regi\u00e3o Sudeste, a mais industrializada do Brasil, a UFMG, institui\u00e7\u00e3o p\u00fablica de ensino superior gratuito, \u00e9 a mais antiga universidade do estado de Minas Gerais. Sua funda\u00e7\u00e3o ocorreu em 7 de setembro de 1927 com o nome Universidade de Minas Gerais (UMG). Quase um s\u00e9culo ap\u00f3s, a institui\u00e7\u00e3o \u00e9 lideran\u00e7a regional e nacional em ensino, extens\u00e3o, cultura, pesquisa cient\u00edfica e gera\u00e7\u00e3o de patentes, em diversas \u00e1reas do conhecimento.<\/p>\n\n\n\n<p>Sua comunidade re\u00fane cerca de 53 mil pessoas nas cidades de Belo Horizonte, Montes Claros, Diamantina e Tiradentes, que se organizam em torno de 91 cursos de gradua\u00e7\u00e3o, 90 programas de p\u00f3s-gradua\u00e7\u00e3o e 860 n\u00facleos de pesquisa. Em 2020, a UFMG alcan\u00e7ou 1.582 registros de patentes, o que lhe rende posi\u00e7\u00e3o de lideran\u00e7a entre as institui\u00e7\u00f5es de ensino superior do pa\u00eds.<\/p>\n\n\n\n<p>Desde a cria\u00e7\u00e3o da UFMG, os seus formandos exercem grande influ\u00eancia na vida cultural, pol\u00edtica e econ\u00f4mica, atuando, com destaque, como formadores da intelectualidade, das artes, da ci\u00eancia, e tendo assento na gest\u00e3o de empresas, entidades diversas, do estado e do pa\u00eds.<\/p>\n\n\n\n<figure class=\"wp-block-gallery has-nested-images columns-default is-cropped wp-block-gallery-1 is-layout-flex wp-block-gallery-is-layout-flex\">\n<figure class=\"wp-block-image size-large\"><img loading=\"lazy\" decoding=\"async\" width=\"722\" height=\"1024\" data-id=\"185\" src=\"https:\/\/www.ufmg.br\/cogecom2025\/wp-content\/uploads\/2025\/09\/MAPA-PAMPULHA-722x1024-1.jpg\" alt=\"\" class=\"wp-image-185\" title=\"Mapa UFMG Campus Pampulha\" srcset=\"https:\/\/www.ufmg.br\/cogecom2025\/wp-content\/uploads\/2025\/09\/MAPA-PAMPULHA-722x1024-1.jpg 722w, https:\/\/www.ufmg.br\/cogecom2025\/wp-content\/uploads\/2025\/09\/MAPA-PAMPULHA-722x1024-1-212x300.jpg 212w\" sizes=\"(max-width: 722px) 100vw, 722px\" \/><\/figure>\n<\/figure>\n\n\n\n<figure class=\"wp-block-gallery has-nested-images columns-default is-cropped wp-block-gallery-2 is-layout-flex wp-block-gallery-is-layout-flex\"><\/figure>\n","protected":false},"excerpt":{"rendered":"<p>Localizada na Regi\u00e3o Sudeste, a mais industrializada do Brasil, a UFMG, institui\u00e7\u00e3o p\u00fablica de ensino superior gratuito, \u00e9 a mais antiga universidade do estado de Minas Gerais. Sua funda\u00e7\u00e3o ocorreu em 7 de setembro de 1927 com o nome Universidade de Minas Gerais (UMG). Quase um s\u00e9culo ap\u00f3s, a institui\u00e7\u00e3o \u00e9 lideran\u00e7a regional e nacional [&hellip;]<\/p>\n","protected":false},"author":2,"featured_media":183,"parent":0,"menu_order":0,"comment_status":"closed","ping_status":"closed","template":"","meta":{"_acf_changed":false,"footnotes":""},"class_list":["post-175","page","type-page","status-publish","has-post-thumbnail","hentry"],"acf":[],"_links":{"self":[{"href":"https:\/\/www.ufmg.br\/cogecom2025\/wp-json\/wp\/v2\/pages\/175"}],"collection":[{"href":"https:\/\/www.ufmg.br\/cogecom2025\/wp-json\/wp\/v2\/pages"}],"about":[{"href":"https:\/\/www.ufmg.br\/cogecom2025\/wp-json\/wp\/v2\/types\/page"}],"author":[{"embeddable":true,"href":"https:\/\/www.ufmg.br\/cogecom2025\/wp-json\/wp\/v2\/users\/2"}],"replies":[{"embeddable":true,"href":"https:\/\/www.ufmg.br\/cogecom2025\/wp-json\/wp\/v2\/comments?post=175"}],"version-history":[{"count":8,"href":"https:\/\/www.ufmg.br\/cogecom2025\/wp-json\/wp\/v2\/pages\/175\/revisions"}],"predecessor-version":[{"id":246,"href":"https:\/\/www.ufmg.br\/cogecom2025\/wp-json\/wp\/v2\/pages\/175\/revisions\/246"}],"wp:featuredmedia":[{"embeddable":true,"href":"https:\/\/www.ufmg.br\/cogecom2025\/wp-json\/wp\/v2\/media\/183"}],"wp:attachment":[{"href":"https:\/\/www.ufmg.br\/cogecom2025\/wp-json\/wp\/v2\/media?parent=175"}],"curies":[{"name":"wp","href":"https:\/\/api.w.org\/{rel}","templated":true}]}}

<p>Localizada na Região Sudeste, a mais industrializada do Brasil, a UFMG, instituição pública de ensino superior gratuito, é a mais antiga universidade do estado de Minas Gerais. Sua fundação ocorreu em 7 de setembro de 1927 com o nome Universidade de Minas Gerais (UMG). Quase um século após, a instituição é liderança regional e nacional em ensino, extensão, cultura, pesquisa científica e geração de patentes, em diversas áreas do conhecimento.</p>



<p>Sua comunidade reúne cerca de 53 mil pessoas nas cidades de Belo Horizonte, Montes Claros, Diamantina e Tiradentes, que se organizam em torno de 91 cursos de graduação, 90 programas de pós-graduação e 860 núcleos de pesquisa. Em 2020, a UFMG alcançou 1.582 registros de patentes, o que lhe rende posição de liderança entre as instituições de ensino superior do país.</p>



<p>Desde a criação da UFMG, os seus formandos exercem grande influência na vida cultural, política e econômica, atuando, com destaque, como formadores da intelectualidade, das artes, da ciência, e tendo assento na gestão de empresas, entidades diversas, do estado e do país.</p>



<figure class="wp-block-gallery has-nested-images columns-default is-cropped wp-block-gallery-1 is-layout-flex wp-block-gallery-is-layout-flex">
<figure class="wp-block-image size-large"><img loading="lazy" decoding="async" width="722" height="1024" data-id="185" src="https://www.ufmg.br/cogecom2025/wp-content/uploads/2025/09/MAPA-PAMPULHA-722x1024-1.jpg" alt="" class="wp-image-185" title="Mapa UFMG Campus Pampulha" srcset="https://www.ufmg.br/cogecom2025/wp-content/uploads/2025/09/MAPA-PAMPULHA-722x1024-1.jpg 722w, https://www.ufmg.br/cogecom2025/wp-content/uploads/2025/09/MAPA-PAMPULHA-722x1024-1-212x300.jpg 212w" sizes="(max-width: 722px) 100vw, 722px" /></figure>
</figure>



<figure class="wp-block-gallery has-nested-images columns-default is-cropped wp-block-gallery-2 is-layout-flex wp-block-gallery-is-layout-flex"></figure>

<p>Localizada na Região Sudeste, a mais industrializada do Brasil, a UFMG, instituição pública de ensino superior gratuito, é a mais antiga universidade do estado de Minas Gerais. Sua fundação ocorreu em 7 de setembro de 1927 com o nome Universidade de Minas Gerais (UMG). Quase um século após, a instituição é liderança regional e nacional [&hellip;]</p>
