{"id":157,"date":"2024-08-02T15:38:58","date_gmt":"2024-08-02T18:38:58","guid":{"rendered":"https:\/\/www.ufmg.br\/coloquio2025\/?page_id=157"},"modified":"2025-11-03T08:07:39","modified_gmt":"2025-11-03T11:07:39","slug":"faq","status":"publish","type":"page","link":"https:\/\/www.ufmg.br\/coloquio2025\/faq\/","title":{"rendered":"FAQ"},"content":{"rendered":"\n<p>FAQ sobre o Col\u00f3quio <\/p>\n\n\n\n<details class=\"wp-block-details has-white-color has-text-color has-background has-link-color wp-elements-c6c7bd8dff6d06539ed118a536a6385b is-layout-flow wp-block-details-is-layout-flow\" style=\"background-color:#31505c\"><summary>Quando e onde acontecer\u00e1 a 7\u00aa edi\u00e7\u00e3o do Col\u00f3quio?<\/summary>\n<p class=\"has-black-color has-white-background-color has-text-color has-background has-link-color wp-elements-b85b4c68592548effc7cef3060952f36\">O evento ser\u00e1 realizado entre os dias <strong>24 e 28 de novembro<\/strong>, no Campus Pampulha da <strong>Universidade Federal de Minas Gerais (UFMG)<\/strong>, em Belo Horizonte (MG).<\/p>\n<\/details>\n\n\n\n<p><\/p>\n\n\n\n<details class=\"wp-block-details has-white-color has-text-color has-background has-link-color wp-elements-2020f3d1684af17b2b933f82385f8f39 is-layout-flow wp-block-details-is-layout-flow\" style=\"background-color:#31505c\"><summary>Quem pode participar do Col\u00f3quio?<\/summary>\n<p class=\"has-black-color has-white-background-color has-text-color has-background has-link-color wp-elements-f6a22b24f33ebc3af54be77ab1b8809b\">O evento \u00e9 voltado principalmente para pesquisadores, profissionais e estudantes. No entanto, ser\u00e1 aberto ao p\u00fablico que tiver interesse. <\/p>\n<\/details>\n\n\n\n<p><\/p>\n\n\n\n<details class=\"wp-block-details has-white-color has-text-color has-background has-link-color wp-elements-6031a9e71063d3e9f2db4191df709375 is-layout-flow wp-block-details-is-layout-flow\" style=\"background-color:#31505c\"><summary>Quais s\u00e3o as atividades previstas?<\/summary>\n<p class=\"has-black-color has-white-background-color has-text-color has-background has-link-color wp-elements-96cc5cb23cfbc21914085a44e6374e9e\">A programa\u00e7\u00e3o contar\u00e1 com oficinas pr\u00e1ticas, pain\u00e9is tem\u00e1ticos e encontros colaborativos.<\/p>\n<\/details>\n\n\n\n<p><\/p>\n","protected":false},"excerpt":{"rendered":"<p>FAQ sobre o Col\u00f3quio<\/p>\n","protected":false},"author":1,"featured_media":0,"parent":0,"menu_order":0,"comment_status":"closed","ping_status":"closed","template":"","meta":{"_acf_changed":false,"footnotes":""},"class_list":["post-157","page","type-page","status-publish","hentry"],"acf":[],"_links":{"self":[{"href":"https:\/\/www.ufmg.br\/coloquio2025\/wp-json\/wp\/v2\/pages\/157"}],"collection":[{"href":"https:\/\/www.ufmg.br\/coloquio2025\/wp-json\/wp\/v2\/pages"}],"about":[{"href":"https:\/\/www.ufmg.br\/coloquio2025\/wp-json\/wp\/v2\/types\/page"}],"author":[{"embeddable":true,"href":"https:\/\/www.ufmg.br\/coloquio2025\/wp-json\/wp\/v2\/users\/1"}],"replies":[{"embeddable":true,"href":"https:\/\/www.ufmg.br\/coloquio2025\/wp-json\/wp\/v2\/comments?post=157"}],"version-history":[{"count":8,"href":"https:\/\/www.ufmg.br\/coloquio2025\/wp-json\/wp\/v2\/pages\/157\/revisions"}],"predecessor-version":[{"id":268,"href":"https:\/\/www.ufmg.br\/coloquio2025\/wp-json\/wp\/v2\/pages\/157\/revisions\/268"}],"wp:attachment":[{"href":"https:\/\/www.ufmg.br\/coloquio2025\/wp-json\/wp\/v2\/media?parent=157"}],"curies":[{"name":"wp","href":"https:\/\/api.w.org\/{rel}","templated":true}]}}

<p>FAQ sobre o Colóquio </p>



<details class="wp-block-details has-white-color has-text-color has-background has-link-color wp-elements-c6c7bd8dff6d06539ed118a536a6385b is-layout-flow wp-block-details-is-layout-flow" style="background-color:#31505c"><summary>Quando e onde acontecerá a 7ª edição do Colóquio?</summary>
<p class="has-black-color has-white-background-color has-text-color has-background has-link-color wp-elements-b85b4c68592548effc7cef3060952f36">O evento será realizado entre os dias <strong>24 e 28 de novembro</strong>, no Campus Pampulha da <strong>Universidade Federal de Minas Gerais (UFMG)</strong>, em Belo Horizonte (MG).</p>
</details>



<p></p>



<details class="wp-block-details has-white-color has-text-color has-background has-link-color wp-elements-2020f3d1684af17b2b933f82385f8f39 is-layout-flow wp-block-details-is-layout-flow" style="background-color:#31505c"><summary>Quem pode participar do Colóquio?</summary>
<p class="has-black-color has-white-background-color has-text-color has-background has-link-color wp-elements-f6a22b24f33ebc3af54be77ab1b8809b">O evento é voltado principalmente para pesquisadores, profissionais e estudantes. No entanto, será aberto ao público que tiver interesse. </p>
</details>



<p></p>



<details class="wp-block-details has-white-color has-text-color has-background has-link-color wp-elements-6031a9e71063d3e9f2db4191df709375 is-layout-flow wp-block-details-is-layout-flow" style="background-color:#31505c"><summary>Quais são as atividades previstas?</summary>
<p class="has-black-color has-white-background-color has-text-color has-background has-link-color wp-elements-96cc5cb23cfbc21914085a44e6374e9e">A programação contará com oficinas práticas, painéis temáticos e encontros colaborativos.</p>
</details>



<p></p>

<p>FAQ sobre o Colóquio</p>
