{"id":89,"date":"2024-08-02T09:43:47","date_gmt":"2024-08-02T12:43:47","guid":{"rendered":"https:\/\/www.ufmg.br\/coloquio2025\/?page_id=89"},"modified":"2025-10-06T09:11:19","modified_gmt":"2025-10-06T12:11:19","slug":"noticias","status":"publish","type":"page","link":"https:\/\/www.ufmg.br\/coloquio2025\/noticias\/","title":{"rendered":"Sobre o evento"},"content":{"rendered":"\n<p>O<strong> Col\u00f3quio Universidade e Comunica\u00e7\u00e3o P\u00fablica<\/strong> \u00e9 um evento anual, organizado pelo <strong>Centro de Comunica\u00e7\u00e3o (Cedecom) da UFMG.<\/strong><\/p>\n\n\n\n<p>Em sua <strong>7\u00aa edi\u00e7\u00e3o<\/strong>, o Col\u00f3quio Universidade e Comunica\u00e7\u00e3o P\u00fablica reunir\u00e1 na UFMG, de 24 a 28 de novembro, pesquisadores e gestores de comunica\u00e7\u00e3o das Institui\u00e7\u00f5es Federais de Ensino Superior (IFES). Sob o tema <strong>\u201cForma\u00e7\u00e3o de redes em comunica\u00e7\u00e3o universit\u00e1ria\u201d<\/strong>, o evento ir\u00e1 promover oficinas, palestras, rodas de conversa e encontros que estimulam a troca de conhecimentos e a cria\u00e7\u00e3o de conex\u00f5es duradouras entre o p\u00fablico.<br><br>Inscreva-se na aba de <strong>Programa\u00e7\u00e3o<\/strong>.<\/p>\n\n\n\n<p><\/p>\n\n\n\n<figure class=\"wp-block-image size-full is-resized\"><img loading=\"lazy\" decoding=\"async\" width=\"712\" height=\"474\" src=\"https:\/\/www.ufmg.br\/coloquio2025\/wp-content\/uploads\/2025\/09\/862e986f894fe197bb6cafbc72e90919_17278050332001_1836663178.jpg\" alt=\"\" class=\"wp-image-221\" style=\"width:593px;height:auto\" srcset=\"https:\/\/www.ufmg.br\/coloquio2025\/wp-content\/uploads\/2025\/09\/862e986f894fe197bb6cafbc72e90919_17278050332001_1836663178.jpg 712w, https:\/\/www.ufmg.br\/coloquio2025\/wp-content\/uploads\/2025\/09\/862e986f894fe197bb6cafbc72e90919_17278050332001_1836663178-300x200.jpg 300w\" sizes=\"(max-width: 712px) 100vw, 712px\" \/><figcaption class=\"wp-element-caption\"><em>5\u00aa edi\u00e7\u00e3o do Col\u00f3quio, realizada em 2022 na UFMG<\/em><br><small>Foto: arquivo UFMG<\/small><\/figcaption><\/figure>\n","protected":false},"excerpt":{"rendered":"<p>O Col\u00f3quio Universidade e Comunica\u00e7\u00e3o P\u00fablica \u00e9 um evento anual, organizado pelo Centro de Comunica\u00e7\u00e3o (Cedecom) da UFMG. Em sua 7\u00aa edi\u00e7\u00e3o, o Col\u00f3quio Universidade e Comunica\u00e7\u00e3o P\u00fablica reunir\u00e1 na UFMG, de 24 a 28 de novembro, pesquisadores e gestores de comunica\u00e7\u00e3o das Institui\u00e7\u00f5es Federais de Ensino Superior (IFES). Sob o tema \u201cForma\u00e7\u00e3o de redes [&hellip;]<\/p>\n","protected":false},"author":1,"featured_media":0,"parent":0,"menu_order":0,"comment_status":"closed","ping_status":"closed","template":"page-templates\/page-news.php","meta":{"_acf_changed":false,"footnotes":""},"class_list":["post-89","page","type-page","status-publish","hentry"],"acf":[],"_links":{"self":[{"href":"https:\/\/www.ufmg.br\/coloquio2025\/wp-json\/wp\/v2\/pages\/89"}],"collection":[{"href":"https:\/\/www.ufmg.br\/coloquio2025\/wp-json\/wp\/v2\/pages"}],"about":[{"href":"https:\/\/www.ufmg.br\/coloquio2025\/wp-json\/wp\/v2\/types\/page"}],"author":[{"embeddable":true,"href":"https:\/\/www.ufmg.br\/coloquio2025\/wp-json\/wp\/v2\/users\/1"}],"replies":[{"embeddable":true,"href":"https:\/\/www.ufmg.br\/coloquio2025\/wp-json\/wp\/v2\/comments?post=89"}],"version-history":[{"count":7,"href":"https:\/\/www.ufmg.br\/coloquio2025\/wp-json\/wp\/v2\/pages\/89\/revisions"}],"predecessor-version":[{"id":265,"href":"https:\/\/www.ufmg.br\/coloquio2025\/wp-json\/wp\/v2\/pages\/89\/revisions\/265"}],"wp:attachment":[{"href":"https:\/\/www.ufmg.br\/coloquio2025\/wp-json\/wp\/v2\/media?parent=89"}],"curies":[{"name":"wp","href":"https:\/\/api.w.org\/{rel}","templated":true}]}}