{"id":435,"date":"2025-10-20T09:18:31","date_gmt":"2025-10-20T12:18:31","guid":{"rendered":"https:\/\/www.ufmg.br\/comunicadores2025\/?page_id=435"},"modified":"2025-10-20T09:28:22","modified_gmt":"2025-10-20T12:28:22","slug":"culinaria-japonesa-e-oriental","status":"publish","type":"page","link":"https:\/\/www.ufmg.br\/comunicadores2025\/culinaria-japonesa-e-oriental\/","title":{"rendered":"Culin\u00e1ria Japonesa e Oriental"},"content":{"rendered":"\n<ul class=\"wp-block-list\">\n<li><strong>Okinaki<\/strong> \u2013 Av. \u00c1lvares Cabral, 1303 \u2013 $$<br><em>Street food asi\u00e1tica com ramen, baos e oniguiris.<\/em><br><em><br><\/em><\/li>\n\n\n\n<li><strong>Nashy Sushi<\/strong> \u2013 Av. Get\u00falio Vargas, 900 \u2013 $$$<br><em>Rod\u00edzio de pe\u00e7as frescas e sushi \u00e0 la carte.<\/em><br><em><br><\/em><\/li>\n\n\n\n<li><strong>Kanpai<\/strong> \u2013 R. Tom\u00e1s Gonzaga, 388 \u2013 $$<br><em>Omakase e rod\u00edzio especializado.<\/em><br><br><\/li>\n\n\n\n<li><strong>Hou Mei<\/strong> \u2013 R. Mar\u00edlia de Dirceu, 159 \u2013 $$<br><em>Cozinha asi\u00e1tica variada para grupos e individuais.<\/em><\/li>\n<\/ul>\n","protected":false},"excerpt":{"rendered":"","protected":false},"author":2,"featured_media":0,"parent":0,"menu_order":0,"comment_status":"closed","ping_status":"closed","template":"","meta":{"_acf_changed":false,"footnotes":""},"class_list":["post-435","page","type-page","status-publish","hentry"],"acf":[],"_links":{"self":[{"href":"https:\/\/www.ufmg.br\/comunicadores2025\/wp-json\/wp\/v2\/pages\/435"}],"collection":[{"href":"https:\/\/www.ufmg.br\/comunicadores2025\/wp-json\/wp\/v2\/pages"}],"about":[{"href":"https:\/\/www.ufmg.br\/comunicadores2025\/wp-json\/wp\/v2\/types\/page"}],"author":[{"embeddable":true,"href":"https:\/\/www.ufmg.br\/comunicadores2025\/wp-json\/wp\/v2\/users\/2"}],"replies":[{"embeddable":true,"href":"https:\/\/www.ufmg.br\/comunicadores2025\/wp-json\/wp\/v2\/comments?post=435"}],"version-history":[{"count":3,"href":"https:\/\/www.ufmg.br\/comunicadores2025\/wp-json\/wp\/v2\/pages\/435\/revisions"}],"predecessor-version":[{"id":453,"href":"https:\/\/www.ufmg.br\/comunicadores2025\/wp-json\/wp\/v2\/pages\/435\/revisions\/453"}],"wp:attachment":[{"href":"https:\/\/www.ufmg.br\/comunicadores2025\/wp-json\/wp\/v2\/media?parent=435"}],"curies":[{"name":"wp","href":"https:\/\/api.w.org\/{rel}","templated":true}]}}

Culinária Japonesa e Oriental

<ul class="wp-block-list">
<li><strong>Okinaki</strong> – Av. Álvares Cabral, 1303 – $$<br><em>Street food asiática com ramen, baos e oniguiris.</em><br><em><br></em></li>



<li><strong>Nashy Sushi</strong> – Av. Getúlio Vargas, 900 – $$$<br><em>Rodízio de peças frescas e sushi à la carte.</em><br><em><br></em></li>



<li><strong>Kanpai</strong> – R. Tomás Gonzaga, 388 – $$<br><em>Omakase e rodízio especializado.</em><br><br></li>



<li><strong>Hou Mei</strong> – R. Marília de Dirceu, 159 – $$<br><em>Cozinha asiática variada para grupos e individuais.</em></li>
</ul>
