{"id":19,"date":"2021-08-24T16:15:08","date_gmt":"2021-08-24T19:15:08","guid":{"rendered":"https:\/\/www.ufmg.br\/consulta2021\/?page_id=19"},"modified":"2021-08-31T14:37:25","modified_gmt":"2021-08-31T17:37:25","slug":"calendario","status":"publish","type":"page","link":"https:\/\/www.ufmg.br\/consulta2021\/calendario\/","title":{"rendered":"Calend\u00e1rio"},"content":{"rendered":"<div class=\"accordion\"><ul class=\"accordion-items\"><li class=\"accordion-item\">\n                <h4 class=\"accordion-title\">\n                    <a href=\"#11\" data-toggle=\"collapse\" aria-expanded=\"false\">Primeiro turno<span class=\"icon-arrow-down\"><\/span><\/a>\n                <\/h4>\n                <div class=\"accordion-content collapse\" id=\"11\">\n                    <div class=\"main-content\"><p><strong>Agosto<\/strong><\/p><p>12\/08 \u2013 Reuni\u00e3o do Conselho Universit\u00e1rio (regulamenta\u00e7\u00e3o do processo de consulta \u00e0 comunidade para a escolha do novo Reitor e Vice-Reitor)<\/p><p>16\/08 \u2013 Portaria de cria\u00e7\u00e3o da Comiss\u00e3o Eleitoral<\/p><p>19\/08 \u2013 Reuni\u00e3o de instala\u00e7\u00e3o da Comiss\u00e3o Eleitoral<\/p><p>\u00a0<\/p><p><strong>Setembro<\/strong><\/p><p>06\/09 a 13\/09 \u2013 Per\u00edodo para a inscri\u00e7\u00e3o de chapas para a Consulta em 1\u00ba turno<\/p><p>14\/09 a 11\/11 \u2013 Per\u00edodo de afastamento dos inscritos de todas as atividades letivas e administrativas na UFMG<\/p><p>\u00a0<\/p><p><strong>Outubro<\/strong><\/p><p>20\/10 \u2013 Data para realiza\u00e7\u00e3o de 1\u00ba debate da chapa inscrita<\/p><p>27\/10 \u2013 Data para realiza\u00e7\u00e3o de 2\u00ba debate da chapa inscrita<\/p><p>\u00a0<\/p><p><strong>Novembro<\/strong><\/p><p>03\/11 \u2013 Data para realiza\u00e7\u00e3o de 3\u00ba debate da chapa inscrita<\/p><p>04\/11 \u2013\u00a0Emiss\u00e3o da lista de votantes, com base nos dados obtidos sobre a situa\u00e7\u00e3o de cada membro dos corpos discente, docente e t\u00e9cnico-administrativo em educa\u00e7\u00e3o<\/p><p>10\/11 \u2013 Data limite para a entrega, pela chapa, da presta\u00e7\u00e3o de contas<\/p><p>11\/11 \u2013 Realiza\u00e7\u00e3o da consulta - 1\u00ba turno<\/p><p>17\/11 \u2013 Encaminhamento do resultado da consulta e inscri\u00e7\u00e3o de chapas ao Col\u00e9gio Eleitoral (se n\u00e3o houver 2\u00ba turno)<\/p><p>23\/11 \u2013 Reuni\u00e3o do Col\u00e9gio Eleitoral para elabora\u00e7\u00e3o da lista tr\u00edplice (se n\u00e3o houver 2\u00ba turno)<\/p><\/div>\n                <\/div>\n            <\/li><li class=\"accordion-item\">\n                <h4 class=\"accordion-title\">\n                    <a href=\"#12\" data-toggle=\"collapse\" aria-expanded=\"false\">Segundo turno<span class=\"icon-arrow-down\"><\/span><\/a>\n                <\/h4>\n                <div class=\"accordion-content collapse\" id=\"12\">\n                    <div class=\"main-content\"><p><strong>Novembro<\/strong><\/p><p>12\/11\u00a0a 25\/11 \u2013\u00a0Per\u00edodo de afastamento dos inscritos de todas as atividades letivas e administrativas na UFMG<\/p><p>24\/11 \u2013 Data para a entrega, pela chapa, da presta\u00e7\u00e3o de contas do 2\u00ba turno<\/p><p>25\/11 \u2013 Realiza\u00e7\u00e3o da consulta - 2\u00ba turno<\/p><p>30\/11 \u2013 Encaminhamento do resultado da consulta e inscri\u00e7\u00e3o de chapa ao Col\u00e9gio Eleitoral<\/p><p><strong>Dezembro<\/strong><\/p><p>07\/12 \u2013 Reuni\u00e3o do Col\u00e9gio Eleitoral para elabora\u00e7\u00e3o da lista tr\u00edplice<\/p><\/div>\n                <\/div>\n            <\/li><\/ul><\/div>\n","protected":false},"excerpt":{"rendered":"","protected":false},"author":1,"featured_media":0,"parent":0,"menu_order":0,"comment_status":"closed","ping_status":"closed","template":"","meta":[],"_links":{"self":[{"href":"https:\/\/www.ufmg.br\/consulta2021\/wp-json\/wp\/v2\/pages\/19"}],"collection":[{"href":"https:\/\/www.ufmg.br\/consulta2021\/wp-json\/wp\/v2\/pages"}],"about":[{"href":"https:\/\/www.ufmg.br\/consulta2021\/wp-json\/wp\/v2\/types\/page"}],"author":[{"embeddable":true,"href":"https:\/\/www.ufmg.br\/consulta2021\/wp-json\/wp\/v2\/users\/1"}],"replies":[{"embeddable":true,"href":"https:\/\/www.ufmg.br\/consulta2021\/wp-json\/wp\/v2\/comments?post=19"}],"version-history":[{"count":2,"href":"https:\/\/www.ufmg.br\/consulta2021\/wp-json\/wp\/v2\/pages\/19\/revisions"}],"predecessor-version":[{"id":50,"href":"https:\/\/www.ufmg.br\/consulta2021\/wp-json\/wp\/v2\/pages\/19\/revisions\/50"}],"wp:attachment":[{"href":"https:\/\/www.ufmg.br\/consulta2021\/wp-json\/wp\/v2\/media?parent=19"}],"curies":[{"name":"wp","href":"https:\/\/api.w.org\/{rel}","templated":true}]}}

Calendário

<div class="accordion"><ul class="accordion-items"><li class="accordion-item">
                <h4 class="accordion-title">
                    <a href="#11" data-toggle="collapse" aria-expanded="false">Primeiro turno<span class="icon-arrow-down"></span></a>
                </h4>
                <div class="accordion-content collapse" id="11">
                    <div class="main-content"><p><strong>Agosto</strong></p><p>12/08 – Reunião do Conselho Universitário (regulamentação do processo de consulta à comunidade para a escolha do novo Reitor e Vice-Reitor)</p><p>16/08 – Portaria de criação da Comissão Eleitoral</p><p>19/08 – Reunião de instalação da Comissão Eleitoral</p><p> </p><p><strong>Setembro</strong></p><p>06/09 a 13/09 – Período para a inscrição de chapas para a Consulta em 1º turno</p><p>14/09 a 11/11 – Período de afastamento dos inscritos de todas as atividades letivas e administrativas na UFMG</p><p> </p><p><strong>Outubro</strong></p><p>20/10 – Data para realização de 1º debate da chapa inscrita</p><p>27/10 – Data para realização de 2º debate da chapa inscrita</p><p> </p><p><strong>Novembro</strong></p><p>03/11 – Data para realização de 3º debate da chapa inscrita</p><p>04/11 – Emissão da lista de votantes, com base nos dados obtidos sobre a situação de cada membro dos corpos discente, docente e técnico-administrativo em educação</p><p>10/11 – Data limite para a entrega, pela chapa, da prestação de contas</p><p>11/11 – Realização da consulta - 1º turno</p><p>17/11 – Encaminhamento do resultado da consulta e inscrição de chapas ao Colégio Eleitoral (se não houver 2º turno)</p><p>23/11 – Reunião do Colégio Eleitoral para elaboração da lista tríplice (se não houver 2º turno)</p></div>
                </div>
            </li><li class="accordion-item">
                <h4 class="accordion-title">
                    <a href="#12" data-toggle="collapse" aria-expanded="false">Segundo turno<span class="icon-arrow-down"></span></a>
                </h4>
                <div class="accordion-content collapse" id="12">
                    <div class="main-content"><p><strong>Novembro</strong></p><p>12/11 a 25/11 – Período de afastamento dos inscritos de todas as atividades letivas e administrativas na UFMG</p><p>24/11 – Data para a entrega, pela chapa, da prestação de contas do 2º turno</p><p>25/11 – Realização da consulta - 2º turno</p><p>30/11 – Encaminhamento do resultado da consulta e inscrição de chapa ao Colégio Eleitoral</p><p><strong>Dezembro</strong></p><p>07/12 – Reunião do Colégio Eleitoral para elaboração da lista tríplice</p></div>
                </div>
            </li></ul></div>
