{"id":21,"date":"2021-08-24T16:15:17","date_gmt":"2021-08-24T19:15:17","guid":{"rendered":"https:\/\/www.ufmg.br\/consulta2021\/?page_id=21"},"modified":"2021-11-05T11:54:45","modified_gmt":"2021-11-05T14:54:45","slug":"debates","status":"publish","type":"page","link":"https:\/\/www.ufmg.br\/consulta2021\/debates\/","title":{"rendered":"Debates"},"content":{"rendered":"\n<h2><strong><strong>REGRAS PARA A CONDU\u00c7\u00c3O DOS DEBATES DA COMUNIDADE COM A CHAPA \u00daNICA AO REITORADO DA UFMG<\/strong><\/strong><\/h2>\n\n\n\n<p><\/p>\n\n\n\n<div class=\"wp-block-group\"><div class=\"wp-block-group__inner-container\">\n<p>I. Em atendimento ao Regulamento do processo de Consulta \u00e0 Comunidade Universit\u00e1ria para escolha de Reitor(a) e Vice-reitor(a), aprovado pelo Conselho Universit\u00e1rio em 12 de agosto de 2021, a Comiss\u00e3o Eleitoral agendou os seguintes dias e hor\u00e1rios para os debates:<\/p>\n\n\n\n<p>a) DIA: <strong>20 de outubro de 2021<\/strong> &#8211; Quarta-feira<br>HOR\u00c1RIO: 9 \u00e0s 11 horas<\/p>\n\n\n\n<figure class=\"wp-block-embed is-type-video is-provider-youtube wp-block-embed-youtube wp-embed-aspect-16-9 wp-has-aspect-ratio\"><div class=\"wp-block-embed__wrapper\">\n<div class=\"video-container\"><iframe loading=\"lazy\" title=\"Primeiro debate para consulta reitorado UFMG - gest\u00e3o 2022-2026\" width=\"500\" height=\"281\" src=\"https:\/\/www.youtube.com\/embed\/KlMiOGiaKY8?feature=oembed\" frameborder=\"0\" allow=\"accelerometer; autoplay; clipboard-write; encrypted-media; gyroscope; picture-in-picture\" allowfullscreen><\/iframe><\/div>\n<\/div><\/figure>\n\n\n\n<p>b) DIA: <strong>27 de outubro de 2021<\/strong> &#8211; Quarta-feira<br>HOR\u00c1RIO: 17 \u00e0s 19 horas<\/p>\n\n\n\n<figure class=\"wp-block-embed is-type-video is-provider-youtube wp-block-embed-youtube wp-embed-aspect-16-9 wp-has-aspect-ratio\"><div class=\"wp-block-embed__wrapper\">\n<div class=\"video-container\"><iframe loading=\"lazy\" title=\"Segundo Debate para Consulta Reitorado UFMG - Gest\u00e3o 2022-2026\" width=\"500\" height=\"281\" src=\"https:\/\/www.youtube.com\/embed\/gxWvdfwSeXs?feature=oembed\" frameborder=\"0\" allow=\"accelerometer; autoplay; clipboard-write; encrypted-media; gyroscope; picture-in-picture\" allowfullscreen><\/iframe><\/div>\n<\/div><\/figure>\n\n\n\n<p>c) DIA: <strong>03 de novembro de 2021<\/strong> &#8211; Quarta-feira<br>HOR\u00c1RIO: 19 \u00e0s 21 horas<\/p>\n\n\n\n<figure class=\"wp-block-embed is-type-video is-provider-youtube wp-block-embed-youtube wp-embed-aspect-16-9 wp-has-aspect-ratio\"><div class=\"wp-block-embed__wrapper\">\n<div class=\"video-container\"><iframe loading=\"lazy\" title=\"Terceiro Debate para Consulta Reitorado UFMG - Gest\u00e3o 2022-2026\" width=\"500\" height=\"281\" src=\"https:\/\/www.youtube.com\/embed\/6dk-6MzjmLQ?feature=oembed\" frameborder=\"0\" allow=\"accelerometer; autoplay; clipboard-write; encrypted-media; gyroscope; picture-in-picture\" allowfullscreen><\/iframe><\/div>\n<\/div><\/figure>\n\n\n\n<p>II. Os debates ser\u00e3o realizados de forma remota e ser\u00e3o transmitidos por meio da plataforma Youtube da Coordenadoria de Assuntos Comunit\u00e1rios (CAC), no seguinte endere\u00e7o eletr\u00f4nico: <a href=\"https:\/\/www.youtube.com\/cacufmg\">https:\/\/www.youtube.com\/cacufmg<\/a>, onde as grava\u00e7\u00f5es ficar\u00e3o dispon\u00edveis.<\/p>\n\n\n\n<p>III. Os debates devem ser pautados pelos princ\u00edpios de \u00e9tica e pelo decoro acad\u00eamico.<\/p>\n\n\n\n<p>IV. Cada debate ser\u00e1 coordenado por um mediador indicado pela Comiss\u00e3o Eleitoral.<\/p>\n\n\n\n<p>V. O mediador ter\u00e1 amplos poderes para intervir na condu\u00e7\u00e3o dos trabalhos, podendo fazer os encaminhamentos que julgar apropriados.<\/p>\n\n\n\n<p>VI. Nos debates, a participa\u00e7\u00e3o da comunidade se dar\u00e1 por meio de perguntas previamente encaminhadas ao e-mail da Comiss\u00e3o Eleitoral (<a href=\"mailto:comissaoeleitoral2021@ufmg.br\">comissaoeleitoral2021@ufmg.br<\/a>) ou apresentadas durante o evento, pelo bate-papo (chat) da plataforma Youtube. O envio das perguntas por e-mail deve ser realizado at\u00e9 24 horas antes de cada debate.<\/p>\n\n\n\n<p>VII. O debate ser\u00e1 realizado em quatro blocos:<\/p>\n\n\n\n<p>1\u00ba Bloco: Abertura do debate pelo mediador, com a chamada dos candidatos \u00e0 Reitora e Vice-reitor e apresenta\u00e7\u00e3o das regras estabelecidas (m\u00e1ximo de 10 minutos).<\/p>\n\n\n\n<p>2\u00ba Bloco. Exposi\u00e7\u00e3o, pelos candidatos, de suas propostas (at\u00e9 30 minutos). Neste bloco ser\u00e1 facultado o compartilhamento de arquivos em tela.<\/p>\n\n\n\n<p>3\u00ba Bloco: Intera\u00e7\u00e3o dos candidatos com os participantes por meio das perguntas encaminhadas previamente ao e-mail da Comiss\u00e3o Eleitoral (<a href=\"mailto:comissaoeleitoral2021@ufmg.br\">comissaoeleitoral2021@ufmg.br<\/a>) e pelo bate-papo (chat) da plataforma Youtube.<\/p>\n\n\n\n<p>Representantes da Comiss\u00e3o Eleitoral ir\u00e3o receber as perguntas e repass\u00e1-las ao mediador do debate. Quest\u00f5es com conte\u00fado id\u00eantico ou similar a outras j\u00e1 respondidas poder\u00e3o ser descartadas, de modo a permitir que mais perguntas possam ser apresentadas aos candidatos.<\/p>\n\n\n\n<p>O mediador do debate ler\u00e1 cada pergunta (m\u00e1ximo de um minuto) e os candidatos ter\u00e3o, no m\u00e1ximo, quatro minutos para a resposta.<\/p>\n\n\n\n<p>Ao final do tempo destinado a este bloco, todas as perguntas formuladas pelos participantes por meio do bate-papo (chat) da plataforma Youtube, e n\u00e3o respondidas no debate, poder\u00e3o ser enviadas ao e-mail da Comiss\u00e3o Eleitoral (<a href=\"mailto:comissaoeleitoral2021@ufmg.br\">comissaoeleitoral2021@ufmg.br<\/a>) para que sejam entregues \u00e0 chapa.<\/p>\n\n\n\n<p>Este bloco deve se encerrar 15 minutos antes do t\u00e9rmino previsto do debate.<\/p>\n\n\n\n<p>4\u00ba bloco: Considera\u00e7\u00f5es finais (at\u00e9 15 minutos). O mediador conceder\u00e1 a palavra \u00e0 chapa para as suas considera\u00e7\u00f5es finais.<\/p>\n\n\n\n<p>Belo Horizonte, 20 de setembro de 2021<\/p>\n\n\n\n<p>Comiss\u00e3o Eleitoral<\/p>\n<\/div><\/div>\n","protected":false},"excerpt":{"rendered":"<p>REGRAS PARA A CONDU\u00c7\u00c3O DOS DEBATES DA COMUNIDADE COM A CHAPA \u00daNICA AO REITORADO DA UFMG I. Em atendimento ao Regulamento do processo de Consulta \u00e0 Comunidade Universit\u00e1ria para escolha de Reitor(a) e Vice-reitor(a), aprovado pelo Conselho Universit\u00e1rio em 12 de agosto de 2021, a Comiss\u00e3o Eleitoral agendou os seguintes dias e hor\u00e1rios para os [&hellip;]<\/p>\n","protected":false},"author":1,"featured_media":0,"parent":0,"menu_order":0,"comment_status":"closed","ping_status":"closed","template":"","meta":[],"_links":{"self":[{"href":"https:\/\/www.ufmg.br\/consulta2021\/wp-json\/wp\/v2\/pages\/21"}],"collection":[{"href":"https:\/\/www.ufmg.br\/consulta2021\/wp-json\/wp\/v2\/pages"}],"about":[{"href":"https:\/\/www.ufmg.br\/consulta2021\/wp-json\/wp\/v2\/types\/page"}],"author":[{"embeddable":true,"href":"https:\/\/www.ufmg.br\/consulta2021\/wp-json\/wp\/v2\/users\/1"}],"replies":[{"embeddable":true,"href":"https:\/\/www.ufmg.br\/consulta2021\/wp-json\/wp\/v2\/comments?post=21"}],"version-history":[{"count":11,"href":"https:\/\/www.ufmg.br\/consulta2021\/wp-json\/wp\/v2\/pages\/21\/revisions"}],"predecessor-version":[{"id":205,"href":"https:\/\/www.ufmg.br\/consulta2021\/wp-json\/wp\/v2\/pages\/21\/revisions\/205"}],"wp:attachment":[{"href":"https:\/\/www.ufmg.br\/consulta2021\/wp-json\/wp\/v2\/media?parent=21"}],"curies":[{"name":"wp","href":"https:\/\/api.w.org\/{rel}","templated":true}]}}

<h2><strong><strong>REGRAS PARA A CONDUÇÃO DOS DEBATES DA COMUNIDADE COM A CHAPA ÚNICA AO REITORADO DA UFMG</strong></strong></h2>



<p></p>



<div class="wp-block-group"><div class="wp-block-group__inner-container">
<p>I. Em atendimento ao Regulamento do processo de Consulta à Comunidade Universitária para escolha de Reitor(a) e Vice-reitor(a), aprovado pelo Conselho Universitário em 12 de agosto de 2021, a Comissão Eleitoral agendou os seguintes dias e horários para os debates:</p>



<p>a) DIA: <strong>20 de outubro de 2021</strong> &#8211; Quarta-feira<br>HORÁRIO: 9 às 11 horas</p>



<figure class="wp-block-embed is-type-video is-provider-youtube wp-block-embed-youtube wp-embed-aspect-16-9 wp-has-aspect-ratio"><div class="wp-block-embed__wrapper">
<div class="video-container"><iframe loading="lazy" title="Primeiro debate para consulta reitorado UFMG - gestão 2022-2026" width="500" height="281" src="https://www.youtube.com/embed/KlMiOGiaKY8?feature=oembed" frameborder="0" allow="accelerometer; autoplay; clipboard-write; encrypted-media; gyroscope; picture-in-picture" allowfullscreen></iframe></div>
</div></figure>



<p>b) DIA: <strong>27 de outubro de 2021</strong> &#8211; Quarta-feira<br>HORÁRIO: 17 às 19 horas</p>



<figure class="wp-block-embed is-type-video is-provider-youtube wp-block-embed-youtube wp-embed-aspect-16-9 wp-has-aspect-ratio"><div class="wp-block-embed__wrapper">
<div class="video-container"><iframe loading="lazy" title="Segundo Debate para Consulta Reitorado UFMG - Gestão 2022-2026" width="500" height="281" src="https://www.youtube.com/embed/gxWvdfwSeXs?feature=oembed" frameborder="0" allow="accelerometer; autoplay; clipboard-write; encrypted-media; gyroscope; picture-in-picture" allowfullscreen></iframe></div>
</div></figure>



<p>c) DIA: <strong>03 de novembro de 2021</strong> &#8211; Quarta-feira<br>HORÁRIO: 19 às 21 horas</p>



<figure class="wp-block-embed is-type-video is-provider-youtube wp-block-embed-youtube wp-embed-aspect-16-9 wp-has-aspect-ratio"><div class="wp-block-embed__wrapper">
<div class="video-container"><iframe loading="lazy" title="Terceiro Debate para Consulta Reitorado UFMG - Gestão 2022-2026" width="500" height="281" src="https://www.youtube.com/embed/6dk-6MzjmLQ?feature=oembed" frameborder="0" allow="accelerometer; autoplay; clipboard-write; encrypted-media; gyroscope; picture-in-picture" allowfullscreen></iframe></div>
</div></figure>



<p>II. Os debates serão realizados de forma remota e serão transmitidos por meio da plataforma Youtube da Coordenadoria de Assuntos Comunitários (CAC), no seguinte endereço eletrônico: <a href="https://www.youtube.com/cacufmg">https://www.youtube.com/cacufmg</a>, onde as gravações ficarão disponíveis.</p>



<p>III. Os debates devem ser pautados pelos princípios de ética e pelo decoro acadêmico.</p>



<p>IV. Cada debate será coordenado por um mediador indicado pela Comissão Eleitoral.</p>



<p>V. O mediador terá amplos poderes para intervir na condução dos trabalhos, podendo fazer os encaminhamentos que julgar apropriados.</p>



<p>VI. Nos debates, a participação da comunidade se dará por meio de perguntas previamente encaminhadas ao e-mail da Comissão Eleitoral (<a href="mailto:comissaoeleitoral2021@ufmg.br">comissaoeleitoral2021@ufmg.br</a>) ou apresentadas durante o evento, pelo bate-papo (chat) da plataforma Youtube. O envio das perguntas por e-mail deve ser realizado até 24 horas antes de cada debate.</p>



<p>VII. O debate será realizado em quatro blocos:</p>



<p>1º Bloco: Abertura do debate pelo mediador, com a chamada dos candidatos à Reitora e Vice-reitor e apresentação das regras estabelecidas (máximo de 10 minutos).</p>



<p>2º Bloco. Exposição, pelos candidatos, de suas propostas (até 30 minutos). Neste bloco será facultado o compartilhamento de arquivos em tela.</p>



<p>3º Bloco: Interação dos candidatos com os participantes por meio das perguntas encaminhadas previamente ao e-mail da Comissão Eleitoral (<a href="mailto:comissaoeleitoral2021@ufmg.br">comissaoeleitoral2021@ufmg.br</a>) e pelo bate-papo (chat) da plataforma Youtube.</p>



<p>Representantes da Comissão Eleitoral irão receber as perguntas e repassá-las ao mediador do debate. Questões com conteúdo idêntico ou similar a outras já respondidas poderão ser descartadas, de modo a permitir que mais perguntas possam ser apresentadas aos candidatos.</p>



<p>O mediador do debate lerá cada pergunta (máximo de um minuto) e os candidatos terão, no máximo, quatro minutos para a resposta.</p>



<p>Ao final do tempo destinado a este bloco, todas as perguntas formuladas pelos participantes por meio do bate-papo (chat) da plataforma Youtube, e não respondidas no debate, poderão ser enviadas ao e-mail da Comissão Eleitoral (<a href="mailto:comissaoeleitoral2021@ufmg.br">comissaoeleitoral2021@ufmg.br</a>) para que sejam entregues à chapa.</p>



<p>Este bloco deve se encerrar 15 minutos antes do término previsto do debate.</p>



<p>4º bloco: Considerações finais (até 15 minutos). O mediador concederá a palavra à chapa para as suas considerações finais.</p>



<p>Belo Horizonte, 20 de setembro de 2021</p>



<p>Comissão Eleitoral</p>
</div></div>

<p>REGRAS PARA A CONDUÇÃO DOS DEBATES DA COMUNIDADE COM A CHAPA ÚNICA AO REITORADO DA UFMG I. Em atendimento ao Regulamento do processo de Consulta à Comunidade Universitária para escolha de Reitor(a) e Vice-reitor(a), aprovado pelo Conselho Universitário em 12 de agosto de 2021, a Comissão Eleitoral agendou os seguintes dias e horários para os [&hellip;]</p>
