{"id":23,"date":"2021-08-24T16:15:27","date_gmt":"2021-08-24T19:15:27","guid":{"rendered":"https:\/\/www.ufmg.br\/consulta2021\/?page_id=23"},"modified":"2021-08-31T14:53:11","modified_gmt":"2021-08-31T17:53:11","slug":"comissao","status":"publish","type":"page","link":"https:\/\/www.ufmg.br\/consulta2021\/comissao\/","title":{"rendered":"Comiss\u00e3o"},"content":{"rendered":"<p><strong>Comiss\u00e3o<\/strong><\/p>\n<p>Professora Maria Elisa de Souza e Silva (Presidente)<br \/>\nProfessor \u00c9lder Ant\u00f4nio Sousa e Paiva<br \/>\nProfessora Denise Morado Nascimento<br \/>\nT\u00e9cnica-Administrativo em Educa\u00e7\u00e3o K\u00e1tia Lucia Pacheco (secret\u00e1ria-executiva)<br \/>\nDiscente Luiza Datas Cruz<\/p>\n<p><strong>Suplentes<\/strong><\/p>\n<p>Professora Priscilla Macedo Moura<br \/>\nProfessora Luciana Castro Geraseev<br \/>\nProfessor Eduardo Soares Neves Silva<br \/>\nT\u00e9cnica-Administrativo em Educa\u00e7\u00e3o Swraide Salgado Agripino<br \/>\nDiscente Luan Vitor Soares de Paiva<\/p>\n<p>&nbsp;<\/p>\n","protected":false},"excerpt":{"rendered":"<p>Comiss\u00e3o Professora Maria Elisa de Souza e Silva (Presidente) Professor \u00c9lder Ant\u00f4nio Sousa e Paiva Professora Denise Morado Nascimento T\u00e9cnica-Administrativo em Educa\u00e7\u00e3o K\u00e1tia Lucia Pacheco (secret\u00e1ria-executiva) Discente Luiza Datas Cruz Suplentes Professora Priscilla Macedo Moura Professora Luciana Castro Geraseev Professor Eduardo Soares Neves Silva T\u00e9cnica-Administrativo em Educa\u00e7\u00e3o Swraide Salgado Agripino Discente Luan Vitor Soares de [&hellip;]<\/p>\n","protected":false},"author":1,"featured_media":0,"parent":0,"menu_order":0,"comment_status":"closed","ping_status":"closed","template":"","meta":[],"_links":{"self":[{"href":"https:\/\/www.ufmg.br\/consulta2021\/wp-json\/wp\/v2\/pages\/23"}],"collection":[{"href":"https:\/\/www.ufmg.br\/consulta2021\/wp-json\/wp\/v2\/pages"}],"about":[{"href":"https:\/\/www.ufmg.br\/consulta2021\/wp-json\/wp\/v2\/types\/page"}],"author":[{"embeddable":true,"href":"https:\/\/www.ufmg.br\/consulta2021\/wp-json\/wp\/v2\/users\/1"}],"replies":[{"embeddable":true,"href":"https:\/\/www.ufmg.br\/consulta2021\/wp-json\/wp\/v2\/comments?post=23"}],"version-history":[{"count":4,"href":"https:\/\/www.ufmg.br\/consulta2021\/wp-json\/wp\/v2\/pages\/23\/revisions"}],"predecessor-version":[{"id":55,"href":"https:\/\/www.ufmg.br\/consulta2021\/wp-json\/wp\/v2\/pages\/23\/revisions\/55"}],"wp:attachment":[{"href":"https:\/\/www.ufmg.br\/consulta2021\/wp-json\/wp\/v2\/media?parent=23"}],"curies":[{"name":"wp","href":"https:\/\/api.w.org\/{rel}","templated":true}]}}

Comissão

<p><strong>Comissão</strong></p>
<p>Professora Maria Elisa de Souza e Silva (Presidente)<br />
Professor Élder Antônio Sousa e Paiva<br />
Professora Denise Morado Nascimento<br />
Técnica-Administrativo em Educação Kátia Lucia Pacheco (secretária-executiva)<br />
Discente Luiza Datas Cruz</p>
<p><strong>Suplentes</strong></p>
<p>Professora Priscilla Macedo Moura<br />
Professora Luciana Castro Geraseev<br />
Professor Eduardo Soares Neves Silva<br />
Técnica-Administrativo em Educação Swraide Salgado Agripino<br />
Discente Luan Vitor Soares de Paiva</p>
<p>&nbsp;</p>

<p>Comissão Professora Maria Elisa de Souza e Silva (Presidente) Professor Élder Antônio Sousa e Paiva Professora Denise Morado Nascimento Técnica-Administrativo em Educação Kátia Lucia Pacheco (secretária-executiva) Discente Luiza Datas Cruz Suplentes Professora Priscilla Macedo Moura Professora Luciana Castro Geraseev Professor Eduardo Soares Neves Silva Técnica-Administrativo em Educação Swraide Salgado Agripino Discente Luan Vitor Soares de [&hellip;]</p>
