{"id":5,"date":"2021-08-18T16:03:27","date_gmt":"2021-08-18T19:03:27","guid":{"rendered":"https:\/\/www.ufmg.br\/consulta2021\/?page_id=5"},"modified":"2021-11-10T15:28:58","modified_gmt":"2021-11-10T17:28:58","slug":"onde-votar","status":"publish","type":"page","link":"https:\/\/www.ufmg.br\/consulta2021\/onde-votar\/","title":{"rendered":"Como votar"},"content":{"rendered":"<p>Em 2021, a consulta para os cargos de Reitor(a) e Vice-reitor(a) ser\u00e1 realizada\u00a0exclusivamente por meio do\u00a0Sistema de Consultas da UFMG, que possibilita o voto a dist\u00e2ncia. O Sistema de Consultas da UFMG foi desenvolvido em a\u00e7\u00e3o conjunta da CAC (Coordenadoria de Assuntos Comunit\u00e1rios), do laborat\u00f3rio\u00a0<em>Inscrypt\u00a0<\/em>do DCC (Departamento de Ci\u00eancia da Computa\u00e7\u00e3o) e da DTI (Diretoria de Tecnologia da Informa\u00e7\u00e3o), visando implementar uma ferramenta para consulta online na UFMG, baseada no software livre\u00a0<em>Helios Voting<\/em>.<\/p>\n<p>A ferramenta j\u00e1 \u00e9 utilizada em elei\u00e7\u00f5es de diretores de Unidades e de representantes em Colegiados e o passo a passo para sua utiliza\u00e7\u00e3o est\u00e1 dispon\u00edvel na p\u00e1gina <a href=\"https:\/\/consultas.ufmg.br\/?page_id=135\">Como votar \u2013 Sistema de Consultas da UFMG<\/a> e no tutorial abaixo:<\/p>\n<div class=\"video-container\"><iframe loading=\"lazy\" title=\"Consulta \u00e0 comunidade 2021: tutorial explica como votar\" width=\"500\" height=\"281\" src=\"https:\/\/www.youtube.com\/embed\/XxtXpUuV6aI?feature=oembed\" frameborder=\"0\" allow=\"accelerometer; autoplay; clipboard-write; encrypted-media; gyroscope; picture-in-picture\" allowfullscreen><\/iframe><\/div>\n<p>No dia da consulta(s), a Coordenadoria de Assuntos Comunit\u00e1rios (CAC) colocar\u00e1 \u00e0 disposi\u00e7\u00e3o da comunidade universit\u00e1ria um <em>helpdesk<\/em>,\u00a0que funcionar\u00e1 das 08 \u00e0s 20 horas, para esclarecimento de d\u00favidas sobre o processo de vota\u00e7\u00e3o. O atendimento ser\u00e1 pelo e-mail\u00a0<a href=\"mailto:consultas-suporte@cac.ufmg.br\">consultas-suporte@cac.ufmg.br<\/a> e pelo telefone <a href=\"tel:+553134096499\" target=\"_blank\" rel=\"noopener\">(31) 3409-6499<\/a>.\u00a0Confira tamb\u00e9m as respostas \u00e0s <a href=\"https:\/\/www.ufmg.br\/dti\/faq\/categoria\/consultaseleitorais\/quemvota\/\">perguntas mais frequentes<\/a>\u00a0acerca do Sistema de Consultas.<\/p>\n<p>Ainda n\u00e3o conseguiu votar? Verifique abaixo se est\u00e1 habilitado(a) para tal. Caso seu nome n\u00e3o apare\u00e7a, confirme sua condi\u00e7\u00e3o cadastral:\u00a0<a href=\"https:\/\/consultas.ufmg.br\/?page_id=629\">Quem vota \u2013 Sistema de Consultas da UFMG<\/a><\/p>\n","protected":false},"excerpt":{"rendered":"<p>Em 2021, a consulta para os cargos de Reitor(a) e Vice-reitor(a) ser\u00e1 realizada\u00a0exclusivamente por meio do\u00a0Sistema de Consultas da UFMG, que possibilita o voto a dist\u00e2ncia. O Sistema de Consultas da UFMG foi desenvolvido em a\u00e7\u00e3o conjunta da CAC (Coordenadoria de Assuntos Comunit\u00e1rios), do laborat\u00f3rio\u00a0Inscrypt\u00a0do DCC (Departamento de Ci\u00eancia da Computa\u00e7\u00e3o) e da DTI (Diretoria [&hellip;]<\/p>\n","protected":false},"author":1,"featured_media":0,"parent":0,"menu_order":0,"comment_status":"closed","ping_status":"closed","template":"page-votar.php","meta":[],"_links":{"self":[{"href":"https:\/\/www.ufmg.br\/consulta2021\/wp-json\/wp\/v2\/pages\/5"}],"collection":[{"href":"https:\/\/www.ufmg.br\/consulta2021\/wp-json\/wp\/v2\/pages"}],"about":[{"href":"https:\/\/www.ufmg.br\/consulta2021\/wp-json\/wp\/v2\/types\/page"}],"author":[{"embeddable":true,"href":"https:\/\/www.ufmg.br\/consulta2021\/wp-json\/wp\/v2\/users\/1"}],"replies":[{"embeddable":true,"href":"https:\/\/www.ufmg.br\/consulta2021\/wp-json\/wp\/v2\/comments?post=5"}],"version-history":[{"count":16,"href":"https:\/\/www.ufmg.br\/consulta2021\/wp-json\/wp\/v2\/pages\/5\/revisions"}],"predecessor-version":[{"id":209,"href":"https:\/\/www.ufmg.br\/consulta2021\/wp-json\/wp\/v2\/pages\/5\/revisions\/209"}],"wp:attachment":[{"href":"https:\/\/www.ufmg.br\/consulta2021\/wp-json\/wp\/v2\/media?parent=5"}],"curies":[{"name":"wp","href":"https:\/\/api.w.org\/{rel}","templated":true}]}}