{"id":174,"date":"2025-08-25T11:40:11","date_gmt":"2025-08-25T14:40:11","guid":{"rendered":"https:\/\/www.ufmg.br\/consulta2025\/?page_id=174"},"modified":"2025-09-30T07:37:05","modified_gmt":"2025-09-30T10:37:05","slug":"comissao","status":"publish","type":"page","link":"https:\/\/www.ufmg.br\/consulta2025\/comissao\/","title":{"rendered":"Comiss\u00e3o"},"content":{"rendered":"\n<p><strong>Comiss\u00e3o<\/strong><\/p>\n\n\n\n<p>Professor Gustavo Pereira C\u00f4rtes (Presidente)<br>Professora Sueli Maria Coelho<br>Professora Priscilla Macedo Moura<br>T\u00e9cnico-Administrativo em Educa\u00e7\u00e3o Wellington Mar\u00e7al de Carvalho<\/p>\n\n\n\n<p>T\u00e9cnica-Administrativo em Educa\u00e7\u00e3o Sheila Ferreira Coelho (Secret\u00e1ria)<br>Discente Hiran Reis Domingues<\/p>\n\n\n\n<p>Discente Osvaldo Mendon\u00e7a Capelari<\/p>\n\n\n\n<p><strong>Suplentes<\/strong><\/p>\n\n\n\n<p>Professor Theles de Oliveira Costa<br>T\u00e9cnica-Administrativo em Educa\u00e7\u00e3o Izabel Antonina de Ara\u00fajo<br>Discente Lorrayne Louren\u00e7a Damasceno<\/p>\n","protected":false},"excerpt":{"rendered":"<p>Comiss\u00e3o Professor Gustavo Pereira C\u00f4rtes (Presidente)Professora Sueli Maria CoelhoProfessora Priscilla Macedo MouraT\u00e9cnico-Administrativo em Educa\u00e7\u00e3o Wellington Mar\u00e7al de Carvalho T\u00e9cnica-Administrativo em Educa\u00e7\u00e3o Sheila Ferreira Coelho (Secret\u00e1ria)Discente Hiran Reis Domingues Discente Osvaldo Mendon\u00e7a Capelari Suplentes Professor Theles de Oliveira CostaT\u00e9cnica-Administrativo em Educa\u00e7\u00e3o Izabel Antonina de Ara\u00fajoDiscente Lorrayne Louren\u00e7a Damasceno<\/p>\n","protected":false},"author":1,"featured_media":0,"parent":0,"menu_order":0,"comment_status":"closed","ping_status":"closed","template":"","meta":{"_acf_changed":false,"footnotes":""},"class_list":["post-174","page","type-page","status-publish","hentry"],"acf":[],"_links":{"self":[{"href":"https:\/\/www.ufmg.br\/consulta2025\/wp-json\/wp\/v2\/pages\/174"}],"collection":[{"href":"https:\/\/www.ufmg.br\/consulta2025\/wp-json\/wp\/v2\/pages"}],"about":[{"href":"https:\/\/www.ufmg.br\/consulta2025\/wp-json\/wp\/v2\/types\/page"}],"author":[{"embeddable":true,"href":"https:\/\/www.ufmg.br\/consulta2025\/wp-json\/wp\/v2\/users\/1"}],"replies":[{"embeddable":true,"href":"https:\/\/www.ufmg.br\/consulta2025\/wp-json\/wp\/v2\/comments?post=174"}],"version-history":[{"count":4,"href":"https:\/\/www.ufmg.br\/consulta2025\/wp-json\/wp\/v2\/pages\/174\/revisions"}],"predecessor-version":[{"id":250,"href":"https:\/\/www.ufmg.br\/consulta2025\/wp-json\/wp\/v2\/pages\/174\/revisions\/250"}],"wp:attachment":[{"href":"https:\/\/www.ufmg.br\/consulta2025\/wp-json\/wp\/v2\/media?parent=174"}],"curies":[{"name":"wp","href":"https:\/\/api.w.org\/{rel}","templated":true}]}}