{"id":286,"date":"2026-01-19T15:34:28","date_gmt":"2026-01-19T18:34:28","guid":{"rendered":"https:\/\/www.ufmg.br\/contraoassedio\/?page_id=286"},"modified":"2026-03-05T15:50:56","modified_gmt":"2026-03-05T18:50:56","slug":"grupos-vulneraveis","status":"publish","type":"page","link":"https:\/\/www.ufmg.br\/contraoassedio\/grupos-vulneraveis\/","title":{"rendered":"Grupos Vulner\u00e1veis"},"content":{"rendered":"\n<p>Algumas pessoas est\u00e3o mais suscet\u00edveis ao ass\u00e9dio por integrarem grupos socialmente vulner\u00e1veis. A UFMG est\u00e1 atenta a falas e pr\u00e1ticas direcionadas a esses grupos que, historicamente naturalizadas, atualmente podem se configurar como ass\u00e9dio.<\/p>\n\n\n\n<p>Contribua para um ambiente respeitoso. Denuncie qualquer tipo de viol\u00eancia!<\/p>\n\n\n\n<p><\/p>\n\n\n\n<details class=\"wp-block-details has-white-color has-text-color has-background has-link-color wp-elements-624fb6d371505a7455aa5f9ed41faafa is-layout-flow wp-block-details-is-layout-flow\" style=\"background-color:#31505c\"><summary><strong>Mulheres<\/strong><\/summary>\n<p class=\"has-black-color has-white-background-color has-text-color has-background has-link-color wp-elements-80ada5357622885fd60fe71a85a8850b\">&#8211; Coment\u00e1rios e piadas sexistas<br><br>&#8211; Discursos mis\u00f3ginos<br><br>&#8211; Desqualifica\u00e7\u00e3o de falas e ideias de uma mulher devido ao seu g\u00eanero<br><br>&#8211; Convites, conversas ou insinua\u00e7\u00f5es de cunho sexual sem consentimento<br><br>&#8211; Toque f\u00edsico indesejado<br><br>&#8211; Demais situa\u00e7\u00f5es de <a href=\"https:\/\/www.ufmg.br\/contraoassedio\/o-que-e-assedio\/\">ass\u00e9dio sexual<\/a><\/p>\n<\/details>\n\n\n\n<p><\/p>\n\n\n\n<details class=\"wp-block-details has-white-color has-text-color has-background has-link-color wp-elements-d4e1517fa6289b7ee9ec86a7d2eb84a1 is-layout-flow wp-block-details-is-layout-flow\" style=\"background-color:#31505c\"><summary><strong>Pessoas LGBTQIAPN+<\/strong><\/summary>\n<p class=\"has-black-color has-white-background-color has-text-color has-background has-link-color wp-elements-720c82a970118981597f8050c74d2a74\">&#8211; Ofensas ou atitudes hostis direcionadas a uma pessoa ou grupo em raz\u00e3o de orienta\u00e7\u00e3o sexual ou identidade de g\u00eanero<br><br>&#8211; Desrespeitar o uso do nome social de uma pessoa nos espa\u00e7os e documentos da UFMG<br><br>&#8211; Excluir ou impedir a entrada de pessoas da comunidade LGBTQIA+ de eventos, atividades e ambientes da Universidade<br><br>&#8211; Desrespeitar a express\u00e3o de g\u00eanero ou a identidade de g\u00eanero e sexualidade de algu\u00e9m<\/p>\n<\/details>\n\n\n\n<p><\/p>\n\n\n\n<details class=\"wp-block-details has-white-color has-text-color has-background has-link-color wp-elements-617dcc48e37e09296b4bffa32d4edbc6 is-layout-flow wp-block-details-is-layout-flow\" style=\"background-color:#31505c\"><summary><strong>Pessoas racializadas<\/strong><\/summary>\n<p class=\"has-black-color has-white-background-color has-text-color has-background has-link-color wp-elements-8dc91499afaa1a46c8a286b94007fdab\">&#8211; Viola\u00e7\u00f5es ligadas ao racismo, \u00e0 inj\u00faria racial, \u00e0 discrimina\u00e7\u00e3o causada por quest\u00f5es \u00e9tnico-raciais<br><br>&#8211; Coment\u00e1rios que expressem superioridade biol\u00f3gica, cultural ou moral de determinada ra\u00e7a, povo ou grupo social<br><br>&#8211; Ofender a dignidade de uma pessoa ou de um grupo com base em diferen\u00e7as raciais e\/ou \u00e9tnicas<br><br>&#8211; Fazer piadas ou usar express\u00f5es baseadas em estere\u00f3tipos \u00e9tnico-raciais inferiorizadores<br><br>&#8211; Qualquer forma de preconceito, discrimina\u00e7\u00e3o ou opress\u00e3o \u00e0s pessoas envolvidas, beneficiadas ou impactadas pelos programas de a\u00e7\u00f5es afirmativas da UFMG<\/p>\n<\/details>\n\n\n\n<p><\/p>\n\n\n\n<details class=\"wp-block-details has-white-color has-text-color has-background has-link-color wp-elements-2996ec233efd2c7d7b33369e84e6889a is-layout-flow wp-block-details-is-layout-flow\" style=\"background-color:#31505c\"><summary><strong>Pessoas de religi\u00f5es de matrizes africanas, ind\u00edgenas, mu\u00e7ulmanas, esp\u00edritas etc <\/strong><\/summary>\n<p class=\"has-black-color has-white-background-color has-text-color has-background has-link-color wp-elements-acbad571847dfe71f9d231a76b0dc9c1\">&#8211; Menosprezar pr\u00e1ticas culturais e simb\u00f3licas<br><br>&#8211; Ser intolerante com cren\u00e7as e manifesta\u00e7\u00f5es religiosas<\/p>\n<\/details>\n\n\n\n<p><\/p>\n\n\n\n<details class=\"wp-block-details has-white-color has-text-color has-background has-link-color wp-elements-e2c9ba8838f4cb5ccd27f12f2f56c02b is-layout-flow wp-block-details-is-layout-flow\" style=\"background-color:#31505c\"><summary><strong>Pessoas com defici\u00eancia<\/strong><\/summary>\n<p class=\"has-black-color has-white-background-color has-text-color has-background has-link-color wp-elements-fd888be878fe3f24dc1428cc856e736d\">&#8211; Coment\u00e1rios e a\u00e7\u00f5es baseadas em estere\u00f3tipos que tratam as pessoas com defici\u00eancia como inferiores ou incapazes de exercerem certas fun\u00e7\u00f5es<br><br>&#8211; Impedir o acesso a espa\u00e7os f\u00edsicos, atividades, ambientes e ao transporte em raz\u00e3o da defici\u00eancia<br><br>&#8211; Referir-se de modo desrespeitoso com base em diferen\u00e7as de atributos f\u00edsicos, mentais, intelectuais ou sensoriais de pessoas com defici\u00eancia<\/p>\n<\/details>\n\n\n\n<p><\/p>\n","protected":false},"excerpt":{"rendered":"<p>Algumas pessoas est\u00e3o mais suscet\u00edveis ao ass\u00e9dio por integrarem grupos socialmente vulner\u00e1veis. A UFMG est\u00e1 atenta a falas e pr\u00e1ticas direcionadas a esses grupos que, historicamente naturalizadas, atualmente podem se configurar como ass\u00e9dio. Contribua para um ambiente respeitoso. Denuncie qualquer tipo de viol\u00eancia!<\/p>\n","protected":false},"author":3,"featured_media":0,"parent":0,"menu_order":0,"comment_status":"closed","ping_status":"closed","template":"","meta":{"_acf_changed":false,"footnotes":""},"class_list":["post-286","page","type-page","status-publish","hentry"],"acf":[],"_links":{"self":[{"href":"https:\/\/www.ufmg.br\/contraoassedio\/wp-json\/wp\/v2\/pages\/286"}],"collection":[{"href":"https:\/\/www.ufmg.br\/contraoassedio\/wp-json\/wp\/v2\/pages"}],"about":[{"href":"https:\/\/www.ufmg.br\/contraoassedio\/wp-json\/wp\/v2\/types\/page"}],"author":[{"embeddable":true,"href":"https:\/\/www.ufmg.br\/contraoassedio\/wp-json\/wp\/v2\/users\/3"}],"replies":[{"embeddable":true,"href":"https:\/\/www.ufmg.br\/contraoassedio\/wp-json\/wp\/v2\/comments?post=286"}],"version-history":[{"count":27,"href":"https:\/\/www.ufmg.br\/contraoassedio\/wp-json\/wp\/v2\/pages\/286\/revisions"}],"predecessor-version":[{"id":500,"href":"https:\/\/www.ufmg.br\/contraoassedio\/wp-json\/wp\/v2\/pages\/286\/revisions\/500"}],"wp:attachment":[{"href":"https:\/\/www.ufmg.br\/contraoassedio\/wp-json\/wp\/v2\/media?parent=286"}],"curies":[{"name":"wp","href":"https:\/\/api.w.org\/{rel}","templated":true}]}}