{"id":332,"date":"2026-02-19T11:01:48","date_gmt":"2026-02-19T14:01:48","guid":{"rendered":"https:\/\/www.ufmg.br\/contraoassedio\/?page_id=332"},"modified":"2026-04-23T15:57:39","modified_gmt":"2026-04-23T18:57:39","slug":"prevencao-a-violencia-contra-a-mulher","status":"publish","type":"page","link":"https:\/\/www.ufmg.br\/contraoassedio\/prevencao-a-violencia-contra-a-mulher\/","title":{"rendered":"Preven\u00e7\u00e3o da viol\u00eancia contra a mulher"},"content":{"rendered":"\n<p>Al\u00e9m de promover a\u00e7\u00f5es de combate ao ass\u00e9dio no ambiente universit\u00e1rio, a UFMG atua no enfrentamento da viol\u00eancia contra a mulher e na preven\u00e7\u00e3o do feminic\u00eddio.<\/p>\n\n\n\n<p>Atualmente, duas iniciativas est\u00e3o em curso: a campanha <strong>Alerta Lil\u00e1s<\/strong> e o <strong>Banco Vermelho<\/strong>.<\/p>\n\n\n\n<p><\/p>\n\n\n\n<h3 class=\"wp-block-heading\">Alerta Lil\u00e1s<\/h3>\n\n\n\n<p><\/p>\n\n\n\n<p>A UFMG <a href=\"https:\/\/www.ufmg.br\/comunicacao\/noticias\/institucional\/ufmg-adere-a-campanha-alerta-lilas-de-combate-ao-feminicidio-e-protecao-a-mulher\/\" target=\"_blank\" rel=\"noreferrer noopener\">aderiu \u00e0 campanha&nbsp;<em>Alerta Lil\u00e1s: sa\u00fade da mulher como preven\u00e7\u00e3o ao feminic\u00eddio<\/em><\/a>, criada pelo Minist\u00e9rio P\u00fablico de Minas Gerais. A iniciativa capacita e sensibiliza profissionais de sa\u00fade para identificar sinais de viol\u00eancia sofrida por mulheres durante atendimentos rotineiros. As pacientes, por sua vez, s\u00e3o informadas sobre aspectos da Lei Maria da Penha, onde buscar ajuda e como solicitar medidas protetivas.<\/p>\n\n\n\n<p>Sintomas f\u00edsicos, mudan\u00e7as no comportamento, queixas recorrentes e sofrimento emocional podem revelar viol\u00eancia dom\u00e9stica. Por isso, o atendimento \u00e0 sa\u00fade \u00e9 compreendido como um momento estrat\u00e9gico de preven\u00e7\u00e3o do feminic\u00eddio.<\/p>\n\n\n\n<p>Incialmente, a a\u00e7\u00e3o est\u00e1 concentrada no Hospital Cl\u00ednicas da UFMG, no Hospital Risoleta Tolentino Neves, na Faculdade de Medicina e na Escola de Enfermagem. A proposta \u00e9 que a campanha se expanda gradativamente para outras \u00e1reas da Universidade.<\/p>\n\n\n\n<p>Clique na imagem e acesse a cartilha informativa.<\/p>\n\n\n\n<figure class=\"wp-block-image size-full is-resized\"><a href=\"https:\/\/www.ufmg.br\/contraoassedio\/wp-content\/uploads\/2026\/02\/ALERTA-LILAS-CARTILHA-MPMG.pdf\" target=\"_blank\" rel=\"noreferrer noopener\"><img loading=\"lazy\" decoding=\"async\" width=\"716\" height=\"1015\" src=\"https:\/\/www.ufmg.br\/contraoassedio\/wp-content\/uploads\/2026\/02\/20FA2D3B-5CB0-4E25-9AD7-E09D973A9BA3.jpeg\" alt=\"\" class=\"wp-image-357\" style=\"width:316px;height:auto\" srcset=\"https:\/\/www.ufmg.br\/contraoassedio\/wp-content\/uploads\/2026\/02\/20FA2D3B-5CB0-4E25-9AD7-E09D973A9BA3.jpeg 716w, https:\/\/www.ufmg.br\/contraoassedio\/wp-content\/uploads\/2026\/02\/20FA2D3B-5CB0-4E25-9AD7-E09D973A9BA3-212x300.jpeg 212w\" sizes=\"(max-width: 716px) 100vw, 716px\" \/><\/a><\/figure>\n\n\n\n<p><\/p>\n\n\n\n<h3 class=\"wp-block-heading\">Banco Vermelho<\/h3>\n\n\n\n<p><\/p>\n\n\n\n<p>O&nbsp;<a href=\"https:\/\/institutobancovermelho.org.br\/\" target=\"_blank\" rel=\"noreferrer noopener\">Instituto Banco Vermelho<\/a>&nbsp;\u00e9 uma organiza\u00e7\u00e3o sem fins lucrativos e sem v\u00ednculos pol\u00edticos que tem como intuito prevenir e conscientizar as pessoas acerca do feminic\u00eddio.<\/p>\n\n\n\n<p>Uma das principais iniciativas do instituto \u00e9 a instala\u00e7\u00e3o de bancos vermelhos em diversos locais do pa\u00eds que convidam as pessoas a refletir e agir na luta contra o feminic\u00eddio. A UFMG abra\u00e7ou a campanha e instalou bancos nos <em>campi<\/em> Pampulha, Sa\u00fade e Montes Claros, com mensagens informativas e sensibilizadoras.<\/p>\n\n\n\n<div class=\"wp-block-group\"><div class=\"wp-block-group__inner-container is-layout-constrained wp-block-group-is-layout-constrained\">\n<div class=\"wp-block-columns is-layout-flex wp-container-core-columns-is-layout-2 wp-block-columns-is-layout-flex\">\n<div class=\"wp-block-column is-layout-flow wp-block-column-is-layout-flow\" style=\"flex-basis:100%\">\n<div class=\"wp-block-group is-nowrap is-layout-flex wp-container-core-group-is-layout-2 wp-block-group-is-layout-flex\">\n<div class=\"wp-block-columns is-layout-flex wp-container-core-columns-is-layout-1 wp-block-columns-is-layout-flex\">\n<div class=\"wp-block-column is-layout-flow wp-block-column-is-layout-flow\" style=\"flex-basis:100%\">\n<div class=\"wp-block-group is-vertical is-layout-flex wp-container-core-group-is-layout-1 wp-block-group-is-layout-flex\">\n<figure class=\"wp-block-image size-large\"><img loading=\"lazy\" decoding=\"async\" width=\"1024\" height=\"683\" src=\"https:\/\/www.ufmg.br\/contraoassedio\/wp-content\/uploads\/2026\/04\/Banco-Vermelho_campus-Montes-Claros-UFMG_credito-Ana-Claudia-Mendes.jpg\" alt=\"\" class=\"wp-image-550\" srcset=\"https:\/\/www.ufmg.br\/contraoassedio\/wp-content\/uploads\/2026\/04\/Banco-Vermelho_campus-Montes-Claros-UFMG_credito-Ana-Claudia-Mendes.jpg 1024w, https:\/\/www.ufmg.br\/contraoassedio\/wp-content\/uploads\/2026\/04\/Banco-Vermelho_campus-Montes-Claros-UFMG_credito-Ana-Claudia-Mendes-300x200.jpg 300w, https:\/\/www.ufmg.br\/contraoassedio\/wp-content\/uploads\/2026\/04\/Banco-Vermelho_campus-Montes-Claros-UFMG_credito-Ana-Claudia-Mendes-768x512.jpg 768w\" sizes=\"(max-width: 1024px) 100vw, 1024px\" \/><figcaption class=\"wp-element-caption\">Banco vermelho instalado no campus Montes Claros da UFMG<\/figcaption><\/figure>\n\n\n\n<figure class=\"wp-block-image size-large\"><img loading=\"lazy\" decoding=\"async\" width=\"1024\" height=\"1024\" src=\"https:\/\/www.ufmg.br\/contraoassedio\/wp-content\/uploads\/2026\/03\/banco-praca-de-servicos-2-1024x1024.jpeg\" alt=\"\" class=\"wp-image-532\" srcset=\"https:\/\/www.ufmg.br\/contraoassedio\/wp-content\/uploads\/2026\/03\/banco-praca-de-servicos-2-1024x1024.jpeg 1024w, https:\/\/www.ufmg.br\/contraoassedio\/wp-content\/uploads\/2026\/03\/banco-praca-de-servicos-2-300x300.jpeg 300w, https:\/\/www.ufmg.br\/contraoassedio\/wp-content\/uploads\/2026\/03\/banco-praca-de-servicos-2-150x150.jpeg 150w, https:\/\/www.ufmg.br\/contraoassedio\/wp-content\/uploads\/2026\/03\/banco-praca-de-servicos-2-768x768.jpeg 768w, https:\/\/www.ufmg.br\/contraoassedio\/wp-content\/uploads\/2026\/03\/banco-praca-de-servicos-2.jpeg 1536w\" sizes=\"(max-width: 1024px) 100vw, 1024px\" \/><figcaption class=\"wp-element-caption\">Banco vermelho na Pra\u00e7a de Servi\u00e7os, campus Pampulha da UFMG<\/figcaption><\/figure>\n\n\n\n<figure class=\"wp-block-image size-large\"><img loading=\"lazy\" decoding=\"async\" width=\"1024\" height=\"767\" src=\"https:\/\/www.ufmg.br\/contraoassedio\/wp-content\/uploads\/2026\/03\/banco-campus-saude-1-1024x767.jpeg\" alt=\"\" class=\"wp-image-538\" srcset=\"https:\/\/www.ufmg.br\/contraoassedio\/wp-content\/uploads\/2026\/03\/banco-campus-saude-1-1024x767.jpeg 1024w, https:\/\/www.ufmg.br\/contraoassedio\/wp-content\/uploads\/2026\/03\/banco-campus-saude-1-300x225.jpeg 300w, https:\/\/www.ufmg.br\/contraoassedio\/wp-content\/uploads\/2026\/03\/banco-campus-saude-1-768x576.jpeg 768w, https:\/\/www.ufmg.br\/contraoassedio\/wp-content\/uploads\/2026\/03\/banco-campus-saude-1-1536x1151.jpeg 1536w, https:\/\/www.ufmg.br\/contraoassedio\/wp-content\/uploads\/2026\/03\/banco-campus-saude-1.jpeg 1600w\" sizes=\"(max-width: 1024px) 100vw, 1024px\" \/><figcaption class=\"wp-element-caption\">Banco vermelho instalado no campus Sa\u00fade da UFMG<\/figcaption><\/figure>\n<\/div>\n<\/div>\n<\/div>\n<\/div>\n<\/div>\n<\/div>\n<\/div><\/div>\n\n\n\n<p><\/p>\n\n\n\n<div class=\"wp-block-group\"><div class=\"wp-block-group__inner-container is-layout-constrained wp-block-group-is-layout-constrained\">\n<figure class=\"wp-block-embed aligncenter is-type-video is-provider-youtube wp-block-embed-youtube wp-embed-aspect-9-16 wp-has-aspect-ratio\"><div class=\"wp-block-embed__wrapper\">\n<iframe loading=\"lazy\" title=\"UFMG contra o ass\u00e9dio e o feminic\u00eddio\" width=\"422\" height=\"750\" src=\"https:\/\/www.youtube.com\/embed\/ktvF-UMZ1xg?feature=oembed\" frameborder=\"0\" allow=\"accelerometer; autoplay; clipboard-write; encrypted-media; gyroscope; picture-in-picture; web-share\" referrerpolicy=\"strict-origin-when-cross-origin\" allowfullscreen><\/iframe>\n<\/div><\/figure>\n<\/div><\/div>\n","protected":false},"excerpt":{"rendered":"<p>Al\u00e9m de promover a\u00e7\u00f5es de combate ao ass\u00e9dio no ambiente universit\u00e1rio, a UFMG atua no enfrentamento da viol\u00eancia contra a mulher e na preven\u00e7\u00e3o do feminic\u00eddio. Atualmente, duas iniciativas est\u00e3o em curso: a campanha Alerta Lil\u00e1s e o Banco Vermelho. Alerta Lil\u00e1s A UFMG aderiu \u00e0 campanha&nbsp;Alerta Lil\u00e1s: sa\u00fade da mulher como preven\u00e7\u00e3o ao feminic\u00eddio, [&hellip;]<\/p>\n","protected":false},"author":3,"featured_media":0,"parent":0,"menu_order":0,"comment_status":"closed","ping_status":"closed","template":"","meta":{"_acf_changed":false,"footnotes":""},"class_list":["post-332","page","type-page","status-publish","hentry"],"acf":[],"_links":{"self":[{"href":"https:\/\/www.ufmg.br\/contraoassedio\/wp-json\/wp\/v2\/pages\/332"}],"collection":[{"href":"https:\/\/www.ufmg.br\/contraoassedio\/wp-json\/wp\/v2\/pages"}],"about":[{"href":"https:\/\/www.ufmg.br\/contraoassedio\/wp-json\/wp\/v2\/types\/page"}],"author":[{"embeddable":true,"href":"https:\/\/www.ufmg.br\/contraoassedio\/wp-json\/wp\/v2\/users\/3"}],"replies":[{"embeddable":true,"href":"https:\/\/www.ufmg.br\/contraoassedio\/wp-json\/wp\/v2\/comments?post=332"}],"version-history":[{"count":41,"href":"https:\/\/www.ufmg.br\/contraoassedio\/wp-json\/wp\/v2\/pages\/332\/revisions"}],"predecessor-version":[{"id":557,"href":"https:\/\/www.ufmg.br\/contraoassedio\/wp-json\/wp\/v2\/pages\/332\/revisions\/557"}],"wp:attachment":[{"href":"https:\/\/www.ufmg.br\/contraoassedio\/wp-json\/wp\/v2\/media?parent=332"}],"curies":[{"name":"wp","href":"https:\/\/api.w.org\/{rel}","templated":true}]}}