{"id":231,"date":"2023-06-15T12:26:38","date_gmt":"2023-06-15T15:26:38","guid":{"rendered":"https:\/\/www.ufmg.br\/copi-novo\/?page_id=231"},"modified":"2025-02-18T08:39:30","modified_gmt":"2025-02-18T11:39:30","slug":"equipe","status":"publish","type":"page","link":"https:\/\/www.ufmg.br\/copi\/sobre-o-orgao\/equipe\/","title":{"rendered":"Equipe"},"content":{"rendered":"<p><strong>Diretoria<\/strong><br \/>\nProf\u00aa. Z\u00e9lia In\u00eas Portela Lobato<br \/>\ngab@copi.ufmg.br<br \/>\n(31) 3409-4636<\/p>\n<p><strong>Apoio Administrativo<\/strong><br \/>\nCyntia Aparecida de Amorim Nogueira<br \/>\ninfo@copi.ufmg.br<br \/>\n(31) 3409-4539<\/p>\n<p><strong>Cerimonial<\/strong><br \/>\ncerimonial@gabinete.ufmg.br<br \/>\nLucas Rocha de Alvarenga<br \/>\n(31) 3409-4284<br \/>\nRafael Magalh\u00e3es Angrisano (coordena\u00e7\u00e3o)<br \/>\n(31) 3409-4199<\/p>\n<p><strong>Assessoria Parlamentar e Sempre UFMG<\/strong><br \/>\nBernardo Rezende de Oliveira Silva<br \/>\ninfo@copi.ufmg.br<br \/>\n(31) 3409-1404<\/p>\n<p><strong>Estudantes estagi\u00e1rios<\/strong><br \/>\nSamuel Perini Nunes<br \/>\n(31) 3409-4423<\/p>\n","protected":false},"excerpt":{"rendered":"<p>Diretoria Prof\u00aa. Z\u00e9lia In\u00eas Portela Lobato gab@copi.ufmg.br (31) 3409-4636 Apoio [&hellip;]<\/p>\n","protected":false},"author":2,"featured_media":0,"parent":49,"menu_order":0,"comment_status":"closed","ping_status":"closed","template":"","meta":{"footnotes":""},"acf":[],"_links":{"self":[{"href":"https:\/\/www.ufmg.br\/copi\/wp-json\/wp\/v2\/pages\/231"}],"collection":[{"href":"https:\/\/www.ufmg.br\/copi\/wp-json\/wp\/v2\/pages"}],"about":[{"href":"https:\/\/www.ufmg.br\/copi\/wp-json\/wp\/v2\/types\/page"}],"author":[{"embeddable":true,"href":"https:\/\/www.ufmg.br\/copi\/wp-json\/wp\/v2\/users\/2"}],"replies":[{"embeddable":true,"href":"https:\/\/www.ufmg.br\/copi\/wp-json\/wp\/v2\/comments?post=231"}],"version-history":[{"count":7,"href":"https:\/\/www.ufmg.br\/copi\/wp-json\/wp\/v2\/pages\/231\/revisions"}],"predecessor-version":[{"id":4203,"href":"https:\/\/www.ufmg.br\/copi\/wp-json\/wp\/v2\/pages\/231\/revisions\/4203"}],"up":[{"embeddable":true,"href":"https:\/\/www.ufmg.br\/copi\/wp-json\/wp\/v2\/pages\/49"}],"wp:attachment":[{"href":"https:\/\/www.ufmg.br\/copi\/wp-json\/wp\/v2\/media?parent=231"}],"curies":[{"name":"wp","href":"https:\/\/api.w.org\/{rel}","templated":true}]}}