{"id":234,"date":"2023-06-15T12:29:27","date_gmt":"2023-06-15T15:29:27","guid":{"rendered":"https:\/\/www.ufmg.br\/copi-novo\/?page_id=234"},"modified":"2023-10-27T09:56:51","modified_gmt":"2023-10-27T12:56:51","slug":"relacionamento-parlamentar","status":"publish","type":"page","link":"https:\/\/www.ufmg.br\/copi\/relacionamento-parlamentar\/","title":{"rendered":"Relacionamento com os parlamentos"},"content":{"rendered":"<p>Em raz\u00e3o da cria\u00e7\u00e3o, em 2015, do chamado <a href=\"https:\/\/www.planalto.gov.br\/ccivil_03\/constituicao\/emendas\/emc\/emc126.htm\" target=\"_blank\" rel=\"noopener\">Or\u00e7amento Impositivo<\/a>, a C\u00e2mara dos Deputados e o Senado, seguidos pelas casas legislativas de estados e munic\u00edpios (acontecem, respectivamente, altera\u00e7\u00f5es nos arcabou\u00e7os legais na gest\u00e3o dos or\u00e7amentos p\u00fablicos estaduais e municipais), passaram a ter maior \u201c<em>peso pol\u00edtico<\/em>\u201d na indica\u00e7\u00e3o de recursos complementares do or\u00e7amento. Esses recursos t\u00eam sido utilizados para o desenvolvimento de projetos e para a recomposi\u00e7\u00e3o or\u00e7ament\u00e1ria pelas Institui\u00e7\u00f5es Federais de Ensino Superior (Ifes).<\/p>\n<p>Institui\u00e7\u00e3o republicana e integrante do Estado brasileiro, a UFMG n\u00e3o se orienta por valores pol\u00edtico-partid\u00e1rios. Portanto, o relacionamento com os parlamentos, nas tr\u00eas esferas (federal, estadual e municipal), &#8211; e tamb\u00e9m com o poder executivo e outros setores da sociedade civil organizada, acontece institucionalmente. No que diz respeito \u00e0 atua\u00e7\u00e3o da Diretoria de Coopera\u00e7\u00e3o Institucional, esse relacionamento se d\u00e1 em busca da constru\u00e7\u00e3o de projetos comuns e parcerias, que, muitas vezes, implicam recebimento de recursos para a realiza\u00e7\u00e3o de <a href=\"https:\/\/www.ufmg.br\/copi\/relacionamento-parlamentar\/banco-de-projetos\/\" target=\"_blank\" rel=\"noopener\">projetos e programas elaborados por integrantes da comunidade acad\u00eamica (docentes, t\u00e9cnico-administrativos e discentes)<\/a>.<\/p>\n<p>A media\u00e7\u00e3o da Copi \u00e9, portanto, um caminho para o fortalecimento da UFMG, seja por meio da capta\u00e7\u00e3o de recursos para projetos, seja por meio da participa\u00e7\u00e3o em eventos e cerim\u00f4nias, como lan\u00e7amento de Frentes Parlamentares, f\u00f3runs, audi\u00eancias, reuni\u00f5es especiais e plen\u00e1rias.<\/p>\n","protected":false},"excerpt":{"rendered":"<p>Em raz\u00e3o da cria\u00e7\u00e3o, em 2015, do chamado Or\u00e7amento Impositivo, [&hellip;]<\/p>\n","protected":false},"author":2,"featured_media":0,"parent":0,"menu_order":0,"comment_status":"closed","ping_status":"closed","template":"","meta":{"footnotes":""},"acf":[],"_links":{"self":[{"href":"https:\/\/www.ufmg.br\/copi\/wp-json\/wp\/v2\/pages\/234"}],"collection":[{"href":"https:\/\/www.ufmg.br\/copi\/wp-json\/wp\/v2\/pages"}],"about":[{"href":"https:\/\/www.ufmg.br\/copi\/wp-json\/wp\/v2\/types\/page"}],"author":[{"embeddable":true,"href":"https:\/\/www.ufmg.br\/copi\/wp-json\/wp\/v2\/users\/2"}],"replies":[{"embeddable":true,"href":"https:\/\/www.ufmg.br\/copi\/wp-json\/wp\/v2\/comments?post=234"}],"version-history":[{"count":5,"href":"https:\/\/www.ufmg.br\/copi\/wp-json\/wp\/v2\/pages\/234\/revisions"}],"predecessor-version":[{"id":3865,"href":"https:\/\/www.ufmg.br\/copi\/wp-json\/wp\/v2\/pages\/234\/revisions\/3865"}],"wp:attachment":[{"href":"https:\/\/www.ufmg.br\/copi\/wp-json\/wp\/v2\/media?parent=234"}],"curies":[{"name":"wp","href":"https:\/\/api.w.org\/{rel}","templated":true}]}}